{"id":5045,"date":"2020-03-14T14:35:25","date_gmt":"2020-03-14T13:35:25","guid":{"rendered":"http:\/\/sp1.hrubieszow.info\/?page_id=5045"},"modified":"2020-03-14T14:35:57","modified_gmt":"2020-03-14T13:35:57","slug":"escape-room-w-bibliotece","status":"publish","type":"page","link":"https:\/\/sp1hrubieszow.pl\/index.php\/kronika-2019-2020\/escape-room-w-bibliotece\/","title":{"rendered":"Escape Room w Bibliotece"},"content":{"rendered":"\n<div id=\"js_1k6\" class=\"_5pbx userContent _3576\" data-testid=\"post_message\" data-ft=\"{&quot;tn&quot;:&quot;K&quot;}\">\n<div id=\"id_5e6cdaf4bccea0987168339\" class=\"text_exposed_root text_exposed\">\n<p><span style=\"color: #000080;\">Czytanie jest jak &#8222;Moda na sukces&#8221;, nigdy si\u0119 nie ko\u0144czy &#8211; takiej odpowiedzi udzieli\u0142a jedna z dru\u017cyn podczas gry ESCAPE ROOM. Pierwsi w zabawie wzi\u0119li udzia\u0142&nbsp; ( 09.03.2020) uczniowie klas 6b, 7c, 7a ze Szko\u0142y Podstawowej nr 1. Za zadanie mieli w ci\u0105gu 60 min. odnale\u017a\u0107 klucz do skrzyni. Aby to uczyni\u0107 musieli rozwi\u0105za\u0107 wcze\u015bniej przygotowane zagadki.<\/span><\/p>\n<div class=\"text_exposed_show\">\n<p><span style=\"color: #000080;\">Poprzez Escape Room w Bibliotece zabrali\u015bmy jej uczestnik\u00f3w w podr\u00f3\u017c pe\u0142n\u0105 zagadek, a to wszystko w atmosferze super zabawy.<\/span><\/p>\n<p><span style=\"color: #000080;\">Tekst i zdj\u0119cia pochodz\u0105 ze strony Miejskiej Bibliotek Publicznej. Dzi\u0119kujemy za mo\u017cliwo\u015b\u0107 udost\u0119pnienia oraz za super zaj\u0119cia!<\/span><\/p>\nngg_shortcode_0_placeholder\n<\/div>\n<\/div>\n<\/div>\n<div class=\"_3x-2\" data-ft=\"{&quot;tn&quot;:&quot;H&quot;}\">\n<div data-ft=\"{&quot;tn&quot;:&quot;H&quot;}\">\n<div class=\"mtm\">\n<div class=\"_2a2q _65sr\">&nbsp;<\/div>\n<\/div>\n<\/div>\n<\/div>\n","protected":false},"excerpt":{"rendered":"<p>Czytanie jest jak &#8222;Moda na sukces&#8221;, nigdy si\u0119 nie ko\u0144czy &#8211; takiej odpowiedzi udzieli\u0142a jedna z dru\u017cyn podczas gry ESCAPE ROOM. Pierwsi w zabawie wzi\u0119li udzia\u0142&nbsp; ( 09.03.2020) uczniowie klas 6b, 7c, 7a ze Szko\u0142y Podstawowej nr 1. Za zadanie mieli w ci\u0105gu 60 min. odnale\u017a\u0107 klucz do skrzyni. Aby to uczyni\u0107 musieli rozwi\u0105za\u0107 wcze\u015bniej [&hellip;]<\/p>\n","protected":false},"author":2,"featured_media":0,"parent":2167,"menu_order":0,"comment_status":"closed","ping_status":"closed","template":"","meta":{"ngg_post_thumbnail":0,"footnotes":""},"class_list":["post-5045","page","type-page","status-publish","hentry"],"_links":{"self":[{"href":"https:\/\/sp1hrubieszow.pl\/index.php\/wp-json\/wp\/v2\/pages\/5045","targetHints":{"allow":["GET"]}}],"collection":[{"href":"https:\/\/sp1hrubieszow.pl\/index.php\/wp-json\/wp\/v2\/pages"}],"about":[{"href":"https:\/\/sp1hrubieszow.pl\/index.php\/wp-json\/wp\/v2\/types\/page"}],"author":[{"embeddable":true,"href":"https:\/\/sp1hrubieszow.pl\/index.php\/wp-json\/wp\/v2\/users\/2"}],"replies":[{"embeddable":true,"href":"https:\/\/sp1hrubieszow.pl\/index.php\/wp-json\/wp\/v2\/comments?post=5045"}],"version-history":[{"count":1,"href":"https:\/\/sp1hrubieszow.pl\/index.php\/wp-json\/wp\/v2\/pages\/5045\/revisions"}],"predecessor-version":[{"id":5046,"href":"https:\/\/sp1hrubieszow.pl\/index.php\/wp-json\/wp\/v2\/pages\/5045\/revisions\/5046"}],"up":[{"embeddable":true,"href":"https:\/\/sp1hrubieszow.pl\/index.php\/wp-json\/wp\/v2\/pages\/2167"}],"wp:attachment":[{"href":"https:\/\/sp1hrubieszow.pl\/index.php\/wp-json\/wp\/v2\/media?parent=5045"}],"curies":[{"name":"wp","href":"https:\/\/api.w.org\/{rel}","templated":true}]}}