{"id":5006,"date":"2020-03-13T10:12:17","date_gmt":"2020-03-13T09:12:17","guid":{"rendered":"http:\/\/sp1.hrubieszow.info\/?page_id=5006"},"modified":"2020-03-13T10:12:47","modified_gmt":"2020-03-13T09:12:47","slug":"kolejny-sukces-ucznia-jedynki","status":"publish","type":"page","link":"https:\/\/sp1hrubieszow.pl\/index.php\/kronika-2019-2020\/kolejny-sukces-ucznia-jedynki\/","title":{"rendered":"Kolejny sukces  ucznia,, Jedynki\u2019\u2019"},"content":{"rendered":"\n<p><img loading=\"lazy\" decoding=\"async\" class=\"alignnone size-medium wp-image-5004\" src=\"http:\/\/sp1.hrubieszow.info\/wp-content\/uploads\/2020\/03\/fotka-300x141.jpg\" alt=\"\" width=\"300\" height=\"141\" srcset=\"https:\/\/sp1hrubieszow.pl\/wp-content\/uploads\/2020\/03\/fotka-300x141.jpg 300w, https:\/\/sp1hrubieszow.pl\/wp-content\/uploads\/2020\/03\/fotka-624x293.jpg 624w, https:\/\/sp1hrubieszow.pl\/wp-content\/uploads\/2020\/03\/fotka.jpg 640w\" sizes=\"auto, (max-width: 300px) 100vw, 300px\" \/><\/p>\n<p align=\"JUSTIFY\"><span style=\"color: #330099;\"><span style=\"font-family: Arial, sans-serif;\"><span style=\"font-size: medium;\">Dobieg\u0142y ko\u0144ca najwa\u017cniejsze dla uczni\u00f3w konkursy wiedzy, <b>a mianowicie Kuratoryjne Konkursy Przedmiotowe<\/b>. W pa\u017adzierniku uczniowie Szko\u0142y Podstawowej Nr 1 w Hrubieszowie licznie wystartowali do rywalizacji. Kolejnym sukcesem mo\u017ce poszczyci\u0107 si\u0119 ucze\u0144 klasy 8 a <b>&#8211; Yushchuk<\/b> <b>Vladyslav<\/b>, kt\u00f3ry zosta\u0142 <b>laureatem<\/b> Kuratoryjnego Konkursu Kuratoryjnego z j\u0119zyka rosyjskiego. Powt\u00f3rzy\u0142 osi\u0105gni\u0119cie z ubieg\u0142ego roku. Ucze\u0144 pracowa\u0142 pod kierunkiem pani Ewy Filipowicz &#8211; Sidorczuk. <\/span><\/span><\/span><\/p>\n<p align=\"JUSTIFY\"><span style=\"color: #330099;\"><span style=\"font-family: Arial, sans-serif;\"><span style=\"font-size: medium;\">Jako laureat jest zwolniony z egzaminu z j\u0119zyka obcego (j. rosyjskiego) i uzyskuje maksymaln\u0105 liczb\u0105 punkt\u00f3w.<\/span><\/span><\/span><\/p>\n<p><span style=\"color: #330099;\"> <span style=\"font-family: Arial, sans-serif;\"><span style=\"font-size: medium;\">Gratulujemy osi\u0105gni\u0119\u0107 i \u017cyczymy powodzenia w kolejnych konkursach!<\/span><\/span><\/span><\/p>\n","protected":false},"excerpt":{"rendered":"<p>Dobieg\u0142y ko\u0144ca najwa\u017cniejsze dla uczni\u00f3w konkursy wiedzy, a mianowicie Kuratoryjne Konkursy Przedmiotowe. W pa\u017adzierniku uczniowie Szko\u0142y Podstawowej Nr 1 w Hrubieszowie licznie wystartowali do rywalizacji. Kolejnym sukcesem mo\u017ce poszczyci\u0107 si\u0119 ucze\u0144 klasy 8 a &#8211; Yushchuk Vladyslav, kt\u00f3ry zosta\u0142 laureatem Kuratoryjnego Konkursu Kuratoryjnego z j\u0119zyka rosyjskiego. Powt\u00f3rzy\u0142 osi\u0105gni\u0119cie z ubieg\u0142ego roku. Ucze\u0144 pracowa\u0142 pod kierunkiem [&hellip;]<\/p>\n","protected":false},"author":2,"featured_media":0,"parent":2167,"menu_order":0,"comment_status":"closed","ping_status":"closed","template":"","meta":{"ngg_post_thumbnail":0,"footnotes":""},"class_list":["post-5006","page","type-page","status-publish","hentry"],"_links":{"self":[{"href":"https:\/\/sp1hrubieszow.pl\/index.php\/wp-json\/wp\/v2\/pages\/5006","targetHints":{"allow":["GET"]}}],"collection":[{"href":"https:\/\/sp1hrubieszow.pl\/index.php\/wp-json\/wp\/v2\/pages"}],"about":[{"href":"https:\/\/sp1hrubieszow.pl\/index.php\/wp-json\/wp\/v2\/types\/page"}],"author":[{"embeddable":true,"href":"https:\/\/sp1hrubieszow.pl\/index.php\/wp-json\/wp\/v2\/users\/2"}],"replies":[{"embeddable":true,"href":"https:\/\/sp1hrubieszow.pl\/index.php\/wp-json\/wp\/v2\/comments?post=5006"}],"version-history":[{"count":1,"href":"https:\/\/sp1hrubieszow.pl\/index.php\/wp-json\/wp\/v2\/pages\/5006\/revisions"}],"predecessor-version":[{"id":5007,"href":"https:\/\/sp1hrubieszow.pl\/index.php\/wp-json\/wp\/v2\/pages\/5006\/revisions\/5007"}],"up":[{"embeddable":true,"href":"https:\/\/sp1hrubieszow.pl\/index.php\/wp-json\/wp\/v2\/pages\/2167"}],"wp:attachment":[{"href":"https:\/\/sp1hrubieszow.pl\/index.php\/wp-json\/wp\/v2\/media?parent=5006"}],"curies":[{"name":"wp","href":"https:\/\/api.w.org\/{rel}","templated":true}]}}