{"id":4796,"date":"2020-02-29T20:53:51","date_gmt":"2020-02-29T19:53:51","guid":{"rendered":"http:\/\/sp1.hrubieszow.info\/?page_id=4796"},"modified":"2020-02-29T20:54:46","modified_gmt":"2020-02-29T19:54:46","slug":"dzien-otwarty","status":"publish","type":"page","link":"https:\/\/sp1hrubieszow.pl\/index.php\/kronika-2019-2020\/dzien-otwarty\/","title":{"rendered":"Dzie\u0144 Otwarty"},"content":{"rendered":"\n<p><span style=\"color: #000066;\"><span style=\"font-family: Arial, sans-serif;\"><span style=\"font-size: medium;\">Dnia 27 lutego w naszej szkole go\u015bcili\u015bmy wyj\u0105tkowych go\u015bci w ramach Dnia Otwartego. Nasz\u0105 plac\u00f3wk\u0119 odwiedzili przyszli pierwszoklasi\u015bci oraz kandydaci do grupy \u201ezerowej\u201d na rok szkolny 2020\/2021. Dzieci obejrza\u0142y przedstawienie przygotowane przez p. Katarzyn\u0119 Sztuk i p. Monik\u0119 Korneluk. Nast\u0119pnie w grupach, pod opiek\u0105 wyznaczonych nauczycieli, zwiedza\u0142y szkol\u0119. Mog\u0142y zobaczy\u0107 nowo otwart\u0105 pracowni\u0119 komputerow\u0105, pokazy chemiczne, bibliotek\u0119 i \u015bwietlic\u0119 oraz pracowni\u0119 przyrodnicz\u0105, w kt\u00f3rej mi\u0119dzy innymi poznawa\u0142y \u015bwiat przez szk\u0142o mikroskop\u00f3w. Poza tym dzieci uczestniczy\u0142y w zaj\u0119ciach ruchowych i ta\u0144cach. Na zako\u0144czenie otrzyma\u0142y modele samolot\u00f3w przygotowane przez modelarzy UKS Jedynka, a tak\u017ce pami\u0105tkowe foldery. <\/span><\/span><\/span><\/p>\n<p><span style=\"color: #000066;\"><span style=\"font-family: Arial, sans-serif;\"><span style=\"font-size: medium;\">Dzi\u0119kujemy dzieciom, rodzicom i opiekunom za przybycie. <\/span><\/span><\/span><\/p>\n<p><span style=\"color: #000066;\"><span style=\"font-family: Arial, sans-serif;\"><span style=\"font-size: medium;\">Do zobaczenia we wrze\u015bniu!<\/span><\/span><\/span><\/p>\nngg_shortcode_0_placeholder\n","protected":false},"excerpt":{"rendered":"<p>Dnia 27 lutego w naszej szkole go\u015bcili\u015bmy wyj\u0105tkowych go\u015bci w ramach Dnia Otwartego. Nasz\u0105 plac\u00f3wk\u0119 odwiedzili przyszli pierwszoklasi\u015bci oraz kandydaci do grupy \u201ezerowej\u201d na rok szkolny 2020\/2021. Dzieci obejrza\u0142y przedstawienie przygotowane przez p. Katarzyn\u0119 Sztuk i p. Monik\u0119 Korneluk. Nast\u0119pnie w grupach, pod opiek\u0105 wyznaczonych nauczycieli, zwiedza\u0142y szkol\u0119. Mog\u0142y zobaczy\u0107 nowo otwart\u0105 pracowni\u0119 komputerow\u0105, pokazy [&hellip;]<\/p>\n","protected":false},"author":2,"featured_media":0,"parent":2167,"menu_order":0,"comment_status":"closed","ping_status":"closed","template":"","meta":{"ngg_post_thumbnail":0,"footnotes":""},"class_list":["post-4796","page","type-page","status-publish","hentry"],"_links":{"self":[{"href":"https:\/\/sp1hrubieszow.pl\/index.php\/wp-json\/wp\/v2\/pages\/4796","targetHints":{"allow":["GET"]}}],"collection":[{"href":"https:\/\/sp1hrubieszow.pl\/index.php\/wp-json\/wp\/v2\/pages"}],"about":[{"href":"https:\/\/sp1hrubieszow.pl\/index.php\/wp-json\/wp\/v2\/types\/page"}],"author":[{"embeddable":true,"href":"https:\/\/sp1hrubieszow.pl\/index.php\/wp-json\/wp\/v2\/users\/2"}],"replies":[{"embeddable":true,"href":"https:\/\/sp1hrubieszow.pl\/index.php\/wp-json\/wp\/v2\/comments?post=4796"}],"version-history":[{"count":1,"href":"https:\/\/sp1hrubieszow.pl\/index.php\/wp-json\/wp\/v2\/pages\/4796\/revisions"}],"predecessor-version":[{"id":4797,"href":"https:\/\/sp1hrubieszow.pl\/index.php\/wp-json\/wp\/v2\/pages\/4796\/revisions\/4797"}],"up":[{"embeddable":true,"href":"https:\/\/sp1hrubieszow.pl\/index.php\/wp-json\/wp\/v2\/pages\/2167"}],"wp:attachment":[{"href":"https:\/\/sp1hrubieszow.pl\/index.php\/wp-json\/wp\/v2\/media?parent=4796"}],"curies":[{"name":"wp","href":"https:\/\/api.w.org\/{rel}","templated":true}]}}