{"id":4495,"date":"2020-02-17T20:04:32","date_gmt":"2020-02-17T19:04:32","guid":{"rendered":"http:\/\/sp1.hrubieszow.info\/?page_id=4495"},"modified":"2020-02-17T20:05:03","modified_gmt":"2020-02-17T19:05:03","slug":"uroczystosc-z-okazji-dnia-babci-i-dziadka","status":"publish","type":"page","link":"https:\/\/sp1hrubieszow.pl\/index.php\/kronika-2019-2020\/uroczystosc-z-okazji-dnia-babci-i-dziadka\/","title":{"rendered":"Uroczysto\u015b\u0107 z okazji Dnia Babci i Dziadka"},"content":{"rendered":"\n<p align=\"JUSTIFY\"><span style=\"color: #000066;\">\u201e<\/span><span style=\"color: #000066; font-family: 'Times New Roman', serif; font-size: medium;\"><span style=\"font-family: Arial, sans-serif;\">Moja Babcia i m\u00f3j Dziadek to wspaniali s\u0105 Dziadkowie\u201d &#8211; <\/span><\/span><span style=\"color: #000066; font-family: Arial, sans-serif;\"><span style=\"font-size: medium;\">te s\u0142owa mo\u017cna<\/span><\/span><span style=\"color: #000066; font-family: Times New Roman, serif;\">&nbsp;<\/span><span style=\"color: #000066; font-family: Arial, sans-serif; font-size: medium;\">by\u0142o us\u0142ysze\u0107 podczas uroczysto\u015bci z okazji Dnia Babci i Dziadka, kt\u00f3ra odby\u0142a si\u0119 dnia 07 lutego w oddziale przedszkolnym.<\/span><\/p>\n<p align=\"JUSTIFY\"><span style=\"color: #000066;\"><span style=\"font-family: Arial, sans-serif;\"><span style=\"font-size: medium;\">Babcia i dziadek pe\u0142ni\u0105 bardzo<b> <\/b>wa\u017cn\u0105 rol\u0119 w&nbsp;\u017cyciu ka\u017cdego dziecka, dlatego w&nbsp;podzi\u0119ce za&nbsp;ich wielkie serce mali arty\u015bci przygotowali dla nich specjalny program artystyczny. Podczas wyst\u0119pu dzieci recytowa\u0142y wierszyki, \u015bpiewa\u0142y piosenki z \u017cyczeniami i prezentowa\u0142y swoje umiej\u0119tno\u015bci taneczne. Licznie przybyli go\u015bcie zasiedli na przygotowanych dla nich miejscach i z dum\u0105 ogl\u0105dali wyst\u0119py swoich wnucz\u0105t. Na&nbsp;koniec dzieci obdarowa\u0142y swoich&nbsp;bliskich przygotowanymi upominkami. Dope\u0142nieniem uroczystego spotkania by\u0142 s\u0142odki pocz\u0119stunek. <\/span><\/span><\/span><\/p>\n<p align=\"JUSTIFY\"><span style=\"color: #000066;\"><span style=\"font-family: Arial, sans-serif;\"><span style=\"font-size: medium;\">Szcz\u0119\u015bliwe i rozpromienione twarze bab\u0107 i dziadk\u00f3w&nbsp;da\u0142y wyraz tego, jak wa\u017cne s\u0105 takie spotkania i chwile sp\u0119dzone wsp\u00f3lnie z wnukami.<\/span><\/span><\/span><\/p>\nngg_shortcode_0_placeholder\n","protected":false},"excerpt":{"rendered":"<p>\u201eMoja Babcia i m\u00f3j Dziadek to wspaniali s\u0105 Dziadkowie\u201d &#8211; te s\u0142owa mo\u017cna&nbsp;by\u0142o us\u0142ysze\u0107 podczas uroczysto\u015bci z okazji Dnia Babci i Dziadka, kt\u00f3ra odby\u0142a si\u0119 dnia 07 lutego w oddziale przedszkolnym. Babcia i dziadek pe\u0142ni\u0105 bardzo wa\u017cn\u0105 rol\u0119 w&nbsp;\u017cyciu ka\u017cdego dziecka, dlatego w&nbsp;podzi\u0119ce za&nbsp;ich wielkie serce mali arty\u015bci przygotowali dla nich specjalny program artystyczny. Podczas [&hellip;]<\/p>\n","protected":false},"author":2,"featured_media":0,"parent":2167,"menu_order":0,"comment_status":"closed","ping_status":"closed","template":"","meta":{"ngg_post_thumbnail":0,"footnotes":""},"class_list":["post-4495","page","type-page","status-publish","hentry"],"_links":{"self":[{"href":"https:\/\/sp1hrubieszow.pl\/index.php\/wp-json\/wp\/v2\/pages\/4495","targetHints":{"allow":["GET"]}}],"collection":[{"href":"https:\/\/sp1hrubieszow.pl\/index.php\/wp-json\/wp\/v2\/pages"}],"about":[{"href":"https:\/\/sp1hrubieszow.pl\/index.php\/wp-json\/wp\/v2\/types\/page"}],"author":[{"embeddable":true,"href":"https:\/\/sp1hrubieszow.pl\/index.php\/wp-json\/wp\/v2\/users\/2"}],"replies":[{"embeddable":true,"href":"https:\/\/sp1hrubieszow.pl\/index.php\/wp-json\/wp\/v2\/comments?post=4495"}],"version-history":[{"count":1,"href":"https:\/\/sp1hrubieszow.pl\/index.php\/wp-json\/wp\/v2\/pages\/4495\/revisions"}],"predecessor-version":[{"id":4496,"href":"https:\/\/sp1hrubieszow.pl\/index.php\/wp-json\/wp\/v2\/pages\/4495\/revisions\/4496"}],"up":[{"embeddable":true,"href":"https:\/\/sp1hrubieszow.pl\/index.php\/wp-json\/wp\/v2\/pages\/2167"}],"wp:attachment":[{"href":"https:\/\/sp1hrubieszow.pl\/index.php\/wp-json\/wp\/v2\/media?parent=4495"}],"curies":[{"name":"wp","href":"https:\/\/api.w.org\/{rel}","templated":true}]}}