{"id":4318,"date":"2020-02-08T14:42:44","date_gmt":"2020-02-08T13:42:44","guid":{"rendered":"http:\/\/sp1.hrubieszow.info\/?page_id=4318"},"modified":"2020-02-08T14:44:57","modified_gmt":"2020-02-08T13:44:57","slug":"akademia-bezpiecznego-puchatka","status":"publish","type":"page","link":"https:\/\/sp1hrubieszow.pl\/index.php\/kronika-2019-2020\/akademia-bezpiecznego-puchatka\/","title":{"rendered":"Akademia Bezpiecznego Puchatka"},"content":{"rendered":"\n<p><img loading=\"lazy\" decoding=\"async\" class=\"alignnone  wp-image-4317\" src=\"http:\/\/sp1.hrubieszow.info\/wp-content\/uploads\/2020\/02\/PUC2ABP-logo-284x300.jpg\" alt=\"\" width=\"195\" height=\"206\" srcset=\"https:\/\/sp1hrubieszow.pl\/wp-content\/uploads\/2020\/02\/PUC2ABP-logo-284x300.jpg 284w, https:\/\/sp1hrubieszow.pl\/wp-content\/uploads\/2020\/02\/PUC2ABP-logo-768x812.jpg 768w, https:\/\/sp1hrubieszow.pl\/wp-content\/uploads\/2020\/02\/PUC2ABP-logo-969x1024.jpg 969w, https:\/\/sp1hrubieszow.pl\/wp-content\/uploads\/2020\/02\/PUC2ABP-logo-624x660.jpg 624w, https:\/\/sp1hrubieszow.pl\/wp-content\/uploads\/2020\/02\/PUC2ABP-logo.jpg 1892w\" sizes=\"auto, (max-width: 195px) 100vw, 195px\" \/><\/p>\n<p align=\"LEFT\"><span style=\"color: #000066;\"><span style=\"font-family: Arial, sans-serif;\"><span style=\"font-size: medium;\">W roku szkolnym 2019\/2020, w Szkole Podstawowej Nr 1 im. Boles\u0142awa Prusa <br>w Hrubieszowie, realizowany by\u0142 program: \u201eAkademia Bezpiecznego Puchatka\u201d, w kt\u00f3rym szko\u0142a uczestniczy od kilku lat. Odby\u0142y si\u0119 zaj\u0119cia edukacyjne wed\u0142ug scenariuszy przes\u0142anych przez organizatora programu, warsztaty oraz apel profilaktyczny, po\u015bwi\u0119cone bezpiecze\u0144stwu na co dzie\u0144. Uczestnikami zaj\u0119\u0107 byli uczniowie klas pierwszych, kt\u00f3rzy z pomoc\u0105 nauczycieli i rodzic\u00f3w wzorowo zdali Test Bezpiecze\u0144stwa, utrwalaj\u0105cy wiedz\u0119 dzieci z zakresu bezpiecze\u0144stwa w r\u00f3\u017cnych okoliczno\u015bciach \u017cycia codziennego. Wszystkim uczniom gratulujemy i \u017cyczymy bezpiecznej nauki oraz zabawy.<\/span><\/span><\/span><\/p>\n<p align=\"LEFT\"><span style=\"color: #000066;\"><span style=\"font-family: Arial, sans-serif;\"><span style=\"font-size: medium;\">Koordynator \u201eAkademii Bezpiecznego Puchatka\u201d- Marta Kuczy\u0144ska, pedagog szkolny<\/span><\/span><\/span><\/p>\nngg_shortcode_0_placeholder\n<p align=\"LEFT\">&nbsp;<\/p>\n","protected":false},"excerpt":{"rendered":"<p>W roku szkolnym 2019\/2020, w Szkole Podstawowej Nr 1 im. Boles\u0142awa Prusa w Hrubieszowie, realizowany by\u0142 program: \u201eAkademia Bezpiecznego Puchatka\u201d, w kt\u00f3rym szko\u0142a uczestniczy od kilku lat. Odby\u0142y si\u0119 zaj\u0119cia edukacyjne wed\u0142ug scenariuszy przes\u0142anych przez organizatora programu, warsztaty oraz apel profilaktyczny, po\u015bwi\u0119cone bezpiecze\u0144stwu na co dzie\u0144. Uczestnikami zaj\u0119\u0107 byli uczniowie klas pierwszych, kt\u00f3rzy z pomoc\u0105 [&hellip;]<\/p>\n","protected":false},"author":2,"featured_media":0,"parent":2167,"menu_order":0,"comment_status":"closed","ping_status":"closed","template":"","meta":{"ngg_post_thumbnail":0,"footnotes":""},"class_list":["post-4318","page","type-page","status-publish","hentry"],"_links":{"self":[{"href":"https:\/\/sp1hrubieszow.pl\/index.php\/wp-json\/wp\/v2\/pages\/4318","targetHints":{"allow":["GET"]}}],"collection":[{"href":"https:\/\/sp1hrubieszow.pl\/index.php\/wp-json\/wp\/v2\/pages"}],"about":[{"href":"https:\/\/sp1hrubieszow.pl\/index.php\/wp-json\/wp\/v2\/types\/page"}],"author":[{"embeddable":true,"href":"https:\/\/sp1hrubieszow.pl\/index.php\/wp-json\/wp\/v2\/users\/2"}],"replies":[{"embeddable":true,"href":"https:\/\/sp1hrubieszow.pl\/index.php\/wp-json\/wp\/v2\/comments?post=4318"}],"version-history":[{"count":3,"href":"https:\/\/sp1hrubieszow.pl\/index.php\/wp-json\/wp\/v2\/pages\/4318\/revisions"}],"predecessor-version":[{"id":4323,"href":"https:\/\/sp1hrubieszow.pl\/index.php\/wp-json\/wp\/v2\/pages\/4318\/revisions\/4323"}],"up":[{"embeddable":true,"href":"https:\/\/sp1hrubieszow.pl\/index.php\/wp-json\/wp\/v2\/pages\/2167"}],"wp:attachment":[{"href":"https:\/\/sp1hrubieszow.pl\/index.php\/wp-json\/wp\/v2\/media?parent=4318"}],"curies":[{"name":"wp","href":"https:\/\/api.w.org\/{rel}","templated":true}]}}