{"id":3846,"date":"2019-12-23T20:47:03","date_gmt":"2019-12-23T19:47:03","guid":{"rendered":"http:\/\/sp1.hrubieszow.info\/?page_id=3846"},"modified":"2019-12-23T20:47:28","modified_gmt":"2019-12-23T19:47:28","slug":"laureaci-konkursu-kolory-niepodleglosci-i-wolna-niepodlegla-ze-szkoly-podstawowej-nr-1-w-hrubieszowie","status":"publish","type":"page","link":"https:\/\/sp1hrubieszow.pl\/index.php\/kronika-2019-2020\/laureaci-konkursu-kolory-niepodleglosci-i-wolna-niepodlegla-ze-szkoly-podstawowej-nr-1-w-hrubieszowie\/","title":{"rendered":"Laureaci  konkursu \u201eKolory Niepodleg\u0142o\u015bci\u201d\u00a0i \u201eWolna \u2013 Niepodleg\u0142a\u201d ze Szko\u0142y Podstawowej Nr 1 W Hrubieszowie"},"content":{"rendered":"\n<p align=\"JUSTIFY\"><span style=\"color: #000066;\"><span style=\"font-family: Arial, sans-serif;\"><span style=\"font-size: medium;\">W dniu 16 grudnia 2019r. w Sali Consulatus zamojskiego Ratusza o godz. 11.00 odby\u0142o si\u0119 uroczyste podsumowanie konkurs\u00f3w zorganizowanych przez Kuratorium O\u015bwiaty w Lublinie Delegatura w Zamo\u015bciu w ramach obchod\u00f3w Stulecia Odzyskania Niepodleg\u0142o\u015bci przez Polsk\u0119. W uroczysto\u015bci wzi\u0119li udzia\u0142 laureaci konkursu plastycznego \u201eKolory Niepodleg\u0142o\u015bci\u201d adresowanego do dzieci w wieku przedszkolnym i uczni\u00f3w klas I-III szk\u00f3\u0142 podstawowych oraz laureaci konkursu historycznego \u201eWolna \u2013 Niepodleg\u0142a\u201d, kt\u00f3rego uczestnikami byli uczniowie starszych klas szk\u00f3\u0142 podstawowych i szk\u00f3\u0142 \u015brednich powiatu bi\u0142gorajskiego, hrubieszowskiego, tomaszowskiego, zamojskiego i m. Zamo\u015b\u0107. <\/span><\/span><\/span><\/p>\n<p align=\"JUSTIFY\"><span style=\"color: #000066;\"> <span style=\"font-family: Arial, sans-serif;\"><span style=\"font-size: medium;\">Laureatem konkursu \u201eKolory Niepodleg\u0142o\u015bci\u201d<\/span><\/span><\/span><span style=\"color: #000066;\"><span style=\"font-family: Arial, sans-serif;\"><span style=\"font-size: medium;\">&nbsp;zosta\u0142 Kacper Sidorczuk z oddzia\u0142u zerowego naszej szko\u0142y, a laureatem konkursu <\/span><\/span><\/span><span style=\"color: #000066;\"><span style=\"font-family: Arial, sans-serif;\"><span style=\"font-size: medium;\">historycznego \u201eWolna \u2013 Niepodleg\u0142a\u201d- Szymon Kiecana z klasy 8 b.<\/span><\/span><\/span><\/p>\n<p align=\"JUSTIFY\"><span style=\"color: #000066;\"> <span style=\"font-family: Arial, sans-serif;\"><span style=\"font-size: medium;\">Wszyscy laureaci przybyli na uroczysto\u015b\u0107 pod opiek\u0105 nauczycieli, kt\u00f3rzy udzielali im wsparcia na etapie przygotowania do konkursu.<\/span><\/span><\/span><\/p>\n<p align=\"JUSTIFY\"><span style=\"color: #000066;\"> <span style=\"font-family: Arial, sans-serif;\"><span style=\"font-size: medium;\"> Honorowy patronat nad konkursami obj\u0119\u0142a: Lubelski Kurator O\u015bwiaty Teresa Misiuk<\/span><\/span><\/span><span style=\"color: #000066;\"><span style=\"font-family: Arial, sans-serif;\"><span style=\"font-size: medium;\">. <\/span><\/span><\/span><span style=\"color: #000066;\"><span style=\"font-family: Arial, sans-serif;\"><span style=\"font-size: medium;\">Uroczysto\u015bci towarzyszy\u0142a wystawa prac plastycznych laureat\u00f3w konkursu \u201eKolory Niepodleg\u0142o\u015bci\u201d<\/span><\/span><\/span><span style=\"color: #000066;\"><span style=\"font-family: Arial, sans-serif;\"><span style=\"font-size: medium;\">&nbsp;.<\/span><\/span><\/span><\/p>\n<p><span style=\"color: #000066;\"><span style=\"font-family: Arial, sans-serif;\"><span style=\"font-size: medium;\"> Gratulujemy laureatom i \u017cyczymy dalszych sukces\u00f3w!<\/span><\/span><\/span><\/p>\nngg_shortcode_0_placeholder\n","protected":false},"excerpt":{"rendered":"<p>W dniu 16 grudnia 2019r. w Sali Consulatus zamojskiego Ratusza o godz. 11.00 odby\u0142o si\u0119 uroczyste podsumowanie konkurs\u00f3w zorganizowanych przez Kuratorium O\u015bwiaty w Lublinie Delegatura w Zamo\u015bciu w ramach obchod\u00f3w Stulecia Odzyskania Niepodleg\u0142o\u015bci przez Polsk\u0119. W uroczysto\u015bci wzi\u0119li udzia\u0142 laureaci konkursu plastycznego \u201eKolory Niepodleg\u0142o\u015bci\u201d adresowanego do dzieci w wieku przedszkolnym i uczni\u00f3w klas I-III szk\u00f3\u0142 [&hellip;]<\/p>\n","protected":false},"author":2,"featured_media":0,"parent":2167,"menu_order":0,"comment_status":"closed","ping_status":"closed","template":"","meta":{"ngg_post_thumbnail":0,"footnotes":""},"class_list":["post-3846","page","type-page","status-publish","hentry"],"_links":{"self":[{"href":"https:\/\/sp1hrubieszow.pl\/index.php\/wp-json\/wp\/v2\/pages\/3846","targetHints":{"allow":["GET"]}}],"collection":[{"href":"https:\/\/sp1hrubieszow.pl\/index.php\/wp-json\/wp\/v2\/pages"}],"about":[{"href":"https:\/\/sp1hrubieszow.pl\/index.php\/wp-json\/wp\/v2\/types\/page"}],"author":[{"embeddable":true,"href":"https:\/\/sp1hrubieszow.pl\/index.php\/wp-json\/wp\/v2\/users\/2"}],"replies":[{"embeddable":true,"href":"https:\/\/sp1hrubieszow.pl\/index.php\/wp-json\/wp\/v2\/comments?post=3846"}],"version-history":[{"count":1,"href":"https:\/\/sp1hrubieszow.pl\/index.php\/wp-json\/wp\/v2\/pages\/3846\/revisions"}],"predecessor-version":[{"id":3847,"href":"https:\/\/sp1hrubieszow.pl\/index.php\/wp-json\/wp\/v2\/pages\/3846\/revisions\/3847"}],"up":[{"embeddable":true,"href":"https:\/\/sp1hrubieszow.pl\/index.php\/wp-json\/wp\/v2\/pages\/2167"}],"wp:attachment":[{"href":"https:\/\/sp1hrubieszow.pl\/index.php\/wp-json\/wp\/v2\/media?parent=3846"}],"curies":[{"name":"wp","href":"https:\/\/api.w.org\/{rel}","templated":true}]}}