{"id":3804,"date":"2019-12-20T21:16:05","date_gmt":"2019-12-20T20:16:05","guid":{"rendered":"http:\/\/sp1.hrubieszow.info\/?page_id=3804"},"modified":"2019-12-20T21:16:40","modified_gmt":"2019-12-20T20:16:40","slug":"blekitna-koleda","status":"publish","type":"page","link":"https:\/\/sp1hrubieszow.pl\/index.php\/kronika-2019-2020\/blekitna-koleda\/","title":{"rendered":"B\u0142\u0119kitna kol\u0119da&#8230;"},"content":{"rendered":"\n<p><span style=\"color: #000066;\"><span style=\"font-family: Arial, sans-serif;\">Dnia 19 grudnia do naszej szko\u0142y zawita\u0142a \u015bwi\u0105teczna atmosfera. Wszystko za spraw\u0105 inscenizacji \u201eB\u0142\u0119kitna kol\u0119da\u201d. Pi\u0119kna dekoracja, choinka, st\u00f3\u0142 z bia\u0142ym obrusem i adwentowym wie\u0144cem, polskie kol\u0119dy i piosenki \u015bwi\u0105teczne oraz stosownie dobrane teksty literackie pozwoli\u0142y nam wkroczy\u0107 w nastr\u00f3j \u015bwi\u0105t. Inscenizacja zako\u0144czona by\u0142a fragmentem Ewangelii wg \u015bw. \u0141ukasza odczytanej przez ksi\u0119dza Witolda Bednarza.<\/span><\/span><\/p>\n<p><span style=\"color: #000066;\"><span style=\"font-family: Arial, sans-serif;\">Przestawienie przygotowa\u0142y panie:p. El\u017cbieta Pochylczuk, p. Ma\u0142gorzata Serafin, p. Ma\u0142gorzata Sidorska i p. Marta Lackowska. Nad opraw\u0105 muzyczn\u0105 czuwa\u0142 p. Arkadiusz Mielniczek, a gustown\u0105 dekoracj\u0119 stworzy\u0142y: p. Arleta Kowalska i p. Ewa Filipowicz \u2013 Sidorczuk. <\/span><\/span><\/p>\n<p><span style=\"color: #000066;\"><span style=\"font-family: Arial, sans-serif;\">Serdecznie dzi\u0119kujemy wszystkim wyst\u0119puj\u0105cym uczniom za ich zaanga\u017cowanie i pi\u0119kny wyst\u0119p. <\/span><\/span><\/p>\nngg_shortcode_0_placeholder\n","protected":false},"excerpt":{"rendered":"<p>Dnia 19 grudnia do naszej szko\u0142y zawita\u0142a \u015bwi\u0105teczna atmosfera. Wszystko za spraw\u0105 inscenizacji \u201eB\u0142\u0119kitna kol\u0119da\u201d. Pi\u0119kna dekoracja, choinka, st\u00f3\u0142 z bia\u0142ym obrusem i adwentowym wie\u0144cem, polskie kol\u0119dy i piosenki \u015bwi\u0105teczne oraz stosownie dobrane teksty literackie pozwoli\u0142y nam wkroczy\u0107 w nastr\u00f3j \u015bwi\u0105t. Inscenizacja zako\u0144czona by\u0142a fragmentem Ewangelii wg \u015bw. \u0141ukasza odczytanej przez ksi\u0119dza Witolda Bednarza. Przestawienie [&hellip;]<\/p>\n","protected":false},"author":2,"featured_media":0,"parent":2167,"menu_order":0,"comment_status":"closed","ping_status":"closed","template":"","meta":{"ngg_post_thumbnail":0,"footnotes":""},"class_list":["post-3804","page","type-page","status-publish","hentry"],"_links":{"self":[{"href":"https:\/\/sp1hrubieszow.pl\/index.php\/wp-json\/wp\/v2\/pages\/3804","targetHints":{"allow":["GET"]}}],"collection":[{"href":"https:\/\/sp1hrubieszow.pl\/index.php\/wp-json\/wp\/v2\/pages"}],"about":[{"href":"https:\/\/sp1hrubieszow.pl\/index.php\/wp-json\/wp\/v2\/types\/page"}],"author":[{"embeddable":true,"href":"https:\/\/sp1hrubieszow.pl\/index.php\/wp-json\/wp\/v2\/users\/2"}],"replies":[{"embeddable":true,"href":"https:\/\/sp1hrubieszow.pl\/index.php\/wp-json\/wp\/v2\/comments?post=3804"}],"version-history":[{"count":1,"href":"https:\/\/sp1hrubieszow.pl\/index.php\/wp-json\/wp\/v2\/pages\/3804\/revisions"}],"predecessor-version":[{"id":3805,"href":"https:\/\/sp1hrubieszow.pl\/index.php\/wp-json\/wp\/v2\/pages\/3804\/revisions\/3805"}],"up":[{"embeddable":true,"href":"https:\/\/sp1hrubieszow.pl\/index.php\/wp-json\/wp\/v2\/pages\/2167"}],"wp:attachment":[{"href":"https:\/\/sp1hrubieszow.pl\/index.php\/wp-json\/wp\/v2\/media?parent=3804"}],"curies":[{"name":"wp","href":"https:\/\/api.w.org\/{rel}","templated":true}]}}