{"id":3788,"date":"2019-12-18T20:09:10","date_gmt":"2019-12-18T19:09:10","guid":{"rendered":"http:\/\/sp1.hrubieszow.info\/?page_id=3788"},"modified":"2019-12-20T21:31:46","modified_gmt":"2019-12-20T20:31:46","slug":"dziekujemy-za-wasze-wielkie-serca","status":"publish","type":"page","link":"https:\/\/sp1hrubieszow.pl\/index.php\/kronika-2019-2020\/dziekujemy-za-wasze-wielkie-serca\/","title":{"rendered":"DZI\u0118KUJEMY ZA WASZE WIELKIE SERCA!"},"content":{"rendered":"\n<p align=\"JUSTIFY\"><span style=\"color: #000066;\"><span style=\"font-family: Arial, sans-serif;\">Serdecznie dzi\u0119kujemy wszystkim uczniom, rodzicom i nauczycielom naszej szko\u0142y, kt\u00f3rzy wsparli prowadzon\u0105 przez nas akcj\u0119 pomocy dzieciom przebywaj\u0105cym na oddziale dzieci\u0119cym Szpitala Powiatowego im. \u015awi\u0119tej Jadwigi Kr\u00f3lowej w Hrubieszowie. Zebrali\u015bmy mn\u00f3stwo pluszak\u00f3w, zabawek, ksi\u0105\u017cek, gier, puzzli, kredek, kolorowanek i blok\u00f3w do rysowania. \u015awita \u015awi\u0119tego Miko\u0142aja, a wi\u0119c uczniowie klasy 8a (Karol Konopko w roli \u015awi\u0119tego oraz jego pomocnicy \u2013 Wiktoria Furman, Milena Chabros, Patryk Pomianowski, Kacper W\u00f3jcik i Tomek Zaj\u0105c) udali si\u0119 z podarunkami do szpitala 5 grudnia. Ka\u017cdy pacjent dosta\u0142 pluszaka, za\u015b pozosta\u0142e przybory zosta\u0142y w \u015bwietlicy, aby umili\u0107 dzieciom pobyt w szpitalu. Rado\u015b\u0107 w oczach najm\u0142odszych by\u0142a bezcenna. Dzi\u0119kujemy!!!<\/span><\/span><\/p>\n<p align=\"RIGHT\"><span style=\"color: #000066;\"><span style=\"font-family: Arial, sans-serif;\">Organizatorzy<\/span><\/span><\/p>\n<p align=\"RIGHT\"><span style=\"color: #000066;\"><span style=\"font-family: Arial, sans-serif;\">Justyna Przybik<\/span><\/span><\/p>\n<p align=\"RIGHT\"><span style=\"color: #000066;\"><span style=\"font-family: Arial, sans-serif;\">Paulina Seweryn<\/span><\/span><\/p>\nngg_shortcode_0_placeholder\n","protected":false},"excerpt":{"rendered":"<p>Serdecznie dzi\u0119kujemy wszystkim uczniom, rodzicom i nauczycielom naszej szko\u0142y, kt\u00f3rzy wsparli prowadzon\u0105 przez nas akcj\u0119 pomocy dzieciom przebywaj\u0105cym na oddziale dzieci\u0119cym Szpitala Powiatowego im. \u015awi\u0119tej Jadwigi Kr\u00f3lowej w Hrubieszowie. Zebrali\u015bmy mn\u00f3stwo pluszak\u00f3w, zabawek, ksi\u0105\u017cek, gier, puzzli, kredek, kolorowanek i blok\u00f3w do rysowania. \u015awita \u015awi\u0119tego Miko\u0142aja, a wi\u0119c uczniowie klasy 8a (Karol Konopko w roli \u015awi\u0119tego [&hellip;]<\/p>\n","protected":false},"author":2,"featured_media":0,"parent":2167,"menu_order":0,"comment_status":"closed","ping_status":"closed","template":"","meta":{"ngg_post_thumbnail":0,"footnotes":""},"class_list":["post-3788","page","type-page","status-publish","hentry"],"_links":{"self":[{"href":"https:\/\/sp1hrubieszow.pl\/index.php\/wp-json\/wp\/v2\/pages\/3788","targetHints":{"allow":["GET"]}}],"collection":[{"href":"https:\/\/sp1hrubieszow.pl\/index.php\/wp-json\/wp\/v2\/pages"}],"about":[{"href":"https:\/\/sp1hrubieszow.pl\/index.php\/wp-json\/wp\/v2\/types\/page"}],"author":[{"embeddable":true,"href":"https:\/\/sp1hrubieszow.pl\/index.php\/wp-json\/wp\/v2\/users\/2"}],"replies":[{"embeddable":true,"href":"https:\/\/sp1hrubieszow.pl\/index.php\/wp-json\/wp\/v2\/comments?post=3788"}],"version-history":[{"count":3,"href":"https:\/\/sp1hrubieszow.pl\/index.php\/wp-json\/wp\/v2\/pages\/3788\/revisions"}],"predecessor-version":[{"id":3814,"href":"https:\/\/sp1hrubieszow.pl\/index.php\/wp-json\/wp\/v2\/pages\/3788\/revisions\/3814"}],"up":[{"embeddable":true,"href":"https:\/\/sp1hrubieszow.pl\/index.php\/wp-json\/wp\/v2\/pages\/2167"}],"wp:attachment":[{"href":"https:\/\/sp1hrubieszow.pl\/index.php\/wp-json\/wp\/v2\/media?parent=3788"}],"curies":[{"name":"wp","href":"https:\/\/api.w.org\/{rel}","templated":true}]}}