{"id":3760,"date":"2019-12-17T15:01:58","date_gmt":"2019-12-17T14:01:58","guid":{"rendered":"http:\/\/sp1.hrubieszow.info\/?page_id=3760"},"modified":"2019-12-17T15:02:26","modified_gmt":"2019-12-17T14:02:26","slug":"3760-2","status":"publish","type":"page","link":"https:\/\/sp1hrubieszow.pl\/index.php\/nauczyciele\/pedagog\/pedagog-2019\/3760-2\/","title":{"rendered":"Szkolny Dzie\u0144 Profilaktyki w SP Nr 1 w Hrubieszowie &#8211; 2019"},"content":{"rendered":"\n<p><span style=\"color: #000080;\"><strong>&nbsp;<\/strong><strong> Szkolny Dzie\u0144 Profilaktyki w SP Nr 1 w Hrubieszowie<\/strong><strong> <br><\/strong><\/span><\/p>\n<p><span style=\"color: #000080;\">W dniu 13.12.2019r. w Szkole Podstawowej Nr 1 im. Boles\u0142awa Prusa w Hrubieszowie odby\u0142 si\u0119 Szkolny Dzie\u0144 Profilaktyki. Zorganizowano apele dla dw\u00f3ch grup wiekowych. Podczas apelu dla uczni\u00f3w m\u0142odszych, uczestnicy obejrzeli przedstawienie profilaktyczne pt. \u201eEnce-pence\u201d, nawi\u0105zuj\u0105ce tematyk\u0105 do zasad dobrego zachowania na co dzie\u0144 a tak\u017ce do prawid\u0142owego od\u017cywiania i bezpiecze\u0144stwa w ruchu drogowym. Starsi uczniowie obejrzeli przedstawienie pt. \u201eJa jestem ja\u201d, traktuj\u0105ce o tolerancji, w\u0142asnych pasjach, konieczno\u015bci wiary w siebie oraz odporno\u015bci na presj\u0119 grupy r\u00f3wie\u015bniczej. Spektakle profilaktyczne zaprezentowa\u0142 Teatr Moralitet.<\/span><\/p>\n<p><span style=\"color: #000080;\">Szkolny Dzie\u0144 Profilaktyki sta\u0142 si\u0119 okazj\u0105 do wr\u0119czenia nagr\u00f3d za konkursu profilaktyczne. <\/span><br><span style=\"color: #000080;\">Reprezentuj\u0105cy Urz\u0105d Miasta w Hrubieszowie \u2013 Zast\u0119pca Burmistrza pan Pawe\u0142 Wojciechowski oraz pani Agnieszka Wr\u00f3blewska z ramienia Miejskiej Komisji Rozwi\u0105zywania Problem\u00f3w Alkoholowych, wr\u0119czyli nagrody laureatom og\u00f3lnopolskiego konkursu profilaktycznego pt. \u201eJa za 20 lat\u201d, przebiegaj\u0105cego pod patronatem \u201eZachowaj Trze\u017awy Umys\u0142\u201d;<\/span><\/p>\n<p><span style=\"color: #000080;\">Nagrody odebrali:<\/span><\/p>\n<ol>\n<li><span style=\"color: #000080;\">Hubert Wawryk , kl. IIa, SP Nr 1 w Hrubieszowie, opiekun p. Ma\u0142gorzata Serafin,<\/span><\/li>\n<li><span style=\"color: #000080;\">Nikola Pietryna, kl. IIIb, SP Nr 1 w Hrubieszowie, opiekun p. Katarzyna Sztuk,<\/span><\/li>\n<li><span style=\"color: #000080;\">Aleksandra Kruk, kl. VIb, SP Nr 1 w Hrubieszowie, opiekun p. Barbara Mielniczuk,<\/span><\/li>\n<li><span style=\"color: #000080;\">Jakub Chomiak, kl. VIc, SP Nr 1 w Hrubieszowie, opiekun p. Barbara Mielniczuk,<\/span><\/li>\n<li><span style=\"color: #000080;\">Nikola Smyk, kl. VIIIc, SP Nr 1 w Hrubieszowie, opiekun p. Barbara Mielniczuk,<\/span><\/li>\n<li><span style=\"color: #000080;\">Jakub Foltyn, SP Nr 2 w Hrubieszowie, opiekun p. Joanna Puczkowska.<\/span><\/li>\n<\/ol>\n<p><span style=\"color: #000080;\">Dzia\u0142ania w ramach og\u00f3lnopolskiej kampanii \u201eZachowaj Trze\u017awy Umys\u0142\u201d w Gminie Miejskiej Hrubiesz\u00f3w, od wielu lat koordynuj\u0105 pedagodzy i terapeuci szkolni: w SP Nr 1- <\/span><br><span style=\"color: #000080;\">p. Marta Kuczy\u0144ska, p. Anna Karkuszewska, w SP Nr 2-p. Joanna Puczkowska i p. Izabela Czerw za\u015b w SP Nr 3 -p. Urszula Suplicka i p. Agnieszka Kwiatkowska.<\/span><\/p>\n<p><span style=\"color: #000080;\">Podczas apeli profilaktycznych wr\u0119czono tak\u017ce nagrody i dyplomy laureatom Szkolnego Konkursu Profilaktycznego&nbsp; pt. \u201eM\u00f3j spos\u00f3b na zdrowe i bezpieczne \u017cycie\u201d, zorganizowanego w ramach realizacji programu \u201eProfilaktyka na start\u201d, pod patronatem Gminy Miejskiej Hrubiesz\u00f3w. Konkurs mia\u0142 form\u0119 plastyczno-literack\u0105 i skierowany by\u0142 do uczni\u00f3w grupy \u201e0\u201d, uczni\u00f3w z klas I-III oraz IV-VI. Celem konkursu by\u0142o propagowanie zdrowego stylu \u017cycia oraz bezpiecze\u0144stwa na co dzie\u0144 a tak\u017ce zapobieganie uzale\u017cnieniom. Organizatorem konkursu by\u0142a p. Marta Kuczy\u0144ska, pedagog szkolny. W komisji konkursowej pracowa\u0142y panie: Dorota Or\u0142owska, Ewa Filipowicz-Sidorczuk, Ilona Winogrodzka, Agnieszka Kolano oraz Sylwia Wojak.<\/span><\/p>\n<p><span style=\"color: #000080;\">Laureaci konkursu grupa m\u0142odsza:<\/span><\/p>\n<p><span style=\"color: #000080;\">&nbsp;I miejsca: Bart\u0142omiej Szyma\u0144ski, Dawid Kornaszewski, grupa \u201e0\u201d<\/span><\/p>\n<p><span style=\"color: #000080;\">&nbsp;&nbsp;&nbsp;&nbsp;&nbsp;&nbsp;&nbsp;&nbsp;&nbsp;&nbsp;&nbsp; &nbsp;&nbsp;&nbsp;&nbsp;&nbsp; Lena Ni\u017anikowska Ic, Karolina Danilczuk IIa, Ma\u0142gorzata Korneluk IIIa,<\/span><\/p>\n<p><span style=\"color: #000080;\">II miejsca: Jessica Klimek II c, Agata Szyma\u0144ska IIIb, Milena Hajkowska IIa<\/span><\/p>\n<p><span style=\"color: #000080;\">III miejsca: Jakub Maciaszek, IIa, Miko\u0142aj Karpiuk IIb<\/span><\/p>\n<p><span style=\"color: #000080;\">Wyr\u00f3\u017cnienia: Julia Wi\u015bniewska Ia, Paulina Karcz Ia, Igor Wojtiuk IIa, Weronika Wo\u017anica IIa, Zuzanna Peczak IIa, Wiktoria Dynkiewicz IIIb, Dawid Dworak IIIb, Maja Klimkowska IIa,&nbsp; Nikola Nowak IIIa, Oskar Urbaniak IIIa, Aleksandra Paczos Ib, Mateusz Ka\u0144ski Ic, Miko\u0142aj Zaj\u0105c Ic<\/span><\/p>\n<p><span style=\"color: #000080;\">Laureaci konkursu grupa starsza:<\/span><\/p>\n<p><span style=\"color: #000080;\">I miejsca: Wiktoria Iwan Vd, Olaf Lewandowski Va<\/span><\/p>\n<p><span style=\"color: #000080;\">II miejsca: Aleksandra Rz\u0105d Vd, Oliwia Dyjak VIa<\/span><\/p>\n<p><span style=\"color: #000080;\">III miejsca: Mateusz Kornaszewski Va, Oliwia Kisielewicz Vb<\/span><\/p>\n<p><span style=\"color: #000080;\">Wyr\u00f3\u017cnienia: Natalia Ba\u0142bustyn Vc, Zuzanna Wi\u015bniewska VIa, Micha\u0142 Wo\u017anica Va, Maciej Borz\u0119cki Va, Emilia Sobczuk Vb.<\/span><\/p>\n<p><span style=\"color: #000080;\">Dzi\u0119kujemy panu Paw\u0142owi Wojciechowskiemu, Zast\u0119pcy Burmistrza Miasta Hrubieszowa, oraz pani Agnieszce Wr\u00f3blewskiej, koordynuj\u0105cej dzia\u0142ania profilaktyczne w Gminie Miejskiej Hrubiesz\u00f3w, za u\u015bwietnienie swoj\u0105 obecno\u015bci\u0105 Szkolnego Dnia Profilaktyki.<\/span><\/p>\n<p><span style=\"color: #000080;\">Organizacja apeli i konkursu z okazji Szkolnego Dnia Profilaktyki by\u0142a zwi\u0105zana z realizacj\u0105 autorskiego programu pt. \u201eProfilaktyka na start\u201d oraz sfinansowana z funduszy Gminy Miejskiej Hrubiesz\u00f3w.<\/span><\/p>\n<p><span style=\"color: #000080;\">Organizator przedsi\u0119wzi\u0119cia: Marta Kuczy\u0144ska, pedagog szkolny<\/span><\/p>\nngg_shortcode_0_placeholder\n<p>&nbsp;<\/p>\n","protected":false},"excerpt":{"rendered":"<p>&nbsp; Szkolny Dzie\u0144 Profilaktyki w SP Nr 1 w Hrubieszowie W dniu 13.12.2019r. w Szkole Podstawowej Nr 1 im. Boles\u0142awa Prusa w Hrubieszowie odby\u0142 si\u0119 Szkolny Dzie\u0144 Profilaktyki. Zorganizowano apele dla dw\u00f3ch grup wiekowych. Podczas apelu dla uczni\u00f3w m\u0142odszych, uczestnicy obejrzeli przedstawienie profilaktyczne pt. \u201eEnce-pence\u201d, nawi\u0105zuj\u0105ce tematyk\u0105 do zasad dobrego zachowania na co dzie\u0144 a [&hellip;]<\/p>\n","protected":false},"author":1,"featured_media":0,"parent":75,"menu_order":20,"comment_status":"closed","ping_status":"closed","template":"","meta":{"ngg_post_thumbnail":0,"footnotes":""},"class_list":["post-3760","page","type-page","status-publish","hentry"],"_links":{"self":[{"href":"https:\/\/sp1hrubieszow.pl\/index.php\/wp-json\/wp\/v2\/pages\/3760","targetHints":{"allow":["GET"]}}],"collection":[{"href":"https:\/\/sp1hrubieszow.pl\/index.php\/wp-json\/wp\/v2\/pages"}],"about":[{"href":"https:\/\/sp1hrubieszow.pl\/index.php\/wp-json\/wp\/v2\/types\/page"}],"author":[{"embeddable":true,"href":"https:\/\/sp1hrubieszow.pl\/index.php\/wp-json\/wp\/v2\/users\/1"}],"replies":[{"embeddable":true,"href":"https:\/\/sp1hrubieszow.pl\/index.php\/wp-json\/wp\/v2\/comments?post=3760"}],"version-history":[{"count":2,"href":"https:\/\/sp1hrubieszow.pl\/index.php\/wp-json\/wp\/v2\/pages\/3760\/revisions"}],"predecessor-version":[{"id":3762,"href":"https:\/\/sp1hrubieszow.pl\/index.php\/wp-json\/wp\/v2\/pages\/3760\/revisions\/3762"}],"up":[{"embeddable":true,"href":"https:\/\/sp1hrubieszow.pl\/index.php\/wp-json\/wp\/v2\/pages\/75"}],"wp:attachment":[{"href":"https:\/\/sp1hrubieszow.pl\/index.php\/wp-json\/wp\/v2\/media?parent=3760"}],"curies":[{"name":"wp","href":"https:\/\/api.w.org\/{rel}","templated":true}]}}