{"id":3711,"date":"2019-12-16T16:50:28","date_gmt":"2019-12-16T15:50:28","guid":{"rendered":"http:\/\/sp1.hrubieszow.info\/?page_id=3711"},"modified":"2019-12-16T16:50:54","modified_gmt":"2019-12-16T15:50:54","slug":"warsztaty-bozonarodzeniowe-w-muzeum","status":"publish","type":"page","link":"https:\/\/sp1hrubieszow.pl\/index.php\/kronika-2019-2020\/warsztaty-bozonarodzeniowe-w-muzeum\/","title":{"rendered":"Warsztaty bo\u017conarodzeniowe w muzeum"},"content":{"rendered":"\n<p align=\"JUSTIFY\"><span style=\"color: #000066;\"><span style=\"font-family: Arial, sans-serif;\"><span style=\"font-size: medium;\">W zwi\u0105zku ze zbli\u017caj\u0105cymi si\u0119 \u015bwi\u0119tami Bo\u017cego Narodzenia klasa 6d wraz <br>z wychowawc\u0105 p. Anet\u0105 Rycerz postanowi\u0142a skorzysta\u0107 z oferty Muzeum im. Ks. St. Staszica i wzi\u0119\u0142a udzia\u0142 w warsztatach muzealno-plastycznych. Prowadz\u0105ca zaj\u0119cia p. Beata Bitner bardzo ciekawie opowiada\u0142a o zwyczajach, jakie panowa\u0142y dawniej w okresie \u015bwi\u0105t. Okaza\u0142o si\u0119, \u017ce na naszych terenach choink\u0119 zacz\u0119to ubiera\u0107 dopiero na pocz\u0105tku XX wieku. Wcze\u015bniej domy ozdabiano zielonymi ga\u0142\u0105zkami, kt\u00f3re zawieszano pod sufitem i nazywano je pod\u0142a\u017anikami. Zielone drzewko zago\u015bci\u0142o na dobre w naszych domach dopiero po II wojnie \u015bwiatowej. Dawniej ozdoby choinkowe wykonywa\u0142o si\u0119 r\u0119cznie, w domach z materia\u0142\u00f3w og\u00f3lnie dost\u0119pnych np. ze s\u0142omy, kolorowego papieru; zawieszano r\u00f3wnie\u017c na choink\u0119 jab\u0142ka, orzechy czy figurki z ciasta. Dzi\u015b wi\u0119kszo\u015b\u0107 ozd\u00f3b \u015bwi\u0105tecznych kupujemy w sklepach i dlatego w cz\u0119\u015bci warsztatowej uczestnicy pod kierunkiem prowadz\u0105cej zaj\u0119cia w\u0142asnor\u0119cznie wykonali zawieszki na choink\u0119 z kolorowego papieru. Wizyta w muzeum wszystkim bardzo si\u0119 podoba\u0142a i wprowadzi\u0142a nas w atmosfer\u0119 \u015bwi\u0105t Bo\u017cego Narodzenia.<\/span><\/span><\/span><\/p>\nngg_shortcode_0_placeholder\n","protected":false},"excerpt":{"rendered":"<p>W zwi\u0105zku ze zbli\u017caj\u0105cymi si\u0119 \u015bwi\u0119tami Bo\u017cego Narodzenia klasa 6d wraz z wychowawc\u0105 p. Anet\u0105 Rycerz postanowi\u0142a skorzysta\u0107 z oferty Muzeum im. Ks. St. Staszica i wzi\u0119\u0142a udzia\u0142 w warsztatach muzealno-plastycznych. Prowadz\u0105ca zaj\u0119cia p. Beata Bitner bardzo ciekawie opowiada\u0142a o zwyczajach, jakie panowa\u0142y dawniej w okresie \u015bwi\u0105t. Okaza\u0142o si\u0119, \u017ce na naszych terenach choink\u0119 zacz\u0119to [&hellip;]<\/p>\n","protected":false},"author":2,"featured_media":0,"parent":2167,"menu_order":0,"comment_status":"closed","ping_status":"closed","template":"","meta":{"ngg_post_thumbnail":0,"footnotes":""},"class_list":["post-3711","page","type-page","status-publish","hentry"],"_links":{"self":[{"href":"https:\/\/sp1hrubieszow.pl\/index.php\/wp-json\/wp\/v2\/pages\/3711","targetHints":{"allow":["GET"]}}],"collection":[{"href":"https:\/\/sp1hrubieszow.pl\/index.php\/wp-json\/wp\/v2\/pages"}],"about":[{"href":"https:\/\/sp1hrubieszow.pl\/index.php\/wp-json\/wp\/v2\/types\/page"}],"author":[{"embeddable":true,"href":"https:\/\/sp1hrubieszow.pl\/index.php\/wp-json\/wp\/v2\/users\/2"}],"replies":[{"embeddable":true,"href":"https:\/\/sp1hrubieszow.pl\/index.php\/wp-json\/wp\/v2\/comments?post=3711"}],"version-history":[{"count":1,"href":"https:\/\/sp1hrubieszow.pl\/index.php\/wp-json\/wp\/v2\/pages\/3711\/revisions"}],"predecessor-version":[{"id":3712,"href":"https:\/\/sp1hrubieszow.pl\/index.php\/wp-json\/wp\/v2\/pages\/3711\/revisions\/3712"}],"up":[{"embeddable":true,"href":"https:\/\/sp1hrubieszow.pl\/index.php\/wp-json\/wp\/v2\/pages\/2167"}],"wp:attachment":[{"href":"https:\/\/sp1hrubieszow.pl\/index.php\/wp-json\/wp\/v2\/media?parent=3711"}],"curies":[{"name":"wp","href":"https:\/\/api.w.org\/{rel}","templated":true}]}}