{"id":3653,"date":"2019-12-15T17:22:39","date_gmt":"2019-12-15T16:22:39","guid":{"rendered":"http:\/\/sp1.hrubieszow.info\/?page_id=3653"},"modified":"2019-12-15T17:23:12","modified_gmt":"2019-12-15T16:23:12","slug":"warsztaty-bozonarodzeniowe","status":"publish","type":"page","link":"https:\/\/sp1hrubieszow.pl\/index.php\/kronika-2019-2020\/warsztaty-bozonarodzeniowe\/","title":{"rendered":"Warsztaty bo\u017conarodzeniowe"},"content":{"rendered":"\n<p><span style=\"color: #000066;\"><span style=\"font-family: Arial, sans-serif;\"><span style=\"font-size: medium;\">Dnia 13 grudnia 2019 r. klasa 7 b wraz z wychowawc\u0105 \u2013 p. Ilon\u0105 Winogrodzk\u0105 uczestniczy\u0142a w Muzealno \u2013 Plastycznych Warsztatach Bo\u017conarodzeniowych organizowanych w Muzeum im. ks. Stanis\u0142awa Staszica Hrubieszowie. M\u0142odzie\u017c mia\u0142a okazj\u0119 dowiedzie\u0107 si\u0119 jak kiedy\u015b w naszym regionie obchodzono Wigili\u0119 i Bo\u017ce Narodzenie. W cz\u0119\u015bci warsztatowej uczniowie zobaczyli jakie ozdoby by\u0142y kiedy\u015b wieszane na choink\u0119, po czym wykonali samodzielnie dekoracje choinkowe. <\/span><\/span><\/span><\/p>\n<p><span style=\"color: #000066;\"><span style=\"font-family: Arial, sans-serif;\"><span style=\"font-size: medium;\">Niezwyk\u0142\u0105 atrakcj\u0105 naszego pobytu w Muzeum by\u0142a wizyta Pana Micha\u0142a Mikulskiego &#8211; redaktora z Radia Z\u0142ote Przeboje w Lublinie, kt\u00f3ry przeprowadzi\u0142 kr\u00f3tk\u0105 rozmow\u0119 na temat tradycji \u015bwi\u0105tecznych ze wszystkimi uczniami. By\u0142a to dla nas ogromna niespodzianka, \u017ce mieli\u015bmy okazj\u0119 udzieli\u0107 kr\u00f3tkiego wywiadu do radia. Audycja z naszym udzia\u0142em b\u0119dzie transmitowana przed \u015awi\u0119tami. <\/span><\/span><\/span><\/p>\n<p><span style=\"color: #000066;\"><span style=\"font-family: Arial, sans-serif;\"><span style=\"font-size: medium;\">Z oferty warsztatowej muzeum zwi\u0105zanej ze \u015bwi\u0119tami Bo\u017cego Narodzenia skorzysta\u0142a tak\u017ce klasa 5 c (wychowawca \u2013 p. Bo\u017cena Kozielewicz), klasa 7c (wychowawca \u2013 p. Marta Lackowska) oraz klasa 8b (wychowawca \u2013 p. Anna Lewandowska).<\/span><\/span><\/span><\/p>\nngg_shortcode_0_placeholder\n","protected":false},"excerpt":{"rendered":"<p>Dnia 13 grudnia 2019 r. klasa 7 b wraz z wychowawc\u0105 \u2013 p. Ilon\u0105 Winogrodzk\u0105 uczestniczy\u0142a w Muzealno \u2013 Plastycznych Warsztatach Bo\u017conarodzeniowych organizowanych w Muzeum im. ks. Stanis\u0142awa Staszica Hrubieszowie. M\u0142odzie\u017c mia\u0142a okazj\u0119 dowiedzie\u0107 si\u0119 jak kiedy\u015b w naszym regionie obchodzono Wigili\u0119 i Bo\u017ce Narodzenie. W cz\u0119\u015bci warsztatowej uczniowie zobaczyli jakie ozdoby by\u0142y kiedy\u015b wieszane [&hellip;]<\/p>\n","protected":false},"author":2,"featured_media":0,"parent":2167,"menu_order":0,"comment_status":"closed","ping_status":"closed","template":"","meta":{"ngg_post_thumbnail":0,"footnotes":""},"class_list":["post-3653","page","type-page","status-publish","hentry"],"_links":{"self":[{"href":"https:\/\/sp1hrubieszow.pl\/index.php\/wp-json\/wp\/v2\/pages\/3653","targetHints":{"allow":["GET"]}}],"collection":[{"href":"https:\/\/sp1hrubieszow.pl\/index.php\/wp-json\/wp\/v2\/pages"}],"about":[{"href":"https:\/\/sp1hrubieszow.pl\/index.php\/wp-json\/wp\/v2\/types\/page"}],"author":[{"embeddable":true,"href":"https:\/\/sp1hrubieszow.pl\/index.php\/wp-json\/wp\/v2\/users\/2"}],"replies":[{"embeddable":true,"href":"https:\/\/sp1hrubieszow.pl\/index.php\/wp-json\/wp\/v2\/comments?post=3653"}],"version-history":[{"count":1,"href":"https:\/\/sp1hrubieszow.pl\/index.php\/wp-json\/wp\/v2\/pages\/3653\/revisions"}],"predecessor-version":[{"id":3654,"href":"https:\/\/sp1hrubieszow.pl\/index.php\/wp-json\/wp\/v2\/pages\/3653\/revisions\/3654"}],"up":[{"embeddable":true,"href":"https:\/\/sp1hrubieszow.pl\/index.php\/wp-json\/wp\/v2\/pages\/2167"}],"wp:attachment":[{"href":"https:\/\/sp1hrubieszow.pl\/index.php\/wp-json\/wp\/v2\/media?parent=3653"}],"curies":[{"name":"wp","href":"https:\/\/api.w.org\/{rel}","templated":true}]}}