{"id":3476,"date":"2019-12-04T20:11:42","date_gmt":"2019-12-04T19:11:42","guid":{"rendered":"http:\/\/sp1.hrubieszow.info\/?page_id=3476"},"modified":"2019-12-04T20:20:14","modified_gmt":"2019-12-04T19:20:14","slug":"konkursy-biblioteczne","status":"publish","type":"page","link":"https:\/\/sp1hrubieszow.pl\/index.php\/kronika-2019-2020\/konkursy-biblioteczne\/","title":{"rendered":"Konkursy biblioteczne"},"content":{"rendered":"\n<p align=\"JUSTIFY\"><span style=\"color: #000066;\"><span style=\"font-family: Arial, sans-serif;\"><span style=\"font-size: medium;\">Biblioteka szkolna na prze\u0142omie pa\u017adziernika i listopada 2019 roku zorganizowa\u0142a dla uczni\u00f3w kilka konkurs\u00f3w. <\/span><\/span><\/span><\/p>\n<p align=\"JUSTIFY\"><span style=\"color: #000066;\"><span style=\"font-family: Arial, sans-serif;\"><span style=\"font-size: medium;\">Dla uczni\u00f3w klas 1 \u2013 4 Szko\u0142y Podstawowej zorganizowano konkurs kaligraficzny <b> \u201ePiszemy s\u0142owo BIBLIOTEKA pi\u0119knymi literami\u201d.<\/b><\/span><\/span><\/span><\/p>\n<p align=\"JUSTIFY\"><span style=\"color: #000066;\"><span style=\"font-family: Arial, sans-serif;\"><span style=\"font-size: medium;\">Konkurs polega\u0142 na odr\u0119cznym napisaniu pismem kaligraficznym lub ozdobnym wyrazu BIBLIOTEKA i mia\u0142 na celu: kszta\u0142towanie umiej\u0119tno\u015bci pi\u0119knego pisania, zainteresowanie uczni\u00f3w sztuk\u0105 kaligrafii i ozdobnego pisma, rozwijanie wyobra\u017ani tw\u00f3rczej u uczni\u00f3w. Do biblioteki wp\u0142yn\u0119\u0142o 40 prac.<\/span><\/span><\/span><\/p>\n<p align=\"JUSTIFY\"><span style=\"color: #000066;\"> <span style=\"font-family: Arial, sans-serif;\"><span style=\"font-size: medium;\">Komisja konkursowa w sk\u0142adzie: p. Ewa Tymecka, p. Monika Anigacz i p. Sylwia Wojak wy\u0142oni\u0142a nast\u0119puj\u0105cych zwyci\u0119zc\u00f3w:<\/span><\/span><\/span><\/p>\n<p align=\"JUSTIFY\"><span style=\"color: #000066;\"><span style=\"font-family: Arial, sans-serif;\"><span style=\"font-size: medium;\"><b>I miejsce ex aequo:<\/b> <\/span><\/span><\/span><\/p>\n<ul>\n<li>\n<p align=\"JUSTIFY\"><span style=\"color: #000066;\"><span style=\"font-family: Arial, sans-serif;\"><span style=\"font-size: medium;\">Aleksandra Paczos kl. 1a<\/span><\/span><\/span><\/p>\n<\/li>\n<li>\n<p align=\"JUSTIFY\"><span style=\"color: #000066;\"><span style=\"font-family: Arial, sans-serif;\"><span style=\"font-size: medium;\">Hanna Sidorczuk kl. 1a<\/span><\/span><\/span><\/p>\n<\/li>\n<li>\n<p align=\"JUSTIFY\"><span style=\"color: #000066;\"><span style=\"font-family: Arial, sans-serif;\"><span style=\"font-size: medium;\">Sebastian Wojda kl. 1a<\/span><\/span><\/span><\/p>\n<\/li>\n<\/ul>\n<p align=\"JUSTIFY\"><span style=\"color: #000066;\"><span style=\"font-family: Arial, sans-serif;\"><span style=\"font-size: medium;\"><b>II miejsce ex aequo:<\/b> <\/span><\/span><\/span><\/p>\n<ul>\n<li>\n<p align=\"JUSTIFY\"><span style=\"color: #000066;\"><span style=\"font-family: Arial, sans-serif;\"><span style=\"font-size: medium;\">Hubert Wawryk kl.2a<\/span><\/span><\/span><\/p>\n<\/li>\n<li>\n<p align=\"JUSTIFY\"><span style=\"color: #000066;\"><span style=\"font-family: Arial, sans-serif;\"><span style=\"font-size: medium;\">Zuzanna Kudelska kl.1a<\/span><\/span><\/span><\/p>\n<\/li>\n<li>\n<p align=\"JUSTIFY\"><span style=\"color: #000066;\"><span style=\"font-family: Arial, sans-serif;\"><span style=\"font-size: medium;\">Lena Pilipczuk kl. 1b<\/span><\/span><\/span><\/p>\n<\/li>\n<\/ul>\n<p align=\"JUSTIFY\"><span style=\"color: #000066;\"><span style=\"font-family: Arial, sans-serif;\"><span style=\"font-size: medium;\"><b>III miejsce ex aequo:<\/b> <\/span><\/span><\/span><\/p>\n<ul>\n<li>\n<p align=\"JUSTIFY\"><span style=\"color: #000066;\"><span style=\"font-family: Arial, sans-serif;\"><span style=\"font-size: medium;\">Maja Magdziak kl. 2b<\/span><\/span><\/span><\/p>\n<\/li>\n<li>\n<p align=\"JUSTIFY\"><span style=\"color: #000066;\"><span style=\"font-family: Arial, sans-serif;\"><span style=\"font-size: medium;\">Dominik Grabo\u015b kl. 2a<\/span><\/span><\/span><\/p>\n<\/li>\n<li>\n<p align=\"JUSTIFY\"><span style=\"color: #000066;\"><span style=\"font-family: Arial, sans-serif;\"><span style=\"font-size: medium;\">Paula Wilczy\u0144ska kl. 2a<\/span><\/span><\/span><\/p>\n<\/li>\n<\/ul>\n<p align=\"JUSTIFY\"><span style=\"color: #000066;\"><span style=\"font-family: Arial, sans-serif;\"><span style=\"font-size: medium;\"><b>Wyr\u00f3\u017cnienia:<\/b><\/span><\/span><\/span><\/p>\n<ul>\n<li>\n<p align=\"JUSTIFY\"><span style=\"color: #000066;\"><span style=\"font-family: Arial, sans-serif;\"><span style=\"font-size: medium;\">Aleksandra Ci\u0119\u017cka kl. 2b<\/span><\/span><\/span><\/p>\n<\/li>\n<li>\n<p align=\"JUSTIFY\"><span style=\"color: #000066;\"><span style=\"font-family: Arial, sans-serif;\"><span style=\"font-size: medium;\">Lena Kopiel kl. 1a<\/span><\/span><\/span><\/p>\n<\/li>\n<\/ul>\n<p align=\"JUSTIFY\"><span style=\"color: #000066;\"><span style=\"font-family: Arial, sans-serif;\"><span style=\"font-size: medium;\">Uczniowie klas 5 \u2013 8 mogli wzi\u0105\u0107 udzia\u0142 w konkursie <b>\u201eZOSTA\u0143 POLIGLOT\u0104\u201d.<\/b><\/span><\/span><\/span><\/p>\n<p align=\"JUSTIFY\"><span style=\"color: #000066;\"><span style=\"font-family: Arial, sans-serif;\"><span style=\"font-size: medium;\">Konkurs polega\u0142 na przet\u0142umaczeniu wyraz\u00f3w KSI\u0104\u017bKA i BIBLIOTEKA na jak najwi\u0119ksz\u0105 ilo\u015b\u0107 j\u0119zyk\u00f3w i zapisanie tych s\u0142\u00f3w w\u0142asnor\u0119cznie w oryginalnym stylu. Ka\u017cde t\u0142umaczenie powinno by\u0107 opatrzone informacj\u0105 z jakiego j\u0119zyka pochodzi. Konkurs mia\u0142 na celu: kszta\u0142towanie umiej\u0119tno\u015bci samodzielnego zdobywania informacji z r\u00f3\u017cnych \u017ar\u00f3de\u0142 i rozwijanie ciekawo\u015bci \u015bwiata u uczni\u00f3w. <\/span><\/span><\/span><\/p>\n<p align=\"JUSTIFY\"><span style=\"color: #000066;\"><span style=\"font-family: Arial, sans-serif;\"><span style=\"font-size: medium;\">Zwyci\u0119zcy konkursu:<\/span><\/span><\/span><\/p>\n<p align=\"JUSTIFY\"><span style=\"color: #000066;\"><span style=\"font-family: Arial, sans-serif;\"><span style=\"font-size: medium;\"><b>I miejsce ex aequo:<\/b> <\/span><\/span><\/span><\/p>\n<ul>\n<li>\n<p align=\"JUSTIFY\"><span style=\"color: #000066;\"><span style=\"font-family: Arial, sans-serif;\"><span style=\"font-size: medium;\">Agata Czajkowska kl. 7c<\/span><\/span><\/span><\/p>\n<\/li>\n<li>\n<p align=\"JUSTIFY\"><span style=\"color: #000066;\"><span style=\"font-family: Arial, sans-serif;\"><span style=\"font-size: medium;\">Antonina Suchecka kl. 7b<\/span><\/span><\/span><\/p>\n<\/li>\n<\/ul>\n<p align=\"JUSTIFY\"><span style=\"color: #000066;\"><span style=\"font-family: Arial, sans-serif;\"><span style=\"font-size: medium;\"><b>II miejsce ex aequo:<\/b> <\/span><\/span><\/span><\/p>\n<ul>\n<li>\n<p align=\"JUSTIFY\"><span style=\"color: #000066;\"><span style=\"font-family: Arial, sans-serif;\"><span style=\"font-size: medium;\">Aleksandra Szymko kl.7b<\/span><\/span><\/span><\/p>\n<\/li>\n<li>\n<p align=\"JUSTIFY\"><span style=\"color: #000066;\"><span style=\"font-family: Arial, sans-serif;\"><span style=\"font-size: medium;\">Zuzanna Mr\u00f3z kl.5c<\/span><\/span><\/span><\/p>\n<\/li>\n<\/ul>\n<p align=\"JUSTIFY\"><span style=\"color: #000066;\"><span style=\"font-family: Arial, sans-serif;\"><span style=\"font-size: medium;\"><b>III miejsce ex aequo:<\/b> <\/span><\/span><\/span><\/p>\n<ul>\n<li>\n<p align=\"JUSTIFY\"><span style=\"color: #000066;\"><span style=\"font-family: Arial, sans-serif;\"><span style=\"font-size: medium;\">Zuzanna Wi\u015bniewska kl. 6a<\/span><\/span><\/span><\/p>\n<\/li>\n<li>\n<p align=\"JUSTIFY\"><span style=\"color: #000066;\"><span style=\"font-family: Arial, sans-serif;\"><span style=\"font-size: medium;\">Marta Burda kl. 7b<\/span><\/span><\/span><\/p>\n<\/li>\n<\/ul>\n<p align=\"JUSTIFY\"><span style=\"color: #000066;\"><span style=\"font-family: Arial, sans-serif;\"><span style=\"font-size: medium;\"><b>Wyr\u00f3\u017cnienia:<\/b><\/span><\/span><\/span><\/p>\n<ul>\n<li>\n<p align=\"JUSTIFY\"><span style=\"color: #000066;\"><span style=\"font-family: Arial, sans-serif;\"><span style=\"font-size: medium;\">Pawe\u0142 Grzeszczuk kl. 7b<\/span><\/span><\/span><\/p>\n<\/li>\n<li>\n<p align=\"JUSTIFY\"><span style=\"color: #000066;\"><span style=\"font-family: Arial, sans-serif;\"><span style=\"font-size: medium;\">Nikola Czulak kl. 6b<\/span><\/span><\/span><\/p>\n<\/li>\n<\/ul>\n<p align=\"JUSTIFY\"><span style=\"color: #000066;\"><span style=\"font-family: Arial, sans-serif;\"><span style=\"font-size: medium;\">Natomiast uczniowie z oddzia\u0142u przedszkolnego mogli zaprezentowa\u0107 swoje umiej\u0119tno\u015bci plastyczne tworz\u0105c prace na konkurs <b>\u201ePortret Misia\u201d<\/b>. Konkurs zosta\u0142 zorganizowany <br>w ramach obchod\u00f3w \u015awi\u0119ta Pluszowego Misia. <\/span><\/span><\/span><\/p>\n<p align=\"JUSTIFY\"><span style=\"color: #000066;\"><span style=\"font-family: Arial, sans-serif;\"><span style=\"font-size: medium;\">Nagrodzeni uczniowie:<\/span><\/span><\/span><\/p>\n<p align=\"JUSTIFY\"><span style=\"color: #000066;\"><span style=\"font-family: Arial, sans-serif;\"><span style=\"font-size: medium;\"><b>I miejsce ex aequo<\/b> &#8211; Sawicka Lena i Magdalena Konopko<\/span><\/span><\/span><\/p>\n<p align=\"JUSTIFY\"><span style=\"color: #000066;\"><span style=\"font-family: Arial, sans-serif;\"><span style=\"font-size: medium;\"><b>II miejsce ex aequo<\/b> \u2013 Kacper Sidorczuk i Bart\u0142omiej Szyma\u0144ski<\/span><\/span><\/span><\/p>\n<p align=\"JUSTIFY\"><span style=\"color: #000066;\"><span style=\"font-family: Arial, sans-serif;\"><span style=\"font-size: medium;\"><b>III miejsce ex aequo<\/b> \u2013 Emilia Podg\u00f3rska, Dawid Kornaszewski i Oliwia Makuch<\/span><\/span><\/span><\/p>\n<p align=\"JUSTIFY\"><span style=\"color: #000066;\"><span style=\"font-family: Arial, sans-serif;\"><span style=\"font-size: medium;\">Zwyci\u0119zcy wszystkich konkurs\u00f3w otrzymali pami\u0105tkowe dyplomy i drobne nagrody rzeczowe a ich prace zosta\u0142y wyeksponowane na gazetce w bibliotece szkolnej.<\/span><\/span><\/span><\/p>\nngg_shortcode_0_placeholder\n","protected":false},"excerpt":{"rendered":"<p>Biblioteka szkolna na prze\u0142omie pa\u017adziernika i listopada 2019 roku zorganizowa\u0142a dla uczni\u00f3w kilka konkurs\u00f3w. Dla uczni\u00f3w klas 1 \u2013 4 Szko\u0142y Podstawowej zorganizowano konkurs kaligraficzny \u201ePiszemy s\u0142owo BIBLIOTEKA pi\u0119knymi literami\u201d. Konkurs polega\u0142 na odr\u0119cznym napisaniu pismem kaligraficznym lub ozdobnym wyrazu BIBLIOTEKA i mia\u0142 na celu: kszta\u0142towanie umiej\u0119tno\u015bci pi\u0119knego pisania, zainteresowanie uczni\u00f3w sztuk\u0105 kaligrafii i ozdobnego [&hellip;]<\/p>\n","protected":false},"author":2,"featured_media":0,"parent":2167,"menu_order":0,"comment_status":"closed","ping_status":"closed","template":"","meta":{"ngg_post_thumbnail":0,"footnotes":""},"class_list":["post-3476","page","type-page","status-publish","hentry"],"_links":{"self":[{"href":"https:\/\/sp1hrubieszow.pl\/index.php\/wp-json\/wp\/v2\/pages\/3476","targetHints":{"allow":["GET"]}}],"collection":[{"href":"https:\/\/sp1hrubieszow.pl\/index.php\/wp-json\/wp\/v2\/pages"}],"about":[{"href":"https:\/\/sp1hrubieszow.pl\/index.php\/wp-json\/wp\/v2\/types\/page"}],"author":[{"embeddable":true,"href":"https:\/\/sp1hrubieszow.pl\/index.php\/wp-json\/wp\/v2\/users\/2"}],"replies":[{"embeddable":true,"href":"https:\/\/sp1hrubieszow.pl\/index.php\/wp-json\/wp\/v2\/comments?post=3476"}],"version-history":[{"count":1,"href":"https:\/\/sp1hrubieszow.pl\/index.php\/wp-json\/wp\/v2\/pages\/3476\/revisions"}],"predecessor-version":[{"id":3477,"href":"https:\/\/sp1hrubieszow.pl\/index.php\/wp-json\/wp\/v2\/pages\/3476\/revisions\/3477"}],"up":[{"embeddable":true,"href":"https:\/\/sp1hrubieszow.pl\/index.php\/wp-json\/wp\/v2\/pages\/2167"}],"wp:attachment":[{"href":"https:\/\/sp1hrubieszow.pl\/index.php\/wp-json\/wp\/v2\/media?parent=3476"}],"curies":[{"name":"wp","href":"https:\/\/api.w.org\/{rel}","templated":true}]}}