{"id":3059,"date":"2019-11-18T20:59:24","date_gmt":"2019-11-18T19:59:24","guid":{"rendered":"http:\/\/sp1.hrubieszow.info\/?page_id=3059"},"modified":"2019-11-18T21:00:15","modified_gmt":"2019-11-18T20:00:15","slug":"oplaty-za-obiady","status":"publish","type":"page","link":"https:\/\/sp1hrubieszow.pl\/index.php\/kronika-2019-2020\/oplaty-za-obiady\/","title":{"rendered":"Op\u0142aty za obiady"},"content":{"rendered":"\n<p><span style=\"color: #000066;\"><span style=\"font-family: Arial, sans-serif;\">Op\u0142ata ca\u0142kowita za obiady w grudniu wynosi 46,50 z\u0142.<\/span><\/span><\/p>\n<p><span style=\"color: #000066;\"><span style=\"font-family: Arial, sans-serif;\">Wp\u0142aty na konto do 25.11.2019<\/span><\/span><\/p>\n<p><span style=\"color: #000066;\"><span style=\"font-family: Arial, sans-serif;\">U intendenta od 26.11 do 29.11 w godzinach od 7.45 do 11.00<\/span><\/span><\/p>\n<p><span style=\"color: #000066;\"><span style=\"font-family: Arial, sans-serif;\">Prosimy o terminowe dokonywanie wp\u0142at. <\/span><\/span><\/p>\n<p><span style=\"color: #000066;\"><span style=\"font-family: Arial, sans-serif;\">Uwaga! Nast\u0119pna wp\u0142ata za miesi\u0105c stycze\u0144 2020 b\u0119dzie mo\u017cliwa od 02.01 do 07.01<\/span><\/span><\/p>\n","protected":false},"excerpt":{"rendered":"<p>Op\u0142ata ca\u0142kowita za obiady w grudniu wynosi 46,50 z\u0142. Wp\u0142aty na konto do 25.11.2019 U intendenta od 26.11 do 29.11 w godzinach od 7.45 do 11.00 Prosimy o terminowe dokonywanie wp\u0142at. Uwaga! Nast\u0119pna wp\u0142ata za miesi\u0105c stycze\u0144 2020 b\u0119dzie mo\u017cliwa od 02.01 do 07.01<\/p>\n","protected":false},"author":2,"featured_media":0,"parent":2167,"menu_order":0,"comment_status":"closed","ping_status":"closed","template":"","meta":{"ngg_post_thumbnail":0,"footnotes":""},"class_list":["post-3059","page","type-page","status-publish","hentry"],"_links":{"self":[{"href":"https:\/\/sp1hrubieszow.pl\/index.php\/wp-json\/wp\/v2\/pages\/3059","targetHints":{"allow":["GET"]}}],"collection":[{"href":"https:\/\/sp1hrubieszow.pl\/index.php\/wp-json\/wp\/v2\/pages"}],"about":[{"href":"https:\/\/sp1hrubieszow.pl\/index.php\/wp-json\/wp\/v2\/types\/page"}],"author":[{"embeddable":true,"href":"https:\/\/sp1hrubieszow.pl\/index.php\/wp-json\/wp\/v2\/users\/2"}],"replies":[{"embeddable":true,"href":"https:\/\/sp1hrubieszow.pl\/index.php\/wp-json\/wp\/v2\/comments?post=3059"}],"version-history":[{"count":1,"href":"https:\/\/sp1hrubieszow.pl\/index.php\/wp-json\/wp\/v2\/pages\/3059\/revisions"}],"predecessor-version":[{"id":3060,"href":"https:\/\/sp1hrubieszow.pl\/index.php\/wp-json\/wp\/v2\/pages\/3059\/revisions\/3060"}],"up":[{"embeddable":true,"href":"https:\/\/sp1hrubieszow.pl\/index.php\/wp-json\/wp\/v2\/pages\/2167"}],"wp:attachment":[{"href":"https:\/\/sp1hrubieszow.pl\/index.php\/wp-json\/wp\/v2\/media?parent=3059"}],"curies":[{"name":"wp","href":"https:\/\/api.w.org\/{rel}","templated":true}]}}