{"id":3036,"date":"2019-11-17T12:22:18","date_gmt":"2019-11-17T11:22:18","guid":{"rendered":"http:\/\/sp1.hrubieszow.info\/?page_id=3036"},"modified":"2019-11-17T12:27:51","modified_gmt":"2019-11-17T11:27:51","slug":"klasa-7c-korzysta-z-nowosci-szkolnej-biblioteki","status":"publish","type":"page","link":"https:\/\/sp1hrubieszow.pl\/index.php\/kronika-2019-2020\/klasa-7c-korzysta-z-nowosci-szkolnej-biblioteki\/","title":{"rendered":"Klasa 7c korzysta z nowo\u015bci szkolnej biblioteki"},"content":{"rendered":"\n<p><span style=\"color: #000080;\"><span style=\"font-family: Arial, sans-serif;\">15 listopada w klasie 7 c zosta\u0142y przeprowadzone dwie lekcje w oparciu o tre\u015b\u0107 opowiadania Katarzyny Ryrych \u201eSzcz\u0119\u015bliwego Nowego Roku\u201d z ksi\u0105\u017cki \u201eGorzka Czekolada i inne opowiadania o wa\u017cnych sprawach\u201d. Podczas lekcji korzystali\u015bmy z 20 egzemplarzy tej ksi\u0105\u017cki <\/span><span style=\"font-family: Arial, sans-serif;\"><span style=\"font-size: medium;\">zakupionej do szkolnej biblioteki w ramach Narodowego Programu Rozwoju Czytelnictwa na lata 2016 \u2013 2020 KSI\u0104\u017bKI DO BIBLIOTEKI SZKOLNEJ priorytet 3: Rozwijanie zainteresowa\u0144 uczni\u00f3w poprzez promowanie i wspieranie rozwoju czytelnictwa w\u015br\u00f3d dzieci i m\u0142odzie\u017cy w tym zakup nowo\u015bci wydawniczych. <\/span><\/span><\/span><\/p>\n<p><span style=\"color: #000080;\"><span style=\"font-family: Arial, sans-serif;\"><span style=\"font-size: medium;\"> Tematem lekcji opartej na wybranym opowiadaniu by\u0142a samodyscyplina: SAMODYSCYPLINA- <\/span><\/span><span style=\"font-family: Arial, sans-serif;\"><span style=\"font-size: medium;\">TRZEBA ZROBI\u0106 CO\u015a, ABY BY\u0106 KIM\u015a.<\/span><\/span><span style=\"font-family: Arial, sans-serif;\"><span style=\"font-size: medium;\"> Uczniowie przeczytali tekst, kt\u00f3ry om\u00f3wili\u015bmy zwracaj\u0105c szczeg\u00f3ln\u0105 uwag\u0119 na jego g\u0142\u00f3wn\u0105 bohaterk\u0119 Magd\u0119. Nast\u0119pnie rozmawiali\u015bmy o tym czym jest samodyscyplina i samokontrola, do czego s\u0105 potrzebne, jakie cele mo\u017cna osi\u0105gn\u0105\u0107 dzi\u0119ki samodyscyplinie i co jest niezb\u0119dne, aby osi\u0105gn\u0105\u0107 cel. <\/span><\/span><\/span><\/p>\n<p><span style=\"color: #000080;\"><span style=\"font-family: Arial, sans-serif;\"><span style=\"font-size: medium;\"> Uczniowie pracowali tak\u017ce w grupach. Ka\u017cda z 4 grup otrzyma\u0142a zdj\u0119cie innej znanej osoby (Edyta G\u00f3rniak, Ewa Farna, Robert Lewandowski i Kamil Stoch). Zadaniem grup by\u0142o odpowiedzenie na pytania typu: Jaki jest cel osoby ze zdj\u0119cia? Co musi robi\u0107, a czego nie mo\u017ce? Jaka cen\u0119 ponosi za sw\u00f3j sukces? Po om\u00f3wieniu pracy w grupach by\u0142 czas na prac\u0119 indywidualn\u0105. Ka\u017cdy mia\u0142 za zadanie napisa\u0107 jaki cel chcia\u0142by osi\u0105gn\u0105\u0107 w najbli\u017cszym czasie i okre\u015bli\u0107 plan dzia\u0142a\u0144, kt\u00f3re mog\u0105 go do tego celu przybli\u017cy\u0107. <\/span><\/span><\/span><\/p>\n<p><span style=\"color: #000080;\"><span style=\"font-family: Arial, sans-serif;\"><span style=\"font-size: medium;\"> Na zako\u0144czeni lekcji m\u0142odzie\u017c otrzyma\u0142a karteczki zawieraj\u0105ce z\u0142ote my\u015bli o samodyscyplinie, a uczniowie kt\u00f3rzy wykazali si\u0119 najwi\u0119ksza aktywno\u015bci\u0105 w trakcie zaj\u0119\u0107, otrzymali tak\u017ce talony motywacyjne \ud83d\ude09<\/span><\/span><\/span><\/p>\n<p><span style=\"color: #000080;\"><span style=\"font-family: Arial, sans-serif;\"><span style=\"font-size: medium;\"> Wszyscy bardzo si\u0119 cieszymy, \u017ce nasza biblioteka szkolna dzi\u0119ki udzia\u0142owi w programie ma tyle ciekawych nowo\u015bci wydawniczych, z kt\u00f3rych b\u0119dziemy na pewno korzysta\u0107 podczas lekcji i kt\u00f3re uczniowie ch\u0119tnie b\u0119d\u0105 wypo\u017cycza\u0107.<\/span><\/span><\/span><\/p>\nngg_shortcode_0_placeholder\n","protected":false},"excerpt":{"rendered":"<p>15 listopada w klasie 7 c zosta\u0142y przeprowadzone dwie lekcje w oparciu o tre\u015b\u0107 opowiadania Katarzyny Ryrych \u201eSzcz\u0119\u015bliwego Nowego Roku\u201d z ksi\u0105\u017cki \u201eGorzka Czekolada i inne opowiadania o wa\u017cnych sprawach\u201d. Podczas lekcji korzystali\u015bmy z 20 egzemplarzy tej ksi\u0105\u017cki zakupionej do szkolnej biblioteki w ramach Narodowego Programu Rozwoju Czytelnictwa na lata 2016 \u2013 2020 KSI\u0104\u017bKI DO [&hellip;]<\/p>\n","protected":false},"author":2,"featured_media":0,"parent":2167,"menu_order":0,"comment_status":"closed","ping_status":"closed","template":"","meta":{"ngg_post_thumbnail":0,"footnotes":""},"class_list":["post-3036","page","type-page","status-publish","hentry"],"_links":{"self":[{"href":"https:\/\/sp1hrubieszow.pl\/index.php\/wp-json\/wp\/v2\/pages\/3036","targetHints":{"allow":["GET"]}}],"collection":[{"href":"https:\/\/sp1hrubieszow.pl\/index.php\/wp-json\/wp\/v2\/pages"}],"about":[{"href":"https:\/\/sp1hrubieszow.pl\/index.php\/wp-json\/wp\/v2\/types\/page"}],"author":[{"embeddable":true,"href":"https:\/\/sp1hrubieszow.pl\/index.php\/wp-json\/wp\/v2\/users\/2"}],"replies":[{"embeddable":true,"href":"https:\/\/sp1hrubieszow.pl\/index.php\/wp-json\/wp\/v2\/comments?post=3036"}],"version-history":[{"count":3,"href":"https:\/\/sp1hrubieszow.pl\/index.php\/wp-json\/wp\/v2\/pages\/3036\/revisions"}],"predecessor-version":[{"id":3042,"href":"https:\/\/sp1hrubieszow.pl\/index.php\/wp-json\/wp\/v2\/pages\/3036\/revisions\/3042"}],"up":[{"embeddable":true,"href":"https:\/\/sp1hrubieszow.pl\/index.php\/wp-json\/wp\/v2\/pages\/2167"}],"wp:attachment":[{"href":"https:\/\/sp1hrubieszow.pl\/index.php\/wp-json\/wp\/v2\/media?parent=3036"}],"curies":[{"name":"wp","href":"https:\/\/api.w.org\/{rel}","templated":true}]}}