{"id":29966,"date":"2026-05-07T22:07:14","date_gmt":"2026-05-07T20:07:14","guid":{"rendered":"https:\/\/sp1hrubieszow.pl\/?page_id=29966"},"modified":"2026-05-07T22:07:14","modified_gmt":"2026-05-07T20:07:14","slug":"obchody-swieta-konstytucji-3-maja-w-naszej-szkole","status":"publish","type":"page","link":"https:\/\/sp1hrubieszow.pl\/index.php\/kronika-2020-2021\/obchody-swieta-konstytucji-3-maja-w-naszej-szkole\/","title":{"rendered":"Obchody \u015awi\u0119ta Konstytucji 3 Maja w naszej szkole"},"content":{"rendered":"\n<p><span style=\"color: #000080;\">W zwi\u0105zku z obchodami \u015awi\u0119ta Konstytucji 3 Maja spo\u0142eczno\u015b\u0107 naszej szko\u0142y w\u0142\u0105czy\u0142a si\u0119 w upami\u0119tnienie wa\u017cnych wydarze\u0144 z historii Polski. <\/span><span style=\"color: #000080;\">30 kwietnia wi\u0119kszo\u015b\u0107 uczni\u00f3w, nauczycieli oraz pracownik\u00f3w szko\u0142y przysz\u0142a ubrana w stroje w bia\u0142o-czerwonych barwach lub z bia\u0142o-czerwonymi elementami, podkre\u015blaj\u0105c w ten spos\u00f3b patriotyczny charakter tych dni oraz okazuj\u0105c szacunek dla narodowych symboli. <\/span><span style=\"color: #000080;\">Podczas zaj\u0119\u0107 lekcyjnych uczniowie uczestniczyli w r\u00f3\u017cnych dzia\u0142aniach zwi\u0105zanych ze \u015awi\u0119tem Konstytucji 3 Maja. W m\u0142odszych klasach wsp\u00f3lnie \u015bpiewano pie\u015bni i piosenki patriotyczne, natomiast w klasach starszych nauczyciele nawi\u0105zywali do wydarze\u0144 historycznych zwi\u0105zanych z uchwaleniem Konstytucji 3 maja 1791 roku \u2013 pierwszej <br>w Europie i drugiej na \u015bwiecie nowoczesnej konstytucji.<\/span><\/p>\n<p><span style=\"color: #000080;\">Z okazji \u015bwi\u0105t majowych w szkole zosta\u0142y r\u00f3wnie\u017c zorganizowane dwa konkursy:<\/span><\/p>\n<ul>\n<li><span style=\"color: #000080;\">konkurs plastyczny \u201eMoja Polska\u201d dla uczni\u00f3w klas I\u2013III,<\/span><\/li>\n<li><span style=\"color: #000080;\">konkurs fotograficzny \u201ePolska w obiektywie\u201d dla uczni\u00f3w klas IV\u2013VI.<\/span><\/li>\n<\/ul>\n<p><span style=\"color: #000080;\">Celem konkurs\u00f3w by\u0142o rozwijanie postaw patriotycznych, kreatywno\u015bci oraz wra\u017cliwo\u015bci na pi\u0119kno naszej ojczyzny. Rozstrzygni\u0119cie konkurs\u00f3w nast\u0105pi\u0142o 6 maja. Wszystkim uczestnikom serdecznie dzi\u0119kujemy za zaanga\u017cowanie i gratulujemy ciekawych oraz pomys\u0142owych prac.<\/span><\/p>\n<p><span style=\"color: #000080;\">Laureaci konkursu fotograficznego \u201ePolska w obiektywie\u201d:<\/span><\/p>\n<p><span style=\"color: #000080;\">I miejsce Julia Woraczek kl. 4 b<br><\/span><span style=\"color: #000080;\">II miejsce Jakub Winogrodzki kl. 4 b<br><\/span><span style=\"color: #000080;\">III miejsce Szymon Za\u0142oga kl. 5 c<\/span><\/p>\n<p><span style=\"color: #000080;\">Wyr\u00f3\u017cnienie otrzymali:<br><\/span><span style=\"color: #000080;\">Lena Kula kl. 4 b<br><\/span><span style=\"color: #000080;\">Patrycja Kotko kl. 6 a<br><\/span><span style=\"color: #000080;\">Laura Kusiak kl. 4 b<\/span><\/p>\n<p style=\"text-align: left;\"><span style=\"color: #000080;\">Laureaci konkursu plastycznego \u201eMoja Polska\u201d:&nbsp; &nbsp; &nbsp; &nbsp; &nbsp; &nbsp; &nbsp; &nbsp; &nbsp; &nbsp; &nbsp; &nbsp; &nbsp; &nbsp; &nbsp; &nbsp; &nbsp; &nbsp; &nbsp; &nbsp; &nbsp; &nbsp; &nbsp; &nbsp; &nbsp; &nbsp; &nbsp; &nbsp; &nbsp; &nbsp; &nbsp; &nbsp; &nbsp; &nbsp; &nbsp; &nbsp; &nbsp; <\/span><span style=\"color: #000080;\">I miejsce Amelia Le\u015bko kl. 1 b<br><\/span><span style=\"color: #000080;\">II miejsce Jakub Bakalarczuk kl. 1 a<br><\/span><span style=\"color: #000080;\">III miejsce Antoni Terebus kl. 2 b<\/span><\/p>\n<p><span style=\"color: #000080;\">Wyr\u00f3\u017cnienie otrzymali:<br><\/span><span style=\"color: #000080;\">Kornelia Kozdro\u0144 kl. 2 b<br><\/span><span style=\"color: #000080;\">Filip Sikora kl. 3 c<br><\/span><span style=\"color: #000080;\">Lena Tobiasz kl. 1 b<\/span><\/p>\nngg_shortcode_0_placeholder\n","protected":false},"excerpt":{"rendered":"<p>W zwi\u0105zku z obchodami \u015awi\u0119ta Konstytucji 3 Maja spo\u0142eczno\u015b\u0107 naszej szko\u0142y w\u0142\u0105czy\u0142a si\u0119 w upami\u0119tnienie wa\u017cnych wydarze\u0144 z historii Polski. 30 kwietnia wi\u0119kszo\u015b\u0107 uczni\u00f3w, nauczycieli oraz pracownik\u00f3w szko\u0142y przysz\u0142a ubrana w stroje w bia\u0142o-czerwonych barwach lub z bia\u0142o-czerwonymi elementami, podkre\u015blaj\u0105c w ten spos\u00f3b patriotyczny charakter tych dni oraz okazuj\u0105c szacunek dla narodowych symboli. Podczas zaj\u0119\u0107 [&hellip;]<\/p>\n","protected":false},"author":4,"featured_media":0,"parent":5983,"menu_order":0,"comment_status":"closed","ping_status":"closed","template":"","meta":{"ngg_post_thumbnail":0,"footnotes":""},"class_list":["post-29966","page","type-page","status-publish","hentry"],"_links":{"self":[{"href":"https:\/\/sp1hrubieszow.pl\/index.php\/wp-json\/wp\/v2\/pages\/29966","targetHints":{"allow":["GET"]}}],"collection":[{"href":"https:\/\/sp1hrubieszow.pl\/index.php\/wp-json\/wp\/v2\/pages"}],"about":[{"href":"https:\/\/sp1hrubieszow.pl\/index.php\/wp-json\/wp\/v2\/types\/page"}],"author":[{"embeddable":true,"href":"https:\/\/sp1hrubieszow.pl\/index.php\/wp-json\/wp\/v2\/users\/4"}],"replies":[{"embeddable":true,"href":"https:\/\/sp1hrubieszow.pl\/index.php\/wp-json\/wp\/v2\/comments?post=29966"}],"version-history":[{"count":1,"href":"https:\/\/sp1hrubieszow.pl\/index.php\/wp-json\/wp\/v2\/pages\/29966\/revisions"}],"predecessor-version":[{"id":29967,"href":"https:\/\/sp1hrubieszow.pl\/index.php\/wp-json\/wp\/v2\/pages\/29966\/revisions\/29967"}],"up":[{"embeddable":true,"href":"https:\/\/sp1hrubieszow.pl\/index.php\/wp-json\/wp\/v2\/pages\/5983"}],"wp:attachment":[{"href":"https:\/\/sp1hrubieszow.pl\/index.php\/wp-json\/wp\/v2\/media?parent=29966"}],"curies":[{"name":"wp","href":"https:\/\/api.w.org\/{rel}","templated":true}]}}