{"id":29780,"date":"2026-03-16T17:13:31","date_gmt":"2026-03-16T16:13:31","guid":{"rendered":"https:\/\/sp1hrubieszow.pl\/?page_id=29780"},"modified":"2026-03-16T17:14:03","modified_gmt":"2026-03-16T16:14:03","slug":"dzien-liczby-pi","status":"publish","type":"page","link":"https:\/\/sp1hrubieszow.pl\/index.php\/kronika-2020-2021\/dzien-liczby-pi\/","title":{"rendered":"Dzie\u0144 Liczby Pi"},"content":{"rendered":"\n<div class=\"xdj266r x14z9mp xat24cr x1lziwak x1vvkbs x126k92a\">\n<div dir=\"auto\"><span style=\"color: #000080;\">13 marca w naszej szkole obchodzili\u015bmy wyj\u0105tkowe \u015bwi\u0119to matematyki \u2013 Dzie\u0144 Liczby \u03c0. To wydarzenie by\u0142o doskona\u0142\u0105 okazj\u0105, aby w ciekawy i kreatywny spos\u00f3b pokaza\u0107, \u017ce matematyka mo\u017ce by\u0107 fascynuj\u0105ca i pe\u0142na zabawy.<\/span><\/div>\n<div dir=\"auto\"><span style=\"color: #000080;\">Ju\u017c od rana na korytarzach pojawi\u0142y si\u0119 plakaty i dekoracje zwi\u0105zane z liczb\u0105 \u03c0. Uczniowie mogli dowiedzie\u0107 si\u0119 r\u00f3\u017cnych ciekawostek, na przyk\u0142ad \u017ce liczba \u03c0 to oko\u0142o 3,14 i jest u\u017cywana do obliczania obwodu oraz pola ko\u0142a. Niekt\u00f3rzy pr\u00f3bowali r\u00f3wnie\u017c zapami\u0119ta\u0107 jak najwi\u0119cej cyfr rozwini\u0119cia dziesi\u0119tnego tej niezwyk\u0142ej liczby. Dzie\u0144 Liczby \u03c0 by\u0142 nie tylko \u015bwietn\u0105 zabaw\u0105, ale tak\u017ce okazj\u0105 do nauki i rozwijania matematycznych zainteresowa\u0144. Dzi\u0119ki wsp\u00f3lnej pracy nauczycieli i uczni\u00f3w uda\u0142o si\u0119 stworzy\u0107 wyj\u0105tkow\u0105 atmosfer\u0119 pe\u0142n\u0105 ciekawo\u015bci, wsp\u00f3\u0142pracy i rado\u015bci z odkrywania matematyki.<\/span><\/div>\n<div dir=\"auto\">&nbsp;<\/div>\n<\/div>\n<div class=\"x14z9mp xat24cr x1lziwak x1vvkbs xtlvy1s x126k92a\">\n<div dir=\"auto\"><span style=\"color: #000080;\">Monika Jako\u015b-W\u00f3r<\/span><\/div>\n<div dir=\"auto\"><span style=\"color: #000080;\">Edyta Miller-Wiatrowska<\/span><\/div>\n<div dir=\"auto\"><span style=\"color: #000080;\">Ma\u0142gorzata Szumiata<\/span><\/div>\n<div dir=\"auto\"><span style=\"color: #000080;\">Anna Suwa\u0142a<\/span><\/div>\n<div dir=\"auto\">\nngg_shortcode_0_placeholder\n<\/div>\n<\/div>\n","protected":false},"excerpt":{"rendered":"<p>13 marca w naszej szkole obchodzili\u015bmy wyj\u0105tkowe \u015bwi\u0119to matematyki \u2013 Dzie\u0144 Liczby \u03c0. To wydarzenie by\u0142o doskona\u0142\u0105 okazj\u0105, aby w ciekawy i kreatywny spos\u00f3b pokaza\u0107, \u017ce matematyka mo\u017ce by\u0107 fascynuj\u0105ca i pe\u0142na zabawy. Ju\u017c od rana na korytarzach pojawi\u0142y si\u0119 plakaty i dekoracje zwi\u0105zane z liczb\u0105 \u03c0. Uczniowie mogli dowiedzie\u0107 si\u0119 r\u00f3\u017cnych ciekawostek, na przyk\u0142ad [&hellip;]<\/p>\n","protected":false},"author":2,"featured_media":0,"parent":5983,"menu_order":0,"comment_status":"closed","ping_status":"closed","template":"","meta":{"ngg_post_thumbnail":0,"footnotes":""},"class_list":["post-29780","page","type-page","status-publish","hentry"],"_links":{"self":[{"href":"https:\/\/sp1hrubieszow.pl\/index.php\/wp-json\/wp\/v2\/pages\/29780","targetHints":{"allow":["GET"]}}],"collection":[{"href":"https:\/\/sp1hrubieszow.pl\/index.php\/wp-json\/wp\/v2\/pages"}],"about":[{"href":"https:\/\/sp1hrubieszow.pl\/index.php\/wp-json\/wp\/v2\/types\/page"}],"author":[{"embeddable":true,"href":"https:\/\/sp1hrubieszow.pl\/index.php\/wp-json\/wp\/v2\/users\/2"}],"replies":[{"embeddable":true,"href":"https:\/\/sp1hrubieszow.pl\/index.php\/wp-json\/wp\/v2\/comments?post=29780"}],"version-history":[{"count":1,"href":"https:\/\/sp1hrubieszow.pl\/index.php\/wp-json\/wp\/v2\/pages\/29780\/revisions"}],"predecessor-version":[{"id":29781,"href":"https:\/\/sp1hrubieszow.pl\/index.php\/wp-json\/wp\/v2\/pages\/29780\/revisions\/29781"}],"up":[{"embeddable":true,"href":"https:\/\/sp1hrubieszow.pl\/index.php\/wp-json\/wp\/v2\/pages\/5983"}],"wp:attachment":[{"href":"https:\/\/sp1hrubieszow.pl\/index.php\/wp-json\/wp\/v2\/media?parent=29780"}],"curies":[{"name":"wp","href":"https:\/\/api.w.org\/{rel}","templated":true}]}}