{"id":29762,"date":"2026-03-10T19:31:46","date_gmt":"2026-03-10T18:31:46","guid":{"rendered":"https:\/\/sp1hrubieszow.pl\/?page_id=29762"},"modified":"2026-03-10T19:32:21","modified_gmt":"2026-03-10T18:32:21","slug":"dzien-otwarty-4","status":"publish","type":"page","link":"https:\/\/sp1hrubieszow.pl\/index.php\/kronika-2020-2021\/dzien-otwarty-4\/","title":{"rendered":"Dzie\u0144 Otwarty"},"content":{"rendered":"\n<div class=\"xdj266r x14z9mp xat24cr x1lziwak x1vvkbs x126k92a\">\n<div dir=\"auto\"><span style=\"color: #000080;\">Dzie\u0144 Otwarty w naszej szkole okaza\u0142 si\u0119 prawdziw\u0105 przygod\u0105 \u2013 pe\u0142n\u0105 emocji, \u015bmiechu i\u2026 piecz\u0105tek w szkolnym paszporcie!<\/span><\/div>\n<\/div>\n<div class=\"x14z9mp xat24cr x1lziwak x1vvkbs xtlvy1s x126k92a\">\n<div dir=\"auto\"><span style=\"color: #000080;\">6 marca korytarze wype\u0142ni\u0142y si\u0119 radosnym gwarem dzieci, kt\u00f3re wraz z rodzicami przyby\u0142y, by sprawdzi\u0107, jak wygl\u0105da szkolny \u015bwiat \u201eod \u015brodka\u201d. Na naszych go\u015bci czeka\u0142a specjalna mapa szko\u0142y oraz szkolny paszport, w kt\u00f3rym mali odkrywcy zbierali piecz\u0105tki za odwiedzenie kolejnych miejsc i wykonanie przygotowanych zada\u0144.<\/span><\/div>\n<\/div>\n<div class=\"x14z9mp xat24cr x1lziwak x1vvkbs xtlvy1s x126k92a\">\n<div dir=\"auto\"><span style=\"color: #000080;\">A tych by\u0142o naprawd\u0119 sporo! Na sali gimnastycznej odbywa\u0142y si\u0119 sportowe konkurencje, kt\u00f3re wywo\u0142ywa\u0142y wiele emocji.<\/span><\/div>\n<\/div>\n<div class=\"x14z9mp xat24cr x1lziwak x1vvkbs xtlvy1s x126k92a\">\n<div dir=\"auto\"><span style=\"color: #000080;\">Wielkim zainteresowaniem cieszy\u0142o si\u0119 Mini Laboratorium, gdzie mali naukowcy mogli obserwowa\u0107 niezwyk\u0142e do\u015bwiadczenia. Na odkrywc\u00f3w czeka\u0142a tak\u017ce sensoryczna wyprawa \u201eNa tropie zmys\u0142\u00f3w\u201d.<\/span><\/div>\n<\/div>\n<div class=\"x14z9mp xat24cr x1lziwak x1vvkbs xtlvy1s x126k92a\">\n<div dir=\"auto\"><span style=\"color: #000080;\">Du\u017c\u0105 popularno\u015bci\u0105 cieszy\u0142a si\u0119 r\u00f3wnie\u017c grupa stoisk \u201eNauka nie idzie w las\u201d, gdzie przyroda spotyka\u0142a si\u0119 z ciekawostkami i zadaniami do odkrycia. Dzi\u0119ki temu dzieci mog\u0142y zobaczy\u0107, \u017ce nauka mo\u017ce by\u0107 fascynuj\u0105c\u0105 przygod\u0105.<\/span><\/div>\n<\/div>\n<div class=\"x14z9mp xat24cr x1lziwak x1vvkbs xtlvy1s x126k92a\">\n<div dir=\"auto\"><span style=\"color: #000080;\">Nie zabrak\u0142o te\u017c magii wyobra\u017ani. Teatrzyk Cieni przyci\u0105ga\u0142 ma\u0142ych widz\u00f3w, kt\u00f3rzy z zachwytem obserwowali historie tworzone tylko \u015bwiat\u0142em, cieniem i pomys\u0142owo\u015bci\u0105.<\/span><\/div>\n<\/div>\n<div class=\"x14z9mp xat24cr x1lziwak x1vvkbs xtlvy1s x126k92a\">\n<div dir=\"auto\"><span style=\"color: #000080;\">Prawdziwym hitem okaza\u0142o si\u0119 Popcornowe Sushi, kt\u00f3re wywo\u0142ywa\u0142o zar\u00f3wno \u015bmiech, jak i ogromn\u0105 ciekawo\u015b\u0107. Ale to tylko wybrane atrakcje tego dnia&#8230;. by\u0142o, co robi\u0107! <span class=\"html-span xexx8yu xyri2b x18d9i69 x1c1uobl x1hl2dhg x16tdsg8 x1vvkbs x3nfvp2 x1j61x8r x1fcty0u xdj266r xat24cr xm2jcoa x1mpyi22 xxymvpz xlup9mm x1kky2od\"><img loading=\"lazy\" decoding=\"async\" class=\"xz74otr x15mokao x1ga7v0g x16uus16 xbiv7yw\" src=\"https:\/\/static.xx.fbcdn.net\/images\/emoji.php\/v9\/t57\/1\/16\/1f609.png\" alt=\"\ud83d\ude09\" width=\"16\" height=\"16\"><\/span><\/span><\/div>\n<\/div>\n<div class=\"x14z9mp xat24cr x1lziwak x1vvkbs xtlvy1s x126k92a\">\n<div dir=\"auto\"><span style=\"color: #000080;\">W organizacj\u0119 wydarzenia zaanga\u017cowali si\u0119 wszyscy nauczyciele oraz uczniowie starszych klas. Dzi\u0119ki mapce i szkolnemu paszportowi ka\u017cdy m\u00f3g\u0142 poczu\u0107 si\u0119 jak odkrywca w niezwyk\u0142ej szkolnej grze. Po zebraniu kompletu piecz\u0105tek mali go\u015bcie otrzymali dyplomy oraz drobne upominki, ale najwa\u017cniejsze by\u0142o co\u015b jeszcze \u2013 atmosfera \u017cyczliwo\u015bci, u\u015bmiechu i wsp\u00f3lnego odkrywania.<\/span><\/div>\n<\/div>\n<div class=\"x14z9mp xat24cr x1lziwak x1vvkbs xtlvy1s x126k92a\">\n<div dir=\"auto\"><span style=\"color: #000080;\">Bo w naszej szkole wierzymy, \u017ce najwa\u017cniejsze s\u0105 relacje. To one sprawiaj\u0105, \u017ce szko\u0142a staje si\u0119 miejscem bezpiecznym, przyjaznym i pe\u0142nym dobrej energii. Tego dnia by\u0142o to wida\u0107 na ka\u017cdym kroku \u2013 w rozmowach, wsp\u00f3lnej zabawie i u\u015bmiechach dzieci, rodzic\u00f3w, uczni\u00f3w oraz nauczycieli.<\/span><\/div>\n<\/div>\n<div class=\"x14z9mp xat24cr x1lziwak x1vvkbs xtlvy1s x126k92a\">\n<div dir=\"auto\"><span style=\"color: #000080;\">Patrz\u0105c na rado\u015b\u0107 przedszkolak\u00f3w i s\u0142ysz\u0105c pytania: \u201eA kiedy mo\u017cemy tu ju\u017c przyj\u015b\u0107 na lekcje?\u201d, mamy wra\u017cenie, \u017ce wielu z nich w\u0142a\u015bnie znalaz\u0142o swoj\u0105 przysz\u0142\u0105 szko\u0142\u0119.<\/span><\/div>\n<div dir=\"auto\">&nbsp;<\/div>\n<\/div>\n<div class=\"x14z9mp xat24cr x1lziwak x1vvkbs xtlvy1s x126k92a\">\n<div dir=\"auto\"><span style=\"color: #000080;\">Marta Lackowska<\/span><\/div>\n<div dir=\"auto\">\nngg_shortcode_0_placeholder\n<\/div>\n<\/div>\n\n\n","protected":false},"excerpt":{"rendered":"<p>Dzie\u0144 Otwarty w naszej szkole okaza\u0142 si\u0119 prawdziw\u0105 przygod\u0105 \u2013 pe\u0142n\u0105 emocji, \u015bmiechu i\u2026 piecz\u0105tek w szkolnym paszporcie! 6 marca korytarze wype\u0142ni\u0142y si\u0119 radosnym gwarem dzieci, kt\u00f3re wraz z rodzicami przyby\u0142y, by sprawdzi\u0107, jak wygl\u0105da szkolny \u015bwiat \u201eod \u015brodka\u201d. Na naszych go\u015bci czeka\u0142a specjalna mapa szko\u0142y oraz szkolny paszport, w kt\u00f3rym mali odkrywcy zbierali piecz\u0105tki [&hellip;]<\/p>\n","protected":false},"author":2,"featured_media":0,"parent":5983,"menu_order":0,"comment_status":"closed","ping_status":"closed","template":"","meta":{"ngg_post_thumbnail":0,"footnotes":""},"class_list":["post-29762","page","type-page","status-publish","hentry"],"_links":{"self":[{"href":"https:\/\/sp1hrubieszow.pl\/index.php\/wp-json\/wp\/v2\/pages\/29762","targetHints":{"allow":["GET"]}}],"collection":[{"href":"https:\/\/sp1hrubieszow.pl\/index.php\/wp-json\/wp\/v2\/pages"}],"about":[{"href":"https:\/\/sp1hrubieszow.pl\/index.php\/wp-json\/wp\/v2\/types\/page"}],"author":[{"embeddable":true,"href":"https:\/\/sp1hrubieszow.pl\/index.php\/wp-json\/wp\/v2\/users\/2"}],"replies":[{"embeddable":true,"href":"https:\/\/sp1hrubieszow.pl\/index.php\/wp-json\/wp\/v2\/comments?post=29762"}],"version-history":[{"count":1,"href":"https:\/\/sp1hrubieszow.pl\/index.php\/wp-json\/wp\/v2\/pages\/29762\/revisions"}],"predecessor-version":[{"id":29763,"href":"https:\/\/sp1hrubieszow.pl\/index.php\/wp-json\/wp\/v2\/pages\/29762\/revisions\/29763"}],"up":[{"embeddable":true,"href":"https:\/\/sp1hrubieszow.pl\/index.php\/wp-json\/wp\/v2\/pages\/5983"}],"wp:attachment":[{"href":"https:\/\/sp1hrubieszow.pl\/index.php\/wp-json\/wp\/v2\/media?parent=29762"}],"curies":[{"name":"wp","href":"https:\/\/api.w.org\/{rel}","templated":true}]}}