{"id":29652,"date":"2026-02-04T17:30:19","date_gmt":"2026-02-04T16:30:19","guid":{"rendered":"https:\/\/sp1hrubieszow.pl\/?page_id=29652"},"modified":"2026-02-04T17:30:37","modified_gmt":"2026-02-04T16:30:37","slug":"bal-osmoklasistow-wieczor-pelen-wzruszen-i-radosci","status":"publish","type":"page","link":"https:\/\/sp1hrubieszow.pl\/index.php\/kronika-2020-2021\/bal-osmoklasistow-wieczor-pelen-wzruszen-i-radosci\/","title":{"rendered":"Bal \u00d3smoklasist\u00f3w \u2013 wiecz\u00f3r pe\u0142en wzrusze\u0144 i rado\u015bci"},"content":{"rendered":"\n<div class=\"xdj266r x14z9mp xat24cr x1lziwak x1vvkbs x126k92a\">\n<div dir=\"auto\"><span style=\"font-size: 1rem; color: #000080;\">W sobot\u0119 31 stycznia w naszej szkole odby\u0142 si\u0119 wyj\u0105tkowy Bal \u00d3smoklasist\u00f3w \u2013 wydarzenie, kt\u00f3re na d\u0142ugo pozostanie w pami\u0119ci uczni\u00f3w, rodzic\u00f3w oraz nauczycieli. By\u0142 to wiecz\u00f3r pe\u0142en emocji, elegancji, u\u015bmiech\u00f3w i symbolicznego po\u017cegnania wa\u017cnego etapu edukacyjnej drogi.<\/span><\/div>\n<\/div>\n<div class=\"x14z9mp xat24cr x1lziwak x1vvkbs xtlvy1s x126k92a\">\n<div dir=\"auto\"><span style=\"color: #000080;\">Uroczysto\u015b\u0107 rozpocz\u0119\u0142a si\u0119 pi\u0119knym polonezem, kt\u00f3ry zachwyci\u0142 wszystkich zgromadzonych go\u015bci. Uczniowie z wielk\u0105 gracj\u0105 i powag\u0105 zaprezentowali taniec, b\u0119d\u0105cy nieod\u0142\u0105cznym elementem szkolnych tradycji. Ten moment dostarczy\u0142 wielu wzrusze\u0144 i by\u0142 wyrazem dojrza\u0142o\u015bci oraz ogromnego zaanga\u017cowania uczni\u00f3w.<\/span><\/div>\n<div dir=\"auto\">&nbsp;<\/div>\n<\/div>\n<div class=\"x14z9mp xat24cr x1lziwak x1vvkbs xtlvy1s x126k92a\">\n<div dir=\"auto\"><span style=\"color: #000080;\">Na balu zaszczyci\u0142 nas swoj\u0105 obecno\u015bci\u0105 go\u015b\u0107 honorowy \u2013 Pani Burmistrz Marta Majewska, kt\u00f3ra skierowa\u0142a do zebranych ciep\u0142e i inspiruj\u0105ce s\u0142owa, podkre\u015blaj\u0105c znaczenie tego wyj\u0105tkowego momentu w \u017cyciu m\u0142odych ludzi.<\/span><\/div>\n<div dir=\"auto\"><span style=\"color: #000080;\">W imieniu rodzic\u00f3w g\u0142os zabra\u0142a Pani Ewa Belina-Wawryk, zwracaj\u0105c si\u0119 przede wszystkim do uczni\u00f3w. \u017byczy\u0142a im wspania\u0142ej zabawy podczas balu, wielu sukces\u00f3w na nadchodz\u0105cych egzaminach oraz zapewni\u0142a, \u017ce rodzice zawsze s\u0105 i b\u0119d\u0105 przy nich, gotowi do wsparcia na ka\u017cdym etapie ich drogi.<\/span><\/div>\n<div dir=\"auto\">&nbsp;<\/div>\n<\/div>\n<div class=\"x14z9mp xat24cr x1lziwak x1vvkbs xtlvy1s x126k92a\">\n<div dir=\"auto\"><span style=\"color: #000080;\">Kolejnym niezwykle barwnym punktem programu by\u0142 kabaret, w kt\u00f3rym uczniowie zaprezentowali sw\u00f3j talent aktorski, poczucie humoru oraz kreatywno\u015b\u0107. Przedstawienie spotka\u0142o si\u0119 z entuzjastycznym przyj\u0119ciem publiczno\u015bci, a jego tekst autorstwa Pani Ma\u0142gorzaty Greszety zas\u0142uguje na szczeg\u00f3lne i serdeczne podzi\u0119kowania.<\/span><\/div>\n<div dir=\"auto\">&nbsp;<\/div>\n<\/div>\n<div class=\"x14z9mp xat24cr x1lziwak x1vvkbs xtlvy1s x126k92a\">\n<div dir=\"auto\"><span style=\"color: #000080;\">Ten wyj\u0105tkowy wiecz\u00f3r nie m\u00f3g\u0142by si\u0119 odby\u0107 bez ogromnego zaanga\u017cowania Rodzic\u00f3w, kt\u00f3rzy byli g\u0142\u00f3wnymi organizatorami balu. Z ca\u0142ego serca dzi\u0119kujemy za po\u015bwi\u0119cony czas, energi\u0119, dba\u0142o\u015b\u0107 o ka\u017cdy szczeg\u00f3\u0142 oraz stworzenie niezapomnianej atmosfery tego wydarzenia.<\/span><\/div>\n<\/div>\n<div class=\"x14z9mp xat24cr x1lziwak x1vvkbs xtlvy1s x126k92a\">\n<div dir=\"auto\"><span style=\"color: #000080;\">Sk\u0142adamy r\u00f3wnie\u017c serdeczne podzi\u0119kowania Pani Dyrektor Edycie Kucharskiej za \u017cyczliwo\u015b\u0107, wsparcie oraz obecno\u015b\u0107, kt\u00f3ra nada\u0142a uroczysto\u015bci szczeg\u00f3lnie podnios\u0142y charakter.<\/span><\/div>\n<div dir=\"auto\"><span style=\"color: #000080;\">Wyrazy wdzi\u0119czno\u015bci kierujemy tak\u017ce do Pana Marka Lackowskiego, kt\u00f3ry z wielkim zaanga\u017cowaniem pomaga\u0142 zar\u00f3wno rodzicom, jak i uczniom klas \u00f3smych, s\u0142u\u017c\u0105c pomoc\u0105 na ka\u017cdym etapie przygotowa\u0144.<\/span><\/div>\n<div dir=\"auto\">&nbsp;<\/div>\n<\/div>\n<div class=\"x14z9mp xat24cr x1lziwak x1vvkbs xtlvy1s x126k92a\">\n<div dir=\"auto\"><span style=\"color: #000080;\">Dzi\u0119kujemy wszystkim, kt\u00f3rzy przyczynili si\u0119 do tego, \u017ce ten wiecz\u00f3r by\u0142 tak wyj\u0105tkowy.<\/span><\/div>\n<\/div>\n<div class=\"x14z9mp xat24cr x1lziwak x1vvkbs xtlvy1s x126k92a\">\n<div dir=\"auto\"><span style=\"color: #000080;\"><span class=\"html-span xexx8yu xyri2b x18d9i69 x1c1uobl x1hl2dhg x16tdsg8 x1vvkbs x3nfvp2 x1j61x8r x1fcty0u xdj266r xat24cr xm2jcoa x1mpyi22 xxymvpz xlup9mm x1kky2od\"><img loading=\"lazy\" decoding=\"async\" class=\"xz74otr x15mokao x1ga7v0g x16uus16 xbiv7yw\" src=\"https:\/\/static.xx.fbcdn.net\/images\/emoji.php\/v9\/tf4\/1\/16\/2728.png\" alt=\"\u2728\" width=\"16\" height=\"16\"><\/span> To by\u0142 bal pe\u0142en wzrusze\u0144 i wspomnie\u0144, kt\u00f3re pozostan\u0105 z nami na zawsze. <span class=\"html-span xexx8yu xyri2b x18d9i69 x1c1uobl x1hl2dhg x16tdsg8 x1vvkbs x3nfvp2 x1j61x8r x1fcty0u xdj266r xat24cr xm2jcoa x1mpyi22 xxymvpz xlup9mm x1kky2od\"><img loading=\"lazy\" decoding=\"async\" class=\"xz74otr x15mokao x1ga7v0g x16uus16 xbiv7yw\" src=\"https:\/\/static.xx.fbcdn.net\/images\/emoji.php\/v9\/tf4\/1\/16\/2728.png\" alt=\"\u2728\" width=\"16\" height=\"16\"><\/span><\/span><\/div>\n<div dir=\"auto\">&nbsp;<\/div>\n<\/div>\n<div class=\"x14z9mp xat24cr x1lziwak x1vvkbs xtlvy1s x126k92a\">\n<div dir=\"auto\"><span style=\"color: #000080;\">Zdj\u0119cia: Justyna i Daniel Omelczuk<\/span><\/div>\n<\/div>\n<div class=\"x14z9mp xat24cr x1lziwak x1vvkbs xtlvy1s x126k92a\">\n<div dir=\"auto\" style=\"text-align: right;\"><span style=\"color: #000080;\">Marta Lackowska<\/span><\/div>\n<div dir=\"auto\" style=\"text-align: right;\"><span style=\"color: #000080;\">Monika Jako\u015b &#8211; W\u00f3r<\/span><\/div>\n<div dir=\"auto\">\nngg_shortcode_0_placeholder\n<\/div>\n<\/div>\n\n\n","protected":false},"excerpt":{"rendered":"<p>W sobot\u0119 31 stycznia w naszej szkole odby\u0142 si\u0119 wyj\u0105tkowy Bal \u00d3smoklasist\u00f3w \u2013 wydarzenie, kt\u00f3re na d\u0142ugo pozostanie w pami\u0119ci uczni\u00f3w, rodzic\u00f3w oraz nauczycieli. By\u0142 to wiecz\u00f3r pe\u0142en emocji, elegancji, u\u015bmiech\u00f3w i symbolicznego po\u017cegnania wa\u017cnego etapu edukacyjnej drogi. Uroczysto\u015b\u0107 rozpocz\u0119\u0142a si\u0119 pi\u0119knym polonezem, kt\u00f3ry zachwyci\u0142 wszystkich zgromadzonych go\u015bci. Uczniowie z wielk\u0105 gracj\u0105 i powag\u0105 zaprezentowali [&hellip;]<\/p>\n","protected":false},"author":2,"featured_media":0,"parent":5983,"menu_order":0,"comment_status":"closed","ping_status":"closed","template":"","meta":{"ngg_post_thumbnail":0,"footnotes":""},"class_list":["post-29652","page","type-page","status-publish","hentry"],"_links":{"self":[{"href":"https:\/\/sp1hrubieszow.pl\/index.php\/wp-json\/wp\/v2\/pages\/29652","targetHints":{"allow":["GET"]}}],"collection":[{"href":"https:\/\/sp1hrubieszow.pl\/index.php\/wp-json\/wp\/v2\/pages"}],"about":[{"href":"https:\/\/sp1hrubieszow.pl\/index.php\/wp-json\/wp\/v2\/types\/page"}],"author":[{"embeddable":true,"href":"https:\/\/sp1hrubieszow.pl\/index.php\/wp-json\/wp\/v2\/users\/2"}],"replies":[{"embeddable":true,"href":"https:\/\/sp1hrubieszow.pl\/index.php\/wp-json\/wp\/v2\/comments?post=29652"}],"version-history":[{"count":1,"href":"https:\/\/sp1hrubieszow.pl\/index.php\/wp-json\/wp\/v2\/pages\/29652\/revisions"}],"predecessor-version":[{"id":29653,"href":"https:\/\/sp1hrubieszow.pl\/index.php\/wp-json\/wp\/v2\/pages\/29652\/revisions\/29653"}],"up":[{"embeddable":true,"href":"https:\/\/sp1hrubieszow.pl\/index.php\/wp-json\/wp\/v2\/pages\/5983"}],"wp:attachment":[{"href":"https:\/\/sp1hrubieszow.pl\/index.php\/wp-json\/wp\/v2\/media?parent=29652"}],"curies":[{"name":"wp","href":"https:\/\/api.w.org\/{rel}","templated":true}]}}