{"id":29416,"date":"2025-10-18T19:38:48","date_gmt":"2025-10-18T17:38:48","guid":{"rendered":"https:\/\/sp1hrubieszow.pl\/?page_id=29416"},"modified":"2025-10-18T19:39:28","modified_gmt":"2025-10-18T17:39:28","slug":"rozstrzygniecie-v-tej-edycji-miedzyszkolnego-konkursu-mediacja-sposobem-na-konflikt","status":"publish","type":"page","link":"https:\/\/sp1hrubieszow.pl\/index.php\/kronika-2020-2021\/rozstrzygniecie-v-tej-edycji-miedzyszkolnego-konkursu-mediacja-sposobem-na-konflikt\/","title":{"rendered":"Rozstrzygni\u0119cie V-tej edycji mi\u0119dzyszkolnego konkursu \u201eMediacja sposobem na konflikt\u201d"},"content":{"rendered":"\n\n\n<div class=\"xdj266r x14z9mp xat24cr x1lziwak x1vvkbs x126k92a\">\n<div dir=\"auto\"><span style=\"color: #000080;\">W dniu 15.10.2025r. w Szkole Podstawowej Nr 1 im. Boles\u0142awa Prusa w Hrubieszowie odby\u0142o si\u0119 uroczyste rozstrzygni\u0119cie konkursu pt. \u201eMediacja sposobem na konflikt\u201d. Pi\u0105ta, jubileuszowa edycja konkursu promuj\u0105cego mediacj\u0119 oraz mediacje r\u00f3wie\u015bnicze, przebiega\u0142a jak co roku pod honorowym patronatem Burmistrza Miasta Hrubieszowa Pani Marty Majewskiej oraz Prezesa S\u0105du Rejonowego w Hrubieszowie. Wydarzenie zorganizowane zosta\u0142o<\/span><\/div>\n<div dir=\"auto\"><span style=\"color: #000080;\">w \u201eTygodniu Mediacji\u201d przez Szkolny Klub Mediatora, dzia\u0142aj\u0105cy w Szkole Podstawowej Nr 1 im. Boles\u0142awa Prusa w Hrubieszowie.<\/span><\/div>\n<div dir=\"auto\"><span style=\"color: #000080;\">Nagrody w postaci statuetek zosta\u0142y ufundowane przez Gmin\u0119 Miejsk\u0105 Hrubiesz\u00f3w <span class=\"html-span xdj266r x14z9mp xat24cr x1lziwak xexx8yu xyri2b x18d9i69 x1c1uobl x1hl2dhg x16tdsg8 x1vvkbs\"><a class=\"x1i10hfl xjbqb8w x1ejq31n x18oe1m7 x1sy0etr xstzfhl x972fbf x10w94by x1qhh985 x14e42zd x9f619 x1ypdohk xt0psk2 x3ct3a4 xdj266r x14z9mp xat24cr x1lziwak xexx8yu xyri2b x18d9i69 x1c1uobl x16tdsg8 x1hl2dhg xggy1nq x1a2a7pz xkrqix3 x1sur9pj x1fey0fg x1s688f\" style=\"color: #000080;\" tabindex=\"0\" role=\"link\" href=\"https:\/\/www.facebook.com\/miastozklimatem?__cft__[0]=AZXwtzJqItH5IL31JCX9C5cR04AP3ZD1o5jOjzRCI8_Jv04Akuz_bXerw_yp_mWrqXHwqR2vhxcLFA0KgERpx2q8A1yoGn9BQBpg29fQvqdf5UkotMCTTNnTqUQuSUABYkAUldD0A46n_Qm1wY3t1eGdPIjUPT6Ouw1SHy-n1maIrIaSyVWwftmMF7Cfxtu1wrs&amp;__tn__=-]K-R\"><span class=\"xt0psk2\"><span class=\"xjp7ctv\">Hrubiesz\u00f3w Miasto z Klimatem<\/span><\/span><\/a><\/span><\/span><\/div>\n<div dir=\"auto\"><span style=\"color: #000080;\">Upominki dla nagrodzonych uczni\u00f3w ufundowane zosta\u0142y przez Gmin\u0119 Miejsk\u0105 Hrubiesz\u00f3w i S\u0105d Rejonowy w Hrubieszowie.<\/span><\/div>\n<\/div>\n<div class=\"x14z9mp xat24cr x1lziwak x1vvkbs xtlvy1s x126k92a\">\n<div dir=\"auto\"><span style=\"color: #000080;\">Prace konkursowe oceni\u0142a komisja w sk\u0142adzie: pani Edyta Kucharska, pani Ewa Szostak, pani Ewa Filipowicz-Sidorczuk, pani Arleta Kowalska, pani Ma\u0142gorzata Serafin, pani Marta Malicka, pani Anna Karkuszewska, pani Anna Czernysz, pani Monika Czulak.<\/span><\/div>\n<\/div>\n<div class=\"x14z9mp xat24cr x1lziwak x1vvkbs xtlvy1s x126k92a\">\n<div dir=\"auto\"><span style=\"color: #000080;\">Uroczystego wr\u0119czenia nagr\u00f3d dokona\u0142y: pani Marta Mazek, Sekretarz Miasta, reprezentuj\u0105ca <span class=\"html-span xdj266r x14z9mp xat24cr x1lziwak xexx8yu xyri2b x18d9i69 x1c1uobl x1hl2dhg x16tdsg8 x1vvkbs\"><a class=\"x1i10hfl xjbqb8w x1ejq31n x18oe1m7 x1sy0etr xstzfhl x972fbf x10w94by x1qhh985 x14e42zd x9f619 x1ypdohk xt0psk2 x3ct3a4 xdj266r x14z9mp xat24cr x1lziwak xexx8yu xyri2b x18d9i69 x1c1uobl x16tdsg8 x1hl2dhg xggy1nq x1a2a7pz xkrqix3 x1sur9pj x1fey0fg x1s688f\" style=\"color: #000080;\" tabindex=\"0\" role=\"link\" href=\"https:\/\/www.facebook.com\/profile.php?id=100063714095538&amp;__cft__[0]=AZXwtzJqItH5IL31JCX9C5cR04AP3ZD1o5jOjzRCI8_Jv04Akuz_bXerw_yp_mWrqXHwqR2vhxcLFA0KgERpx2q8A1yoGn9BQBpg29fQvqdf5UkotMCTTNnTqUQuSUABYkAUldD0A46n_Qm1wY3t1eGdPIjUPT6Ouw1SHy-n1maIrIaSyVWwftmMF7Cfxtu1wrs&amp;__tn__=-]K-R\"><span class=\"xt0psk2\"><span class=\"xjp7ctv\">Marta Majewska &#8211; Burmistrz Miasta Hrubieszowa<\/span><\/span><\/a><\/span>, pani Iwona Kalbarczyk, asystent S\u0119dziego w S\u0105dzie Rejonowym w Hrubieszowie, reprezentuj\u0105ca Prezesa S\u0105du Rejonowego w Hrubieszowie, Pani\u0105 Zofi\u0119 Musia\u0142-Kwiatkowsk\u0105 oraz pani Edyta Kucharska, dyrektor Szko\u0142y Podstawowej Nr 1 im. Boles\u0142awa Prusa w Hrubieszowie.<\/span><\/div>\n<\/div>\n<div class=\"x14z9mp xat24cr x1lziwak x1vvkbs xtlvy1s x126k92a\">\n<div dir=\"auto\"><span style=\"color: #000080;\">Laureaci konkursu w kategorii szko\u0142a podstawowa<\/span><\/div>\n<div dir=\"auto\"><span style=\"color: #000080;\">I miejsce: Tomasz Pytka, Szko\u0142a Podstawowa im. ks. Stanis\u0142awa Staszica w Czerniczynie<\/span><\/div>\n<div dir=\"auto\"><span style=\"color: #000080;\">II miejsce: \u0141ucja Dorman, Szko\u0142a Podstawowa nr 1 im. Boles\u0142awa Prusa w Hrubieszowie<\/span><\/div>\n<div dir=\"auto\"><span style=\"color: #000080;\">III miejsce: Amelia W\u00f3jcik, Zesp\u00f3\u0142 Szkolno-Przedszkolny w Mirczu<\/span><\/div>\n<div dir=\"auto\"><span style=\"color: #000080;\">Wyr\u00f3\u017cnienia:<\/span><\/div>\n<div dir=\"auto\"><span style=\"color: #000080;\">R\u00f3\u017ca Bartecka, Szko\u0142a Podstawowa w \u015alipczu z siedzib\u0105 w Kozodawach<\/span><\/div>\n<div dir=\"auto\"><span style=\"color: #000080;\">Bartosz Foltyn, Szko\u0142a Podstawowa nr 2 im. Kardyna\u0142a Stefana Wyszy\u0144skiego w Hrubieszowie<\/span><\/div>\n<div dir=\"auto\"><span style=\"color: #000080;\">Julia Michalczewska, Szko\u0142a Podstawowa nr 1 im. Boles\u0142awa Prusa w Hrubieszowie<\/span><\/div>\n<\/div>\n<div class=\"x14z9mp xat24cr x1lziwak x1vvkbs xtlvy1s x126k92a\">\n<div dir=\"auto\"><span style=\"color: #000080;\">Laureaci konkursu w kategorii szk\u00f3\u0142 ponadpodstawowych<\/span><\/div>\n<div dir=\"auto\"><span style=\"color: #000080;\">I miejsce: Patrycja Burdza\u0144, Zesp\u00f3\u0142 Szk\u00f3\u0142 Nr 3 im. Tadeusza Ko\u015bciuszki w Hrubieszowie<\/span><\/div>\n<div dir=\"auto\"><span style=\"color: #000080;\">II miejsce: Aleksandra Palichleb, Zesp\u00f3\u0142 Szk\u00f3\u0142 Nr 3 im. Tadeusza Ko\u015bciuszki w Hrubieszowie<\/span><\/div>\n<div dir=\"auto\"><span style=\"color: #000080;\">III miejsce: Daria Adamchuk, Zesp\u00f3\u0142 Szk\u00f3\u0142 Nr 1 w Hrubieszowie<\/span><\/div>\n<div dir=\"auto\"><span style=\"color: #000080;\">Wyr\u00f3\u017cnienia:<\/span><\/div>\n<div dir=\"auto\"><span style=\"color: #000080;\">Wiktoria Szka\u0142uba, I Liceum Og\u00f3lnokszta\u0142c\u0105ce im. ks. Stanis\u0142awa Staszica w Hrubieszowie<\/span><\/div>\n<div dir=\"auto\"><span style=\"color: #000080;\">Natalia Maksymiuk, Zesp\u00f3\u0142 Szk\u00f3\u0142 Nr 3 im. Tadeusza Ko\u015bciuszki w Hrubieszowie<\/span><\/div>\n<div dir=\"auto\"><span style=\"color: #000080;\">Sylwia Sawczuk, Zesp\u00f3\u0142 Szk\u00f3\u0142 Nr 4 w Hrubieszowie<\/span><\/div>\n<\/div>\n<div class=\"x14z9mp xat24cr x1lziwak x1vvkbs xtlvy1s x126k92a\">\n<div dir=\"auto\"><span style=\"color: #000080;\">Wyr\u00f3\u017cnienia specjalne mediator\u00f3w r\u00f3wie\u015bniczych:<\/span><\/div>\n<div dir=\"auto\"><span style=\"color: #000080;\">Nikola Pietryna, I Liceum Og\u00f3lnokszta\u0142c\u0105ce im. ks. Stanis\u0142awa Staszica w Hrubieszowie<\/span><\/div>\n<div dir=\"auto\"><span style=\"color: #000080;\">Ewelina Tyrka, Zesp\u00f3\u0142 Szk\u00f3\u0142 Nr 1 w Hrubieszowie<\/span><\/div>\n<div dir=\"auto\"><span style=\"color: #000080;\">Marta W\u0105siel, Zesp\u00f3\u0142 Szkolno-Przedszkolny w Mirczu<\/span><\/div>\n<\/div>\n<div class=\"x14z9mp xat24cr x1lziwak x1vvkbs xtlvy1s x126k92a\">\n<div dir=\"auto\"><span style=\"color: #000080;\">Gratulujemy wszystkim uczniom nagrodzonym i wyr\u00f3\u017cnionym oraz ich opiekunom, nauczycielom i pedagogom z poszczeg\u00f3lnych szk\u00f3\u0142. Zapraszamy do udzia\u0142u w kolejnej edycji konkursu i do wsp\u00f3\u0142pracy w szerzeniu idei mediacji w naszych szkolnych spo\u0142eczno\u015bciach. Razem mo\u017cemy wi\u0119cej!<\/span><\/div>\n<div dir=\"auto\">&nbsp;<\/div>\n<\/div>\n<div class=\"x14z9mp xat24cr x1lziwak x1vvkbs xtlvy1s x126k92a\">\n<div dir=\"auto\"><span style=\"color: #000080;\">Organizator konkursu : Marta Kuczy\u0144ska, pedagog, mediator<\/span><\/div>\n<div dir=\"auto\">\nngg_shortcode_0_placeholder\n<\/div>\n<\/div>\n","protected":false},"excerpt":{"rendered":"<p>W dniu 15.10.2025r. w Szkole Podstawowej Nr 1 im. Boles\u0142awa Prusa w Hrubieszowie odby\u0142o si\u0119 uroczyste rozstrzygni\u0119cie konkursu pt. \u201eMediacja sposobem na konflikt\u201d. Pi\u0105ta, jubileuszowa edycja konkursu promuj\u0105cego mediacj\u0119 oraz mediacje r\u00f3wie\u015bnicze, przebiega\u0142a jak co roku pod honorowym patronatem Burmistrza Miasta Hrubieszowa Pani Marty Majewskiej oraz Prezesa S\u0105du Rejonowego w Hrubieszowie. Wydarzenie zorganizowane zosta\u0142o w [&hellip;]<\/p>\n","protected":false},"author":2,"featured_media":0,"parent":5983,"menu_order":0,"comment_status":"closed","ping_status":"closed","template":"","meta":{"ngg_post_thumbnail":0,"footnotes":""},"class_list":["post-29416","page","type-page","status-publish","hentry"],"_links":{"self":[{"href":"https:\/\/sp1hrubieszow.pl\/index.php\/wp-json\/wp\/v2\/pages\/29416","targetHints":{"allow":["GET"]}}],"collection":[{"href":"https:\/\/sp1hrubieszow.pl\/index.php\/wp-json\/wp\/v2\/pages"}],"about":[{"href":"https:\/\/sp1hrubieszow.pl\/index.php\/wp-json\/wp\/v2\/types\/page"}],"author":[{"embeddable":true,"href":"https:\/\/sp1hrubieszow.pl\/index.php\/wp-json\/wp\/v2\/users\/2"}],"replies":[{"embeddable":true,"href":"https:\/\/sp1hrubieszow.pl\/index.php\/wp-json\/wp\/v2\/comments?post=29416"}],"version-history":[{"count":1,"href":"https:\/\/sp1hrubieszow.pl\/index.php\/wp-json\/wp\/v2\/pages\/29416\/revisions"}],"predecessor-version":[{"id":29417,"href":"https:\/\/sp1hrubieszow.pl\/index.php\/wp-json\/wp\/v2\/pages\/29416\/revisions\/29417"}],"up":[{"embeddable":true,"href":"https:\/\/sp1hrubieszow.pl\/index.php\/wp-json\/wp\/v2\/pages\/5983"}],"wp:attachment":[{"href":"https:\/\/sp1hrubieszow.pl\/index.php\/wp-json\/wp\/v2\/media?parent=29416"}],"curies":[{"name":"wp","href":"https:\/\/api.w.org\/{rel}","templated":true}]}}