{"id":29380,"date":"2025-10-18T19:14:27","date_gmt":"2025-10-18T17:14:27","guid":{"rendered":"https:\/\/sp1hrubieszow.pl\/?page_id=29380"},"modified":"2025-10-18T19:14:42","modified_gmt":"2025-10-18T17:14:42","slug":"dzien-chlopaka-klasy-5a","status":"publish","type":"page","link":"https:\/\/sp1hrubieszow.pl\/index.php\/kronika-2020-2021\/dzien-chlopaka-klasy-5a\/","title":{"rendered":"Dzie\u0144 Ch\u0142opaka klasy 5a"},"content":{"rendered":"\n<p><span style=\"color: #000080;\">Z okazji Dnia Ch\u0142opaka uczniowie klasy 5a wybrali si\u0119 na wyj\u0105tkow\u0105 wycieczk\u0119 do Podziemi Kredowych w Che\u0142mie. Ju\u017c sama podr\u00f3\u017c by\u0142a pe\u0142na rado\u015bci i \u015bmiechu, a po dotarciu na miejsce czeka\u0142a na wszystkich niezwyk\u0142a przygoda \u2013 spacer labiryntem korytarzy wykutych w kredzie. Uczniowie z zainteresowaniem s\u0142uchali opowie\u015bci przewodnika o historii podziemi, legendach i tajemniczym Duchu Bieluchu, kt\u00f3ry \u2013 jak g\u0142osi miejscowa legenda \u2013 opiekuje si\u0119 che\u0142mskimi korytarzami.<\/span><\/p>\n<p><span style=\"color: #000080;\">Po zako\u0144czeniu zwiedzania uczestnicy wycieczki udali si\u0119 do McDonald\u2019sa, gdzie czeka\u0142 zas\u0142u\u017cony odpoczynek i wsp\u00f3lny posi\u0142ek. By\u0142 to doskona\u0142y moment na rozmowy, \u015bmiech i wsp\u00f3lne \u015bwi\u0119towanie Dnia Ch\u0142opaka w mi\u0142ej atmosferze.<\/span><\/p>\n<p><span style=\"color: #000080;\">Wycieczka dostarczy\u0142a uczniom wielu wra\u017ce\u0144, poszerzy\u0142a ich wiedz\u0119 o historii regionu i pozwoli\u0142a na wsp\u00f3lne, radosne sp\u0119dzenie czasu poza szkolnymi murami. Wszyscy wr\u00f3cili do domu w \u015bwietnych humorach, z now\u0105 porcj\u0105 wspomnie\u0144 i energii do dalszej nauki.<\/span><\/p>\nngg_shortcode_0_placeholder\n","protected":false},"excerpt":{"rendered":"<p>Z okazji Dnia Ch\u0142opaka uczniowie klasy 5a wybrali si\u0119 na wyj\u0105tkow\u0105 wycieczk\u0119 do Podziemi Kredowych w Che\u0142mie. Ju\u017c sama podr\u00f3\u017c by\u0142a pe\u0142na rado\u015bci i \u015bmiechu, a po dotarciu na miejsce czeka\u0142a na wszystkich niezwyk\u0142a przygoda \u2013 spacer labiryntem korytarzy wykutych w kredzie. Uczniowie z zainteresowaniem s\u0142uchali opowie\u015bci przewodnika o historii podziemi, legendach i tajemniczym Duchu [&hellip;]<\/p>\n","protected":false},"author":2,"featured_media":0,"parent":5983,"menu_order":0,"comment_status":"closed","ping_status":"closed","template":"","meta":{"ngg_post_thumbnail":0,"footnotes":""},"class_list":["post-29380","page","type-page","status-publish","hentry"],"_links":{"self":[{"href":"https:\/\/sp1hrubieszow.pl\/index.php\/wp-json\/wp\/v2\/pages\/29380","targetHints":{"allow":["GET"]}}],"collection":[{"href":"https:\/\/sp1hrubieszow.pl\/index.php\/wp-json\/wp\/v2\/pages"}],"about":[{"href":"https:\/\/sp1hrubieszow.pl\/index.php\/wp-json\/wp\/v2\/types\/page"}],"author":[{"embeddable":true,"href":"https:\/\/sp1hrubieszow.pl\/index.php\/wp-json\/wp\/v2\/users\/2"}],"replies":[{"embeddable":true,"href":"https:\/\/sp1hrubieszow.pl\/index.php\/wp-json\/wp\/v2\/comments?post=29380"}],"version-history":[{"count":1,"href":"https:\/\/sp1hrubieszow.pl\/index.php\/wp-json\/wp\/v2\/pages\/29380\/revisions"}],"predecessor-version":[{"id":29381,"href":"https:\/\/sp1hrubieszow.pl\/index.php\/wp-json\/wp\/v2\/pages\/29380\/revisions\/29381"}],"up":[{"embeddable":true,"href":"https:\/\/sp1hrubieszow.pl\/index.php\/wp-json\/wp\/v2\/pages\/5983"}],"wp:attachment":[{"href":"https:\/\/sp1hrubieszow.pl\/index.php\/wp-json\/wp\/v2\/media?parent=29380"}],"curies":[{"name":"wp","href":"https:\/\/api.w.org\/{rel}","templated":true}]}}