{"id":29354,"date":"2025-10-15T19:45:06","date_gmt":"2025-10-15T17:45:06","guid":{"rendered":"https:\/\/sp1hrubieszow.pl\/?page_id=29354"},"modified":"2025-10-15T19:46:28","modified_gmt":"2025-10-15T17:46:28","slug":"miejskie-obchody-dnia-edukacji-narodowej","status":"publish","type":"page","link":"https:\/\/sp1hrubieszow.pl\/index.php\/kronika-2020-2021\/miejskie-obchody-dnia-edukacji-narodowej\/","title":{"rendered":"Miejskie obchody Dnia Edukacji Narodowej"},"content":{"rendered":"\n<div class=\"xdj266r x14z9mp xat24cr x1lziwak x1vvkbs x126k92a\">\n<div dir=\"auto\"><span style=\"color: #000080;\">W dniu 14.10.2025 w Hrubieszowskim Domu Kultury odby\u0142y si\u0119 miejskie obchody Dnia Edukacji Narodowej, kt\u00f3rych organizacj\u0119 i artystyczn\u0105 opraw\u0119 powierzono naszej szkole. Jak zawsze \u2013 Jedynka udowodni\u0142a, \u017ce jest numerem jeden!<\/span><\/div>\n<\/div>\n<div class=\"x14z9mp xat24cr x1lziwak x1vvkbs xtlvy1s x126k92a\">\n<div dir=\"auto\"><span style=\"color: #000080;\">Uroczysta akademia przygotowana przez nauczycieli i uczni\u00f3w naszej szko\u0142y zachwyci\u0142a zgromadzon\u0105 publiczno\u015b\u0107. Opraw\u0119 muzyczn\u0105 zapewnili: Monika Czulak, Agnieszka Kolano oraz Rafa\u0142 Piwkowski, natomiast barwny wyst\u0119p taneczny przygotowa\u0142a \u015bwietlicowa grupa taneczna pod kierunkiem Pauliny Seweryn.<\/span><\/div>\n<\/div>\n<div class=\"x14z9mp xat24cr x1lziwak x1vvkbs xtlvy1s x126k92a\">\n<div dir=\"auto\"><span style=\"color: #000080;\">Za re\u017cyseri\u0119 i inscenizacj\u0119 ca\u0142o\u015bci odpowiada\u0142y Ma\u0142gorzata Greszeta, Marta Lackowska oraz Iwona Kraczkowska, a prezentacj\u0119 multimedialn\u0105 opracowa\u0142y Edyta Miller-Wiatrowska i Monika Jako\u015b-W\u00f3r. Scenografi\u0119 i dekoracje przygotowali: Ewa Filipowicz-Sidorczuk, Arleta Kowalska, Renata Danilczuk, Marek Lackowski oraz Andrzej Sadowski.<\/span><\/div>\n<\/div>\n<div class=\"x14z9mp xat24cr x1lziwak x1vvkbs xtlvy1s x126k92a\">\n<div dir=\"auto\"><span style=\"color: #000080;\">Nie zabrak\u0142o r\u00f3wnie\u017c humoru \u2013 w kabaretowej cz\u0119\u015bci programu nasi szkolni aktorzy zaprezentowali prawdziwy kunszt aktorski, rozbawiaj\u0105c publiczno\u015b\u0107 do \u0142ez i udowadniaj\u0105c, \u017ce w Jedynce nie brakuje talent\u00f3w.<\/span><\/div>\n<\/div>\n<div class=\"x14z9mp xat24cr x1lziwak x1vvkbs xtlvy1s x126k92a\">\n<div dir=\"auto\"><span style=\"color: #000080;\">Po cz\u0119\u015bci artystycznej <span class=\"html-span xdj266r x14z9mp xat24cr x1lziwak xexx8yu xyri2b x18d9i69 x1c1uobl x1hl2dhg x16tdsg8 x1vvkbs\"><span class=\"xt0psk2\"><span class=\"xjp7ctv\">Burmistrz Miasta Hrubieszowa<\/span><\/span><\/span> &#8211; <span class=\"html-span xdj266r x14z9mp xat24cr x1lziwak xexx8yu xyri2b x18d9i69 x1c1uobl x1hl2dhg x16tdsg8 x1vvkbs\"><span class=\"xt0psk2\"><span class=\"xjp7ctv\">Marta Majewska <\/span><\/span><\/span>wr\u0119czy\u0142a Nagrody Burmistrza, a dyrektorzy szk\u00f3\u0142 i przedszkoli przekazali Nagrody Dyrektora dla nauczycieli oraz pracownik\u00f3w niepedagogicznych, dzi\u0119kuj\u0105c im za codzienny trud i zaanga\u017cowanie w prac\u0119 na rzecz edukacji.<\/span><\/div>\n<\/div>\n<div class=\"x14z9mp xat24cr x1lziwak x1vvkbs xtlvy1s x126k92a\">\n<div dir=\"auto\"><span style=\"color: #000080;\">Uroczyst\u0105 gal\u0119 prowadzili Pani Dyrektor Edyta Kucharska oraz Dyrektor Wydzia\u0142u O\u015bwiaty i Kultury \u2013 Rados\u0142aw D\u0105browski.<\/span><\/div>\n<\/div>\n<div class=\"x14z9mp xat24cr x1lziwak x1vvkbs xtlvy1s x126k92a\">\n<div dir=\"auto\"><span style=\"color: #000080;\">To by\u0142 wyj\u0105tkowy dzie\u0144 pe\u0142en wzrusze\u0144, rado\u015bci i artystycznych wra\u017ce\u0144, kt\u00f3ry na d\u0142ugo pozostanie w pami\u0119ci wszystkich uczestnik\u00f3w. Dzi\u0119kujemy ca\u0142ej spo\u0142eczno\u015bci szkolnej za zaanga\u017cowanie i wsp\u00f3lny sukces!<\/span><\/div>\n<div dir=\"auto\">&nbsp;<\/div>\n<div dir=\"auto\" style=\"text-align: right;\"><span style=\"color: #000080;\">Marta Lackowska<\/span><\/div>\n<div dir=\"auto\">\nngg_shortcode_0_placeholder\n<\/div>\n<\/div>\n\n\n","protected":false},"excerpt":{"rendered":"<p>W dniu 14.10.2025 w Hrubieszowskim Domu Kultury odby\u0142y si\u0119 miejskie obchody Dnia Edukacji Narodowej, kt\u00f3rych organizacj\u0119 i artystyczn\u0105 opraw\u0119 powierzono naszej szkole. Jak zawsze \u2013 Jedynka udowodni\u0142a, \u017ce jest numerem jeden! Uroczysta akademia przygotowana przez nauczycieli i uczni\u00f3w naszej szko\u0142y zachwyci\u0142a zgromadzon\u0105 publiczno\u015b\u0107. Opraw\u0119 muzyczn\u0105 zapewnili: Monika Czulak, Agnieszka Kolano oraz Rafa\u0142 Piwkowski, natomiast barwny [&hellip;]<\/p>\n","protected":false},"author":2,"featured_media":0,"parent":5983,"menu_order":0,"comment_status":"closed","ping_status":"closed","template":"","meta":{"ngg_post_thumbnail":0,"footnotes":""},"class_list":["post-29354","page","type-page","status-publish","hentry"],"_links":{"self":[{"href":"https:\/\/sp1hrubieszow.pl\/index.php\/wp-json\/wp\/v2\/pages\/29354","targetHints":{"allow":["GET"]}}],"collection":[{"href":"https:\/\/sp1hrubieszow.pl\/index.php\/wp-json\/wp\/v2\/pages"}],"about":[{"href":"https:\/\/sp1hrubieszow.pl\/index.php\/wp-json\/wp\/v2\/types\/page"}],"author":[{"embeddable":true,"href":"https:\/\/sp1hrubieszow.pl\/index.php\/wp-json\/wp\/v2\/users\/2"}],"replies":[{"embeddable":true,"href":"https:\/\/sp1hrubieszow.pl\/index.php\/wp-json\/wp\/v2\/comments?post=29354"}],"version-history":[{"count":1,"href":"https:\/\/sp1hrubieszow.pl\/index.php\/wp-json\/wp\/v2\/pages\/29354\/revisions"}],"predecessor-version":[{"id":29355,"href":"https:\/\/sp1hrubieszow.pl\/index.php\/wp-json\/wp\/v2\/pages\/29354\/revisions\/29355"}],"up":[{"embeddable":true,"href":"https:\/\/sp1hrubieszow.pl\/index.php\/wp-json\/wp\/v2\/pages\/5983"}],"wp:attachment":[{"href":"https:\/\/sp1hrubieszow.pl\/index.php\/wp-json\/wp\/v2\/media?parent=29354"}],"curies":[{"name":"wp","href":"https:\/\/api.w.org\/{rel}","templated":true}]}}