{"id":29302,"date":"2025-10-11T20:42:46","date_gmt":"2025-10-11T18:42:46","guid":{"rendered":"https:\/\/sp1hrubieszow.pl\/?page_id=29302"},"modified":"2025-10-11T20:43:07","modified_gmt":"2025-10-11T18:43:07","slug":"europejski-tydzien-swiadomosci-dysleksji-w-naszej-szkole-dysleksja-od-opinii-do-czlowieka","status":"publish","type":"page","link":"https:\/\/sp1hrubieszow.pl\/index.php\/kronika-2020-2021\/europejski-tydzien-swiadomosci-dysleksji-w-naszej-szkole-dysleksja-od-opinii-do-czlowieka\/","title":{"rendered":"Europejski Tydzie\u0144 \u015awiadomo\u015bci Dysleksji w naszej szkole- \u201eDysleksja. Od opinii do cz\u0142owieka\u201d"},"content":{"rendered":"\n<p><span style=\"color: #000080;\">W dniach 06-12.10.2025r. zorganizowane zosta\u0142y dzia\u0142ania, maj\u0105ce na celu podnoszenie \u015bwiadomo\u015bci spo\u0142eczno\u015bci szkolnej na temat dysleksji. W dniu 07.10.2025r. odby\u0142a si\u0119 akcja czytelniczo- edukacyjna dla najm\u0142odszych uczni\u00f3w naszej szko\u0142y. W zorganizowanej w szkolnej bibliotece akcji pt. \u201eUcz\u0119 si\u0119 czyta\u0107 z Bratkiem\u201d uczestniczyli uczniowie klasy 1a i 1b. Bajki Bratka czytali uczniowie z klasy 2a, kt\u00f3rzy zach\u0119cali pierwszoklasist\u00f3w do nauki liter oraz wybierania ksi\u0105\u017cki zamiast telewizora, komputera i smartfona. Dzieci nauczy\u0142y si\u0119 rymowanki Bratka \u201eZr\u00f3b sobie przerw\u0119 od telewizora, odejd\u017a na d\u0142u\u017cej od monitora, bo w bibliotece na Ciebie czeka Ksi\u0105\u017cka prawdziwy przyjaciel cz\u0142owieka\u201d. Dodatkowo w wybranych klasach i grupach terapeutycznych, zorganizowano ciekawe zaj\u0119cia, utrwalaj\u0105ce zasady pisowni. Rodzicom przekazano materia\u0142y edukacyjne oraz zach\u0119cono ich do konsultacji ze szkolnymi specjalistami. Zorganizowano konkurs plastyczny pt. \u201eOrtografia na weso\u0142o\u201d, niebawem poznamy laureat\u00f3w konkursu a prace umie\u015bcimy na szkolnym korytarzu by dzi\u0119ki nim, utrwali\u0107 poprawn\u0105 pisowni\u0119 wyraz\u00f3w. Dzi\u0119kujemy wszystkim za w\u0142\u0105czenie si\u0119 w tegoroczne obchody ET\u015aD\u20192025, przebiegaj\u0105ce jak co roku pod patronatem <span class=\"html-span xdj266r x14z9mp xat24cr x1lziwak xexx8yu xyri2b x18d9i69 x1c1uobl x1hl2dhg x16tdsg8 x1vvkbs\"><a class=\"x1i10hfl xjbqb8w x1ejq31n x18oe1m7 x1sy0etr xstzfhl x972fbf x10w94by x1qhh985 x14e42zd x9f619 x1ypdohk xt0psk2 x3ct3a4 xdj266r x14z9mp xat24cr x1lziwak xexx8yu xyri2b x18d9i69 x1c1uobl x16tdsg8 x1hl2dhg xggy1nq x1a2a7pz xkrqix3 x1sur9pj x1fey0fg x1s688f\" style=\"color: #000080;\" tabindex=\"0\" role=\"link\" href=\"https:\/\/www.facebook.com\/Dysleksja?__cft__[0]=AZWEK7EpuIfa1XOtRX0MAVQB8nouI5xjA7CnxYIMP-LkTGscrWsc9wCSdK_9MdKznuJbDTJRzlAmad27IBQUaPDDl1Opw1ujaJ5xiSR3QiMk-e5fCaClLcV5QWnCBvKgrfdCBHyBCOvichKyCEWIbCwCFRIqg2ducntXQ4sYmSRdG6qh75zb33brnCPYvFMM70o&amp;__tn__=-]K-R\"><span class=\"xt0psk2\"><span class=\"xjp7ctv\">Polskie Towarzystwo Dysleksji<\/span><\/span><\/a><\/span>. <span class=\"html-span xexx8yu xyri2b x18d9i69 x1c1uobl x1hl2dhg x16tdsg8 x1vvkbs x3nfvp2 x1j61x8r x1fcty0u xdj266r xat24cr xm2jcoa x1mpyi22 xxymvpz xlup9mm x1kky2od\"><img loading=\"lazy\" decoding=\"async\" class=\"xz74otr x15mokao x1ga7v0g x16uus16 xbiv7yw\" src=\"https:\/\/static.xx.fbcdn.net\/images\/emoji.php\/v9\/t49\/1\/16\/1f4da.png\" alt=\"\ud83d\udcda\" width=\"16\" height=\"16\"><\/span><\/span><\/p>\n<p><span style=\"color: #000080;\">Szkolne dzia\u0142ania zorganizowa\u0142y panie: Marta Kuczy\u0144ska, Anna Karkuszewska, Maria Malicka, Ma\u0142gorzata Serafin, Anna Czernysz, Angelika Nowak<\/span><\/p>\nngg_shortcode_0_placeholder\n","protected":false},"excerpt":{"rendered":"<p>W dniach 06-12.10.2025r. zorganizowane zosta\u0142y dzia\u0142ania, maj\u0105ce na celu podnoszenie \u015bwiadomo\u015bci spo\u0142eczno\u015bci szkolnej na temat dysleksji. W dniu 07.10.2025r. odby\u0142a si\u0119 akcja czytelniczo- edukacyjna dla najm\u0142odszych uczni\u00f3w naszej szko\u0142y. W zorganizowanej w szkolnej bibliotece akcji pt. \u201eUcz\u0119 si\u0119 czyta\u0107 z Bratkiem\u201d uczestniczyli uczniowie klasy 1a i 1b. Bajki Bratka czytali uczniowie z klasy 2a, kt\u00f3rzy [&hellip;]<\/p>\n","protected":false},"author":2,"featured_media":0,"parent":5983,"menu_order":0,"comment_status":"closed","ping_status":"closed","template":"","meta":{"ngg_post_thumbnail":0,"footnotes":""},"class_list":["post-29302","page","type-page","status-publish","hentry"],"_links":{"self":[{"href":"https:\/\/sp1hrubieszow.pl\/index.php\/wp-json\/wp\/v2\/pages\/29302","targetHints":{"allow":["GET"]}}],"collection":[{"href":"https:\/\/sp1hrubieszow.pl\/index.php\/wp-json\/wp\/v2\/pages"}],"about":[{"href":"https:\/\/sp1hrubieszow.pl\/index.php\/wp-json\/wp\/v2\/types\/page"}],"author":[{"embeddable":true,"href":"https:\/\/sp1hrubieszow.pl\/index.php\/wp-json\/wp\/v2\/users\/2"}],"replies":[{"embeddable":true,"href":"https:\/\/sp1hrubieszow.pl\/index.php\/wp-json\/wp\/v2\/comments?post=29302"}],"version-history":[{"count":1,"href":"https:\/\/sp1hrubieszow.pl\/index.php\/wp-json\/wp\/v2\/pages\/29302\/revisions"}],"predecessor-version":[{"id":29303,"href":"https:\/\/sp1hrubieszow.pl\/index.php\/wp-json\/wp\/v2\/pages\/29302\/revisions\/29303"}],"up":[{"embeddable":true,"href":"https:\/\/sp1hrubieszow.pl\/index.php\/wp-json\/wp\/v2\/pages\/5983"}],"wp:attachment":[{"href":"https:\/\/sp1hrubieszow.pl\/index.php\/wp-json\/wp\/v2\/media?parent=29302"}],"curies":[{"name":"wp","href":"https:\/\/api.w.org\/{rel}","templated":true}]}}