{"id":29280,"date":"2025-10-11T20:28:45","date_gmt":"2025-10-11T18:28:45","guid":{"rendered":"https:\/\/sp1hrubieszow.pl\/?page_id=29280"},"modified":"2025-10-11T20:29:28","modified_gmt":"2025-10-11T18:29:28","slug":"wyroznienie-dla-jagody-szczepanik-z-klasy-6a","status":"publish","type":"page","link":"https:\/\/sp1hrubieszow.pl\/index.php\/kronika-2020-2021\/wyroznienie-dla-jagody-szczepanik-z-klasy-6a\/","title":{"rendered":"Wyr\u00f3\u017cnienie dla Jagody Szczepanik z klasy 6a"},"content":{"rendered":"\n<p><span style=\"color: #000080;\">W dniu 06.10.2025r. w S\u0105dzie Okr\u0119gowym w Lublinie odby\u0142a si\u0119 konferencja pt.\u201eMediacje r\u00f3wie\u015bnicze metod\u0105 bezkonfliktowego rozwi\u0105zywania szkolnych spor\u00f3w w\u015br\u00f3d uczni\u00f3w szk\u00f3\u0142 wojew\u00f3dztwa lubelskiego\u201d. Podczas konferencji odby\u0142o si\u0119 wr\u0119czenie nagr\u00f3d dla laureat\u00f3w wojew\u00f3dzkiego konkursu plastycznego i literackiego w ramach programu: \u201eMediacje r\u00f3wie\u015bnicze w szkole metod\u0105 przeciwdzia\u0142ania agresji i niedostosowaniu spo\u0142ecznemu m\u0142odzie\u017cy\u201d za rok szkolny 2024\/2025. Wyr\u00f3\u017cnienie w konkursie plastycznym pt. \u201eMediacja metod\u0105 bezkonfliktowego rozwi\u0105zywania spor\u00f3w\u201d otrzyma\u0142a uczennica klasy 6a Szko\u0142y Podstawowej Nr 1 im. Boles\u0142awa Prusa w Hrubieszowie, Jagoda Szczepanik. <\/span><\/p>\n<p><span style=\"color: #000080;\">W uroczystym wr\u0119czeniu nagrody Jagodzie towarzyszyli Jej Rodzice oraz opiekun Szkolnego Klubu Mediatora, Marta Kuczy\u0144ska. Gratulacje dla Jagody<span class=\"html-span xexx8yu xyri2b x18d9i69 x1c1uobl x1hl2dhg x16tdsg8 x1vvkbs x3nfvp2 x1j61x8r x1fcty0u xdj266r xat24cr xm2jcoa x1mpyi22 xxymvpz xlup9mm x1kky2od\"><img loading=\"lazy\" decoding=\"async\" class=\"xz74otr x15mokao x1ga7v0g x16uus16 xbiv7yw\" src=\"https:\/\/static.xx.fbcdn.net\/images\/emoji.php\/v9\/t6f\/1\/16\/1f337.png\" alt=\"\ud83c\udf37\" width=\"16\" height=\"16\"><\/span>Ju\u017c w przysz\u0142ym tygodniu obchodzi\u0107 b\u0119dziemy Tydzie\u0144 Mediacji oraz Mi\u0119dzynarodowy Dzie\u0144 Mediacji. Cieszymy si\u0119, \u017ce idea mediacji i mediacji r\u00f3wie\u015bniczych w naszej szkole jest wdra\u017cana od wielu lat i z jej pomoc\u0105 pr\u00f3bujemy rozwi\u0105zywa\u0107 szkolne konflikty w spos\u00f3b przyjazny, empatyczny i pozbawiony przemocy.<\/span><\/p>\nngg_shortcode_0_placeholder\n","protected":false},"excerpt":{"rendered":"<p>W dniu 06.10.2025r. w S\u0105dzie Okr\u0119gowym w Lublinie odby\u0142a si\u0119 konferencja pt.\u201eMediacje r\u00f3wie\u015bnicze metod\u0105 bezkonfliktowego rozwi\u0105zywania szkolnych spor\u00f3w w\u015br\u00f3d uczni\u00f3w szk\u00f3\u0142 wojew\u00f3dztwa lubelskiego\u201d. Podczas konferencji odby\u0142o si\u0119 wr\u0119czenie nagr\u00f3d dla laureat\u00f3w wojew\u00f3dzkiego konkursu plastycznego i literackiego w ramach programu: \u201eMediacje r\u00f3wie\u015bnicze w szkole metod\u0105 przeciwdzia\u0142ania agresji i niedostosowaniu spo\u0142ecznemu m\u0142odzie\u017cy\u201d za rok szkolny 2024\/2025. Wyr\u00f3\u017cnienie [&hellip;]<\/p>\n","protected":false},"author":2,"featured_media":0,"parent":5983,"menu_order":0,"comment_status":"closed","ping_status":"closed","template":"","meta":{"ngg_post_thumbnail":0,"footnotes":""},"class_list":["post-29280","page","type-page","status-publish","hentry"],"_links":{"self":[{"href":"https:\/\/sp1hrubieszow.pl\/index.php\/wp-json\/wp\/v2\/pages\/29280","targetHints":{"allow":["GET"]}}],"collection":[{"href":"https:\/\/sp1hrubieszow.pl\/index.php\/wp-json\/wp\/v2\/pages"}],"about":[{"href":"https:\/\/sp1hrubieszow.pl\/index.php\/wp-json\/wp\/v2\/types\/page"}],"author":[{"embeddable":true,"href":"https:\/\/sp1hrubieszow.pl\/index.php\/wp-json\/wp\/v2\/users\/2"}],"replies":[{"embeddable":true,"href":"https:\/\/sp1hrubieszow.pl\/index.php\/wp-json\/wp\/v2\/comments?post=29280"}],"version-history":[{"count":1,"href":"https:\/\/sp1hrubieszow.pl\/index.php\/wp-json\/wp\/v2\/pages\/29280\/revisions"}],"predecessor-version":[{"id":29281,"href":"https:\/\/sp1hrubieszow.pl\/index.php\/wp-json\/wp\/v2\/pages\/29280\/revisions\/29281"}],"up":[{"embeddable":true,"href":"https:\/\/sp1hrubieszow.pl\/index.php\/wp-json\/wp\/v2\/pages\/5983"}],"wp:attachment":[{"href":"https:\/\/sp1hrubieszow.pl\/index.php\/wp-json\/wp\/v2\/media?parent=29280"}],"curies":[{"name":"wp","href":"https:\/\/api.w.org\/{rel}","templated":true}]}}