{"id":28977,"date":"2025-09-12T17:50:50","date_gmt":"2025-09-12T15:50:50","guid":{"rendered":"https:\/\/sp1hrubieszow.pl\/?page_id=28977"},"modified":"2025-09-13T16:45:55","modified_gmt":"2025-09-13T14:45:55","slug":"odwiedzamy-groby-zmarlych-nauczycieli-i-pracownikow-szkoly","status":"publish","type":"page","link":"https:\/\/sp1hrubieszow.pl\/index.php\/kronika-2020-2021\/odwiedzamy-groby-zmarlych-nauczycieli-i-pracownikow-szkoly\/","title":{"rendered":"Odwiedzamy groby zmar\u0142ych nauczycieli i pracownik\u00f3w szko\u0142y"},"content":{"rendered":"\n<p>&nbsp;<\/p>\n<p>&nbsp;<\/p>\n\n\n\n<div dir=\"auto\"><span style=\"color: #000080;\">W tygodniu poprzedzaj\u0105cym uroczysto\u015bci 60-lecia naszej szko\u0142y, uczniowie wraz z wychowawcami odwiedzili groby nauczycieli i pracownik\u00f3w szko\u0142y: klasa 8b z p. Mart\u0105 Lackowsk\u0105, klasa 7a z p. Monik\u0105 Czulak, klasa 6b z p. Ma\u0142gorzat\u0105 Szumiat\u0105, klasa 4a z p. Ann\u0105 Suwa\u0142\u0105 oraz klasa 5a pod opiek\u0105 pani vice dyrektor Ewy Szostak zapalili znicze oraz zostawili okoliczno\u015bciowe chor\u0105giewki i oddali ho\u0142d tym, kt\u00f3rzy po\u015bwi\u0119cili swoje \u017cycie pracy z dzie\u0107mi i m\u0142odzie\u017c\u0105.<\/span><\/div>\n<div dir=\"auto\"><span style=\"color: #000080;\">Wspominaj\u0105c naszych dawnych nauczycieli i pracownik\u00f3w, czuli\u015bmy wdzi\u0119czno\u015b\u0107 za ich trud, pasj\u0119 i serce w\u0142o\u017cone w rozw\u00f3j kolejnych pokole\u0144 uczni\u00f3w. Pami\u0119\u0107 o nich jest dla naszej spo\u0142eczno\u015bci szkolnej niezwykle wa\u017cna. Dzi\u0119ki takim chwilom u\u015bwiadamiamy sobie, \u017ce jeste\u015bmy cz\u0119\u015bci\u0105 wi\u0119kszej historii, kt\u00f3r\u0105 wsp\u00f3\u0142tworzymy \u2013 kontynuuj\u0105c dzie\u0142o tych, kt\u00f3rzy byli tu przed nami.<\/span><\/div>\n<div dir=\"auto\"><span style=\"color: #000080;\">Nasza szko\u0142a to nie tylko budynek i lekcje \u2013 to r\u00f3wnie\u017c ludzie i ich losy. Zostawione chor\u0105giewki by\u0142y symbolem obchod\u00f3w 60-lecia szko\u0142y i wyrazem naszej pami\u0119ci, szacunku oraz wdzi\u0119czno\u015bci. To pi\u0119kny znak, \u017ce wysi\u0142ek tych, kt\u00f3rzy tworzyli \u201eJedynk\u0119\u201d, nigdy nie zostanie zapomniany.<\/span><\/div>\n<div dir=\"auto\">&nbsp;<\/div>\n<div dir=\"auto\" style=\"text-align: right;\"><span style=\"color: #000080;\"><span style=\"color: #000080;\">Marta Lackowska<\/span><\/span><\/div>\n<div dir=\"auto\">\nngg_shortcode_0_placeholder\nngg_shortcode_1_placeholder\nngg_shortcode_2_placeholder\n<\/div>\n<div dir=\"auto\">&nbsp;<\/div>\n<div dir=\"auto\" style=\"text-align: right;\">&nbsp;<\/div>\n<div dir=\"auto\">&nbsp;<\/div>\n\n\n","protected":false},"excerpt":{"rendered":"<p>&nbsp; &nbsp; W tygodniu poprzedzaj\u0105cym uroczysto\u015bci 60-lecia naszej szko\u0142y, uczniowie wraz z wychowawcami odwiedzili groby nauczycieli i pracownik\u00f3w szko\u0142y: klasa 8b z p. Mart\u0105 Lackowsk\u0105, klasa 7a z p. Monik\u0105 Czulak, klasa 6b z p. Ma\u0142gorzat\u0105 Szumiat\u0105, klasa 4a z p. Ann\u0105 Suwa\u0142\u0105 oraz klasa 5a pod opiek\u0105 pani vice dyrektor Ewy Szostak zapalili znicze [&hellip;]<\/p>\n","protected":false},"author":2,"featured_media":0,"parent":5983,"menu_order":0,"comment_status":"closed","ping_status":"closed","template":"","meta":{"ngg_post_thumbnail":0,"footnotes":""},"class_list":["post-28977","page","type-page","status-publish","hentry"],"_links":{"self":[{"href":"https:\/\/sp1hrubieszow.pl\/index.php\/wp-json\/wp\/v2\/pages\/28977","targetHints":{"allow":["GET"]}}],"collection":[{"href":"https:\/\/sp1hrubieszow.pl\/index.php\/wp-json\/wp\/v2\/pages"}],"about":[{"href":"https:\/\/sp1hrubieszow.pl\/index.php\/wp-json\/wp\/v2\/types\/page"}],"author":[{"embeddable":true,"href":"https:\/\/sp1hrubieszow.pl\/index.php\/wp-json\/wp\/v2\/users\/2"}],"replies":[{"embeddable":true,"href":"https:\/\/sp1hrubieszow.pl\/index.php\/wp-json\/wp\/v2\/comments?post=28977"}],"version-history":[{"count":4,"href":"https:\/\/sp1hrubieszow.pl\/index.php\/wp-json\/wp\/v2\/pages\/28977\/revisions"}],"predecessor-version":[{"id":28990,"href":"https:\/\/sp1hrubieszow.pl\/index.php\/wp-json\/wp\/v2\/pages\/28977\/revisions\/28990"}],"up":[{"embeddable":true,"href":"https:\/\/sp1hrubieszow.pl\/index.php\/wp-json\/wp\/v2\/pages\/5983"}],"wp:attachment":[{"href":"https:\/\/sp1hrubieszow.pl\/index.php\/wp-json\/wp\/v2\/media?parent=28977"}],"curies":[{"name":"wp","href":"https:\/\/api.w.org\/{rel}","templated":true}]}}