{"id":28631,"date":"2025-06-06T21:19:01","date_gmt":"2025-06-06T19:19:01","guid":{"rendered":"https:\/\/sp1hrubieszow.pl\/?page_id=28631"},"modified":"2025-06-06T21:19:35","modified_gmt":"2025-06-06T19:19:35","slug":"swietowanie-dnia-dziecka-wyjscie-klasy-7b-restauracji-gniecki","status":"publish","type":"page","link":"https:\/\/sp1hrubieszow.pl\/index.php\/kronika-2020-2021\/swietowanie-dnia-dziecka-wyjscie-klasy-7b-restauracji-gniecki\/","title":{"rendered":"\u015awi\u0119towanie Dnia Dziecka \u2013 wyj\u015bcie klasy 7b restauracji Gniecki"},"content":{"rendered":"\n<div class=\"xdj266r x14z9mp xat24cr x1lziwak x1vvkbs x126k92a\">\n<div dir=\"auto\"><span style=\"font-size: 1rem; color: #000080;\">4 czerwca uczniowie klasy 7b kontynuowali \u015bwi\u0119towanie Dnia Dziecka wyj\u0105tkowym wyj\u015bciem do restauracji Gniecki. By\u0142o pysznie, weso\u0142o i bardzo aktywnie!<\/span><\/div>\n<\/div>\n<div class=\"x14z9mp xat24cr x1lziwak x1vvkbs xtlvy1s x126k92a\">\n<div dir=\"auto\"><span style=\"color: #000080;\">Wszyscy delektowali si\u0119 pyszn\u0105 pizz\u0105 \u2013 ka\u017cdy znalaz\u0142 co\u015b dla siebie, a wsp\u00f3lne jedzenie przy jednym stole sprzyja\u0142o rozmowom i integracji. By\u0142 te\u017c czas na sportow\u0105 rywalizacj\u0119 \u2013 rozegrali\u015bmy pe\u0142ne emocji mecze w kr\u0119gle! Doping, \u015bmiech i zdrowa rywalizacja towarzyszy\u0142y nam przez ca\u0142y czas.<\/span><\/div>\n<\/div>\n<div class=\"x14z9mp xat24cr x1lziwak x1vvkbs xtlvy1s x126k92a\">\n<div dir=\"auto\"><span style=\"color: #000080;\">To by\u0142 doskona\u0142y spos\u00f3b na wsp\u00f3lne sp\u0119dzenie czasu poza szkolnymi \u0142awkami \u2013 pe\u0142en rado\u015bci, relaksu i dobrej zabawy.<\/span><\/div>\n<div dir=\"auto\"><span style=\"color: #000080;\">Marta Lackowska<\/span><\/div>\n<div dir=\"auto\">\nngg_shortcode_0_placeholder\n<\/div>\n<\/div>\n","protected":false},"excerpt":{"rendered":"<p>4 czerwca uczniowie klasy 7b kontynuowali \u015bwi\u0119towanie Dnia Dziecka wyj\u0105tkowym wyj\u015bciem do restauracji Gniecki. By\u0142o pysznie, weso\u0142o i bardzo aktywnie! Wszyscy delektowali si\u0119 pyszn\u0105 pizz\u0105 \u2013 ka\u017cdy znalaz\u0142 co\u015b dla siebie, a wsp\u00f3lne jedzenie przy jednym stole sprzyja\u0142o rozmowom i integracji. By\u0142 te\u017c czas na sportow\u0105 rywalizacj\u0119 \u2013 rozegrali\u015bmy pe\u0142ne emocji mecze w kr\u0119gle! Doping, [&hellip;]<\/p>\n","protected":false},"author":2,"featured_media":0,"parent":5983,"menu_order":0,"comment_status":"closed","ping_status":"closed","template":"","meta":{"ngg_post_thumbnail":0,"footnotes":""},"class_list":["post-28631","page","type-page","status-publish","hentry"],"_links":{"self":[{"href":"https:\/\/sp1hrubieszow.pl\/index.php\/wp-json\/wp\/v2\/pages\/28631","targetHints":{"allow":["GET"]}}],"collection":[{"href":"https:\/\/sp1hrubieszow.pl\/index.php\/wp-json\/wp\/v2\/pages"}],"about":[{"href":"https:\/\/sp1hrubieszow.pl\/index.php\/wp-json\/wp\/v2\/types\/page"}],"author":[{"embeddable":true,"href":"https:\/\/sp1hrubieszow.pl\/index.php\/wp-json\/wp\/v2\/users\/2"}],"replies":[{"embeddable":true,"href":"https:\/\/sp1hrubieszow.pl\/index.php\/wp-json\/wp\/v2\/comments?post=28631"}],"version-history":[{"count":1,"href":"https:\/\/sp1hrubieszow.pl\/index.php\/wp-json\/wp\/v2\/pages\/28631\/revisions"}],"predecessor-version":[{"id":28632,"href":"https:\/\/sp1hrubieszow.pl\/index.php\/wp-json\/wp\/v2\/pages\/28631\/revisions\/28632"}],"up":[{"embeddable":true,"href":"https:\/\/sp1hrubieszow.pl\/index.php\/wp-json\/wp\/v2\/pages\/5983"}],"wp:attachment":[{"href":"https:\/\/sp1hrubieszow.pl\/index.php\/wp-json\/wp\/v2\/media?parent=28631"}],"curies":[{"name":"wp","href":"https:\/\/api.w.org\/{rel}","templated":true}]}}