{"id":28624,"date":"2025-06-06T20:52:31","date_gmt":"2025-06-06T18:52:31","guid":{"rendered":"https:\/\/sp1hrubieszow.pl\/?page_id=28624"},"modified":"2025-06-06T20:53:04","modified_gmt":"2025-06-06T18:53:04","slug":"rajd-rowerowy-klasy-7c","status":"publish","type":"page","link":"https:\/\/sp1hrubieszow.pl\/index.php\/kronika-2020-2021\/rajd-rowerowy-klasy-7c\/","title":{"rendered":"Rajd rowerowy klasy 7c"},"content":{"rendered":"\n<div class=\"xdj266r x14z9mp xat24cr x1lziwak x1vvkbs x126k92a\">\n<div dir=\"auto\"><span style=\"color: #000080;\">Czy da si\u0119 po\u0142\u0105czy\u0107 sport, integracj\u0119, przyrod\u0119 i \u015bwietn\u0105 zabaw\u0119? Uczniowie klasy 7c udowodnili, \u017ce jak najbardziej! W pi\u0105tek wyruszyli\u015bmy na klasowy rajd rowerowy, kt\u00f3ry by\u0142 czym\u015b wi\u0119cej ni\u017c tylko przeja\u017cd\u017ck\u0105 \u2013 by\u0142 prawdziw\u0105 wypraw\u0105 pe\u0142n\u0105 \u015bmiechu, przyg\u00f3d i wsp\u00f3lnego dzia\u0142ania.<\/span><\/div>\n<\/div>\n<div class=\"x14z9mp xat24cr x1lziwak x1vvkbs xtlvy1s x126k92a\">\n<div dir=\"auto\"><span style=\"color: #000080;\">Nasza trasa prowadzi\u0142a przez lasy, pola i zakr\u0119ty, kt\u00f3re czasem okazywa\u0142y si\u0119 wi\u0119kszym wyzwaniem ni\u017c przewidywali\u015bmy. Ale mimo \u0142a\u0144cuch\u00f3w do poprawienia i butelek z wod\u0105, kt\u00f3re jakim\u015b cudem zawsze ko\u0144czy\u0142y si\u0119 w po\u0142owie drogi, nikt si\u0119 nie poddawa\u0142. Wspierali\u015bmy si\u0119 nawzajem, pomagali\u015bmy tym, kt\u00f3rzy zwolnili tempo \u2013 i w ten spos\u00f3b dotarli\u015bmy do miejsca ogniskowego.<\/span><\/div>\n<\/div>\n<div class=\"x14z9mp xat24cr x1lziwak x1vvkbs xtlvy1s x126k92a\">\n<div dir=\"auto\"><span style=\"color: #000080;\">Tam rozpocz\u0119\u0142a si\u0119 druga cz\u0119\u015b\u0107 przygody: ognisko, kie\u0142baski, gry terenowe, rozmowy i mn\u00f3stwo \u015bmiechu. Uczniowie pokazali, \u017ce potrafi\u0105 \u015bwietnie si\u0119 zorganizowa\u0107 \u2013 od rozpalania ognia, przez podzia\u0142 zada\u0144, a\u017c po sprz\u0105tanie miejsca po sobie. To by\u0142 czas bez telefon\u00f3w<span class=\"html-span xexx8yu xyri2b x18d9i69 x1c1uobl x1hl2dhg x16tdsg8 x1vvkbs x3nfvp2 x1j61x8r x1fcty0u xdj266r xat24cr xm2jcoa x1mpyi22 xxymvpz xlup9mm x1kky2od\"><img loading=\"lazy\" decoding=\"async\" class=\"xz74otr x168nmei x13lgxp2 x5pf9jr xo71vjh\" src=\"https:\/\/static.xx.fbcdn.net\/images\/emoji.php\/v9\/td0\/1\/16\/1f602.png\" alt=\"\ud83d\ude02\" width=\"16\" height=\"16\"><\/span> bez szkolnych obowi\u0105zk\u00f3w \u2013 za to z prawdziwym byciem razem.<\/span><\/div>\n<\/div>\n<div class=\"x14z9mp xat24cr x1lziwak x1vvkbs xtlvy1s x126k92a\">\n<div dir=\"auto\"><span style=\"color: #000080;\">Dla mnie jako wychowawcy by\u0142 to jeden z tych dni, kiedy wida\u0107, jak bardzo klasa potrafi by\u0107 zgran\u0105 dru\u017cyn\u0105. Wsp\u00f3lnie stworzyli\u015bmy \u015bwietn\u0105 atmosfer\u0119 i wspomnienia, do kt\u00f3rych \u2013 jestem pewien \u2013 wielu z nas jeszcze wr\u00f3ci.<\/span><\/div>\n<\/div>\n<div class=\"x14z9mp xat24cr x1lziwak x1vvkbs xtlvy1s x126k92a\">\n<div dir=\"auto\"><span style=\"color: #000080;\">Dzi\u0119kuj\u0119 wszystkim uczniom za dojrza\u0142o\u015b\u0107, pozytywne nastawienie i aktywny udzia\u0142, a tak\u017ce rodzicom i opiekunom za wsparcie logistyczne i zaufanie. A teraz\u2026 czas planowa\u0107 kolejne wyprawy! <span class=\"html-span xexx8yu xyri2b x18d9i69 x1c1uobl x1hl2dhg x16tdsg8 x1vvkbs x3nfvp2 x1j61x8r x1fcty0u xdj266r xat24cr xm2jcoa x1mpyi22 xxymvpz xlup9mm x1kky2od\"><img loading=\"lazy\" decoding=\"async\" class=\"xz74otr x168nmei x13lgxp2 x5pf9jr xo71vjh\" src=\"https:\/\/static.xx.fbcdn.net\/images\/emoji.php\/v9\/t10\/1\/16\/1f6b4_200d_2642.png\" alt=\"\ud83d\udeb4\u200d\u2642\ufe0f\" width=\"16\" height=\"16\"><\/span><span class=\"html-span xexx8yu xyri2b x18d9i69 x1c1uobl x1hl2dhg x16tdsg8 x1vvkbs x3nfvp2 x1j61x8r x1fcty0u xdj266r xat24cr xm2jcoa x1mpyi22 xxymvpz xlup9mm x1kky2od\"><img loading=\"lazy\" decoding=\"async\" class=\"xz74otr x168nmei x13lgxp2 x5pf9jr xo71vjh\" src=\"https:\/\/static.xx.fbcdn.net\/images\/emoji.php\/v9\/t50\/1\/16\/1f525.png\" alt=\"\ud83d\udd25\" width=\"16\" height=\"16\"><\/span><span class=\"html-span xexx8yu xyri2b x18d9i69 x1c1uobl x1hl2dhg x16tdsg8 x1vvkbs x3nfvp2 x1j61x8r x1fcty0u xdj266r xat24cr xm2jcoa x1mpyi22 xxymvpz xlup9mm x1kky2od\"><img loading=\"lazy\" decoding=\"async\" class=\"xz74otr x168nmei x13lgxp2 x5pf9jr xo71vjh\" src=\"https:\/\/static.xx.fbcdn.net\/images\/emoji.php\/v9\/t4c\/1\/16\/1f642.png\" alt=\"\ud83d\ude42\" width=\"16\" height=\"16\"><\/span><\/span><\/div>\n<div dir=\"auto\"><span style=\"color: #000080;\">Monika Jako\u015b-W\u00f3r<\/span><\/div>\n<div dir=\"auto\">\nngg_shortcode_0_placeholder\n<\/div>\n<\/div>\n","protected":false},"excerpt":{"rendered":"<p>Czy da si\u0119 po\u0142\u0105czy\u0107 sport, integracj\u0119, przyrod\u0119 i \u015bwietn\u0105 zabaw\u0119? Uczniowie klasy 7c udowodnili, \u017ce jak najbardziej! W pi\u0105tek wyruszyli\u015bmy na klasowy rajd rowerowy, kt\u00f3ry by\u0142 czym\u015b wi\u0119cej ni\u017c tylko przeja\u017cd\u017ck\u0105 \u2013 by\u0142 prawdziw\u0105 wypraw\u0105 pe\u0142n\u0105 \u015bmiechu, przyg\u00f3d i wsp\u00f3lnego dzia\u0142ania. Nasza trasa prowadzi\u0142a przez lasy, pola i zakr\u0119ty, kt\u00f3re czasem okazywa\u0142y si\u0119 wi\u0119kszym wyzwaniem [&hellip;]<\/p>\n","protected":false},"author":2,"featured_media":0,"parent":5983,"menu_order":0,"comment_status":"closed","ping_status":"closed","template":"","meta":{"ngg_post_thumbnail":0,"footnotes":""},"class_list":["post-28624","page","type-page","status-publish","hentry"],"_links":{"self":[{"href":"https:\/\/sp1hrubieszow.pl\/index.php\/wp-json\/wp\/v2\/pages\/28624","targetHints":{"allow":["GET"]}}],"collection":[{"href":"https:\/\/sp1hrubieszow.pl\/index.php\/wp-json\/wp\/v2\/pages"}],"about":[{"href":"https:\/\/sp1hrubieszow.pl\/index.php\/wp-json\/wp\/v2\/types\/page"}],"author":[{"embeddable":true,"href":"https:\/\/sp1hrubieszow.pl\/index.php\/wp-json\/wp\/v2\/users\/2"}],"replies":[{"embeddable":true,"href":"https:\/\/sp1hrubieszow.pl\/index.php\/wp-json\/wp\/v2\/comments?post=28624"}],"version-history":[{"count":1,"href":"https:\/\/sp1hrubieszow.pl\/index.php\/wp-json\/wp\/v2\/pages\/28624\/revisions"}],"predecessor-version":[{"id":28625,"href":"https:\/\/sp1hrubieszow.pl\/index.php\/wp-json\/wp\/v2\/pages\/28624\/revisions\/28625"}],"up":[{"embeddable":true,"href":"https:\/\/sp1hrubieszow.pl\/index.php\/wp-json\/wp\/v2\/pages\/5983"}],"wp:attachment":[{"href":"https:\/\/sp1hrubieszow.pl\/index.php\/wp-json\/wp\/v2\/media?parent=28624"}],"curies":[{"name":"wp","href":"https:\/\/api.w.org\/{rel}","templated":true}]}}