{"id":28508,"date":"2025-05-27T18:03:57","date_gmt":"2025-05-27T16:03:57","guid":{"rendered":"https:\/\/sp1hrubieszow.pl\/?page_id=28508"},"modified":"2025-05-27T18:04:30","modified_gmt":"2025-05-27T16:04:30","slug":"program-projektor","status":"publish","type":"page","link":"https:\/\/sp1hrubieszow.pl\/index.php\/kronika-2020-2021\/program-projektor\/","title":{"rendered":"Program Projektor"},"content":{"rendered":"\n<div class=\"x11i5rnm xat24cr x1mh8g0r x1vvkbs xtlvy1s x126k92a\">\n<div dir=\"auto\"><span style=\"color: #000080;\">Kolejny rok go\u015bcimy w naszej szkole wolontariuszy, kt\u00f3rzy przeprowadzili warsztaty \u201eDbam o siebie \u2013 dobrostan psychiczny i fizyczny\u201d przeprowadzone w ramach programu PROJEKTOR. Warsztaty mia\u0142y du\u017ce znaczenie wychowawcze i profilaktyczne. Zaj\u0119cia nie tylko przybli\u017cy\u0142y uczniom poj\u0119cie dobrostanu, ale r\u00f3wnie\u017c da\u0142y im konkretne narz\u0119dzia do dbania o siebie na co dzie\u0144. Spotkania by\u0142y prowadzone w spos\u00f3b przyjazny, z szacunkiem dla potrzeb dzieci i du\u017cym zaanga\u017cowaniem prowadz\u0105cych.<\/span><\/div>\n<div dir=\"auto\">&nbsp;<\/div>\n<\/div>\n<div class=\"x11i5rnm xat24cr x1mh8g0r x1vvkbs xtlvy1s x126k92a\">\n<div dir=\"auto\" style=\"text-align: right;\"><span style=\"color: #000080;\">Monika Jako\u015b- W\u00f3r<\/span><\/div>\n<div dir=\"auto\" style=\"text-align: right;\"><span style=\"color: #000080;\">Marta Lackowska<\/span><\/div>\n<div dir=\"auto\" style=\"text-align: right;\"><span style=\"color: #000080;\">Edyta Miller-Wiatrowska<\/span><\/div>\n<div dir=\"auto\" style=\"text-align: right;\"><span style=\"color: #000080;\">Joanna Grzeszczuk<\/span><\/div>\n<div dir=\"auto\">\nngg_shortcode_0_placeholder\n<\/div>\n<\/div>\n","protected":false},"excerpt":{"rendered":"<p>Kolejny rok go\u015bcimy w naszej szkole wolontariuszy, kt\u00f3rzy przeprowadzili warsztaty \u201eDbam o siebie \u2013 dobrostan psychiczny i fizyczny\u201d przeprowadzone w ramach programu PROJEKTOR. Warsztaty mia\u0142y du\u017ce znaczenie wychowawcze i profilaktyczne. Zaj\u0119cia nie tylko przybli\u017cy\u0142y uczniom poj\u0119cie dobrostanu, ale r\u00f3wnie\u017c da\u0142y im konkretne narz\u0119dzia do dbania o siebie na co dzie\u0144. Spotkania by\u0142y prowadzone w spos\u00f3b [&hellip;]<\/p>\n","protected":false},"author":2,"featured_media":0,"parent":5983,"menu_order":0,"comment_status":"closed","ping_status":"closed","template":"","meta":{"ngg_post_thumbnail":0,"footnotes":""},"class_list":["post-28508","page","type-page","status-publish","hentry"],"_links":{"self":[{"href":"https:\/\/sp1hrubieszow.pl\/index.php\/wp-json\/wp\/v2\/pages\/28508","targetHints":{"allow":["GET"]}}],"collection":[{"href":"https:\/\/sp1hrubieszow.pl\/index.php\/wp-json\/wp\/v2\/pages"}],"about":[{"href":"https:\/\/sp1hrubieszow.pl\/index.php\/wp-json\/wp\/v2\/types\/page"}],"author":[{"embeddable":true,"href":"https:\/\/sp1hrubieszow.pl\/index.php\/wp-json\/wp\/v2\/users\/2"}],"replies":[{"embeddable":true,"href":"https:\/\/sp1hrubieszow.pl\/index.php\/wp-json\/wp\/v2\/comments?post=28508"}],"version-history":[{"count":1,"href":"https:\/\/sp1hrubieszow.pl\/index.php\/wp-json\/wp\/v2\/pages\/28508\/revisions"}],"predecessor-version":[{"id":28509,"href":"https:\/\/sp1hrubieszow.pl\/index.php\/wp-json\/wp\/v2\/pages\/28508\/revisions\/28509"}],"up":[{"embeddable":true,"href":"https:\/\/sp1hrubieszow.pl\/index.php\/wp-json\/wp\/v2\/pages\/5983"}],"wp:attachment":[{"href":"https:\/\/sp1hrubieszow.pl\/index.php\/wp-json\/wp\/v2\/media?parent=28508"}],"curies":[{"name":"wp","href":"https:\/\/api.w.org\/{rel}","templated":true}]}}