{"id":28475,"date":"2025-05-23T09:33:21","date_gmt":"2025-05-23T07:33:21","guid":{"rendered":"https:\/\/sp1hrubieszow.pl\/?page_id=28475"},"modified":"2025-05-23T09:34:09","modified_gmt":"2025-05-23T07:34:09","slug":"kondolencje-3","status":"publish","type":"page","link":"https:\/\/sp1hrubieszow.pl\/index.php\/kronika-2020-2021\/kondolencje-3\/","title":{"rendered":"Kondolencje"},"content":{"rendered":"\n<p>&nbsp;<\/p>\n<p style=\"text-align: center;\"><span style=\"color: #000000;\"><img loading=\"lazy\" decoding=\"async\" class=\"alignnone size-medium wp-image-28474\" src=\"https:\/\/sp1hrubieszow.pl\/wp-content\/uploads\/2025\/05\/tapeta-czarna-roza-na-lawce-300x200.jpg\" alt=\"\" width=\"300\" height=\"200\" srcset=\"https:\/\/sp1hrubieszow.pl\/wp-content\/uploads\/2025\/05\/tapeta-czarna-roza-na-lawce-300x200.jpg 300w, https:\/\/sp1hrubieszow.pl\/wp-content\/uploads\/2025\/05\/tapeta-czarna-roza-na-lawce-1024x682.jpg 1024w, https:\/\/sp1hrubieszow.pl\/wp-content\/uploads\/2025\/05\/tapeta-czarna-roza-na-lawce-768x512.jpg 768w, https:\/\/sp1hrubieszow.pl\/wp-content\/uploads\/2025\/05\/tapeta-czarna-roza-na-lawce-1536x1024.jpg 1536w, https:\/\/sp1hrubieszow.pl\/wp-content\/uploads\/2025\/05\/tapeta-czarna-roza-na-lawce-2048x1365.jpg 2048w, https:\/\/sp1hrubieszow.pl\/wp-content\/uploads\/2025\/05\/tapeta-czarna-roza-na-lawce-624x416.jpg 624w\" sizes=\"auto, (max-width: 300px) 100vw, 300px\" \/><\/span><\/p>\n<p style=\"text-align: left;\"><span style=\"color: #000000;\">Z g\u0142\u0119bokim \u017calem zawiadamiamy, \u017ce odesz\u0142a od nas \u015bp. Agnieszka Kwa\u015bnik , wieloletnia nauczycielka naszej szko\u0142y,&nbsp; kt\u00f3ra przez wiele lat z oddaniem i pasj\u0105 uczy\u0142a kolejne pokolenia uczni\u00f3w, b\u0119d\u0105c nie tylko nauczycielem, ale r\u00f3wnie\u017c wychowawc\u0105 i autorytetem.&nbsp; Jej zaanga\u017cowanie w \u017cycie szko\u0142y, serdeczno\u015b\u0107 oraz troska o ka\u017cdego ucznia pozostan\u0105 w naszej pami\u0119ci na zawsze. <\/span><\/p>\n<p style=\"text-align: left;\"><span style=\"color: #000000;\">Rodzinie i bliskim sk\u0142adamy najszczersze wyrazy wsp\u00f3\u0142czucia. <\/span><\/p>\n<p style=\"text-align: left;\"><span style=\"color: #000000;\">Dyrekcja, Grono Pedagogiczne, Pracownicy i Uczniowie Szko\u0142y Podstawowej Nr 1&nbsp;<\/span><\/p>\n","protected":false},"excerpt":{"rendered":"<p>&nbsp; Z g\u0142\u0119bokim \u017calem zawiadamiamy, \u017ce odesz\u0142a od nas \u015bp. Agnieszka Kwa\u015bnik , wieloletnia nauczycielka naszej szko\u0142y,&nbsp; kt\u00f3ra przez wiele lat z oddaniem i pasj\u0105 uczy\u0142a kolejne pokolenia uczni\u00f3w, b\u0119d\u0105c nie tylko nauczycielem, ale r\u00f3wnie\u017c wychowawc\u0105 i autorytetem.&nbsp; Jej zaanga\u017cowanie w \u017cycie szko\u0142y, serdeczno\u015b\u0107 oraz troska o ka\u017cdego ucznia pozostan\u0105 w naszej pami\u0119ci na zawsze. [&hellip;]<\/p>\n","protected":false},"author":2,"featured_media":0,"parent":5983,"menu_order":0,"comment_status":"closed","ping_status":"closed","template":"","meta":{"ngg_post_thumbnail":0,"footnotes":""},"class_list":["post-28475","page","type-page","status-publish","hentry"],"_links":{"self":[{"href":"https:\/\/sp1hrubieszow.pl\/index.php\/wp-json\/wp\/v2\/pages\/28475","targetHints":{"allow":["GET"]}}],"collection":[{"href":"https:\/\/sp1hrubieszow.pl\/index.php\/wp-json\/wp\/v2\/pages"}],"about":[{"href":"https:\/\/sp1hrubieszow.pl\/index.php\/wp-json\/wp\/v2\/types\/page"}],"author":[{"embeddable":true,"href":"https:\/\/sp1hrubieszow.pl\/index.php\/wp-json\/wp\/v2\/users\/2"}],"replies":[{"embeddable":true,"href":"https:\/\/sp1hrubieszow.pl\/index.php\/wp-json\/wp\/v2\/comments?post=28475"}],"version-history":[{"count":1,"href":"https:\/\/sp1hrubieszow.pl\/index.php\/wp-json\/wp\/v2\/pages\/28475\/revisions"}],"predecessor-version":[{"id":28476,"href":"https:\/\/sp1hrubieszow.pl\/index.php\/wp-json\/wp\/v2\/pages\/28475\/revisions\/28476"}],"up":[{"embeddable":true,"href":"https:\/\/sp1hrubieszow.pl\/index.php\/wp-json\/wp\/v2\/pages\/5983"}],"wp:attachment":[{"href":"https:\/\/sp1hrubieszow.pl\/index.php\/wp-json\/wp\/v2\/media?parent=28475"}],"curies":[{"name":"wp","href":"https:\/\/api.w.org\/{rel}","templated":true}]}}