{"id":28292,"date":"2025-04-09T20:29:49","date_gmt":"2025-04-09T18:29:49","guid":{"rendered":"https:\/\/sp1hrubieszow.pl\/?page_id=28292"},"modified":"2025-04-09T20:29:49","modified_gmt":"2025-04-09T18:29:49","slug":"zakonczenie-projektu-edukacja-mlode-horyzonty","status":"publish","type":"page","link":"https:\/\/sp1hrubieszow.pl\/index.php\/kronika-2019-2020\/zakonczenie-projektu-edukacja-mlode-horyzonty\/","title":{"rendered":"Zako\u0144czenie projektu Edukacja M\u0142ode Horyzonty"},"content":{"rendered":"\n<p><span style=\"color: #000080;\">Trzy klasy z naszej szko\u0142y: 5a, 6c i 7b zako\u0144czy\u0142y udzia\u0142 w programie \u201eEdukacja M\u0142ode Horyzonty\u201d. Program polega\u0142 na projekcjach kinowych dla uczni\u00f3w (od pa\u017adziernika <br>do kwietnia \u2013 raz w miesi\u0105cu) realizowanych w ramach cykli tematycznych, dostosowanych do wszystkich etap\u00f3w edukacyjnych. Dzi\u0119ki wizytom w kinie i ogl\u0105daniu warto\u015bciowych film\u00f3w dzieci i m\u0142odzie\u017c mog\u0142y pog\u0142\u0119bi\u0107 swoj\u0105 wiedz\u0119 na temat sztuki filmowej. Projekt wp\u0142yn\u0105\u0142 na rozw\u00f3j ich wra\u017cliwo\u015bci i przygotowa\u0142 do samodzielnego <br>i \u015bwiadomego obcowania z kultur\u0105. Na zako\u0144czenie programu klasy otrzyma\u0142y pami\u0105tkowe dyplomy, a szko\u0142a statuetki.<\/span><\/p>\nngg_shortcode_0_placeholder\n\n\n","protected":false},"excerpt":{"rendered":"<p>Trzy klasy z naszej szko\u0142y: 5a, 6c i 7b zako\u0144czy\u0142y udzia\u0142 w programie \u201eEdukacja M\u0142ode Horyzonty\u201d. Program polega\u0142 na projekcjach kinowych dla uczni\u00f3w (od pa\u017adziernika do kwietnia \u2013 raz w miesi\u0105cu) realizowanych w ramach cykli tematycznych, dostosowanych do wszystkich etap\u00f3w edukacyjnych. Dzi\u0119ki wizytom w kinie i ogl\u0105daniu warto\u015bciowych film\u00f3w dzieci i m\u0142odzie\u017c mog\u0142y pog\u0142\u0119bi\u0107 swoj\u0105 [&hellip;]<\/p>\n","protected":false},"author":4,"featured_media":0,"parent":2167,"menu_order":0,"comment_status":"closed","ping_status":"closed","template":"","meta":{"ngg_post_thumbnail":0,"footnotes":""},"class_list":["post-28292","page","type-page","status-publish","hentry"],"_links":{"self":[{"href":"https:\/\/sp1hrubieszow.pl\/index.php\/wp-json\/wp\/v2\/pages\/28292","targetHints":{"allow":["GET"]}}],"collection":[{"href":"https:\/\/sp1hrubieszow.pl\/index.php\/wp-json\/wp\/v2\/pages"}],"about":[{"href":"https:\/\/sp1hrubieszow.pl\/index.php\/wp-json\/wp\/v2\/types\/page"}],"author":[{"embeddable":true,"href":"https:\/\/sp1hrubieszow.pl\/index.php\/wp-json\/wp\/v2\/users\/4"}],"replies":[{"embeddable":true,"href":"https:\/\/sp1hrubieszow.pl\/index.php\/wp-json\/wp\/v2\/comments?post=28292"}],"version-history":[{"count":2,"href":"https:\/\/sp1hrubieszow.pl\/index.php\/wp-json\/wp\/v2\/pages\/28292\/revisions"}],"predecessor-version":[{"id":28294,"href":"https:\/\/sp1hrubieszow.pl\/index.php\/wp-json\/wp\/v2\/pages\/28292\/revisions\/28294"}],"up":[{"embeddable":true,"href":"https:\/\/sp1hrubieszow.pl\/index.php\/wp-json\/wp\/v2\/pages\/2167"}],"wp:attachment":[{"href":"https:\/\/sp1hrubieszow.pl\/index.php\/wp-json\/wp\/v2\/media?parent=28292"}],"curies":[{"name":"wp","href":"https:\/\/api.w.org\/{rel}","templated":true}]}}