{"id":28261,"date":"2025-04-02T20:56:06","date_gmt":"2025-04-02T18:56:06","guid":{"rendered":"https:\/\/sp1hrubieszow.pl\/?page_id=28261"},"modified":"2025-04-02T20:56:26","modified_gmt":"2025-04-02T18:56:26","slug":"dodawanie-zdjec-do-legitymacji-w-dzienniku-librus","status":"publish","type":"page","link":"https:\/\/sp1hrubieszow.pl\/index.php\/kronika-2020-2021\/dodawanie-zdjec-do-legitymacji-w-dzienniku-librus\/","title":{"rendered":"Dodawanie zdj\u0119\u0107 do legitymacji w dzienniku Librus"},"content":{"rendered":"\n<h1><span style=\"color: #000080;\">Poni\u017cej podajemy instrukcj\u0119:<\/span><\/h1>\n<h1><span style=\"color: #000080;\"><strong><a style=\"color: #000080;\" href=\"https:\/\/sp1hrubieszow.pl\/wp-content\/uploads\/2025\/04\/Dodawanie-zdjec-do.pdf\">Dodawanie zdj\u0119\u0107 <\/a><\/strong><\/span><\/h1>\n\n\n\n\n","protected":false},"excerpt":{"rendered":"<p>Poni\u017cej podajemy instrukcj\u0119: Dodawanie zdj\u0119\u0107<\/p>\n","protected":false},"author":2,"featured_media":0,"parent":5983,"menu_order":0,"comment_status":"closed","ping_status":"closed","template":"","meta":{"ngg_post_thumbnail":0,"footnotes":""},"class_list":["post-28261","page","type-page","status-publish","hentry"],"_links":{"self":[{"href":"https:\/\/sp1hrubieszow.pl\/index.php\/wp-json\/wp\/v2\/pages\/28261","targetHints":{"allow":["GET"]}}],"collection":[{"href":"https:\/\/sp1hrubieszow.pl\/index.php\/wp-json\/wp\/v2\/pages"}],"about":[{"href":"https:\/\/sp1hrubieszow.pl\/index.php\/wp-json\/wp\/v2\/types\/page"}],"author":[{"embeddable":true,"href":"https:\/\/sp1hrubieszow.pl\/index.php\/wp-json\/wp\/v2\/users\/2"}],"replies":[{"embeddable":true,"href":"https:\/\/sp1hrubieszow.pl\/index.php\/wp-json\/wp\/v2\/comments?post=28261"}],"version-history":[{"count":1,"href":"https:\/\/sp1hrubieszow.pl\/index.php\/wp-json\/wp\/v2\/pages\/28261\/revisions"}],"predecessor-version":[{"id":28262,"href":"https:\/\/sp1hrubieszow.pl\/index.php\/wp-json\/wp\/v2\/pages\/28261\/revisions\/28262"}],"up":[{"embeddable":true,"href":"https:\/\/sp1hrubieszow.pl\/index.php\/wp-json\/wp\/v2\/pages\/5983"}],"wp:attachment":[{"href":"https:\/\/sp1hrubieszow.pl\/index.php\/wp-json\/wp\/v2\/media?parent=28261"}],"curies":[{"name":"wp","href":"https:\/\/api.w.org\/{rel}","templated":true}]}}