{"id":27952,"date":"2025-01-28T19:37:19","date_gmt":"2025-01-28T18:37:19","guid":{"rendered":"https:\/\/sp1hrubieszow.pl\/?page_id=27952"},"modified":"2025-01-28T19:37:50","modified_gmt":"2025-01-28T18:37:50","slug":"podsumowanie-pierwszego-polrocza-w-naszej-szkole","status":"publish","type":"page","link":"https:\/\/sp1hrubieszow.pl\/index.php\/kronika-2020-2021\/podsumowanie-pierwszego-polrocza-w-naszej-szkole\/","title":{"rendered":"Podsumowanie pierwszego p\u00f3\u0142rocza w naszej szkole!"},"content":{"rendered":"\n<p><span class=\"html-span xexx8yu x4uap5 x18d9i69 xkhd6sd x1hl2dhg x16tdsg8 x1vvkbs x3nfvp2 x1j61x8r x1fcty0u xdj266r xat24cr xgzva0m xhhsvwb xxymvpz xlup9mm x1kky2od\"><img loading=\"lazy\" decoding=\"async\" class=\"xz74otr\" src=\"https:\/\/static.xx.fbcdn.net\/images\/emoji.php\/v9\/t82\/1\/16\/1f3a8.png\" alt=\"?\" width=\"16\" height=\"16\"><\/span> <span style=\"color: #000080;\">Z przyjemno\u015bci\u0105 zapraszamy do obejrzenia wystawy prac plastycznych naszych utalentowanych uczni\u00f3w! <span class=\"html-span xexx8yu x4uap5 x18d9i69 xkhd6sd x1hl2dhg x16tdsg8 x1vvkbs x3nfvp2 x1j61x8r x1fcty0u xdj266r xat24cr xgzva0m xhhsvwb xxymvpz xlup9mm x1kky2od\"><img loading=\"lazy\" decoding=\"async\" class=\"xz74otr\" src=\"https:\/\/static.xx.fbcdn.net\/images\/emoji.php\/v9\/t8c\/1\/16\/1f389.png\" alt=\"?\" width=\"16\" height=\"16\"><\/span> Ich kreatywno\u015b\u0107, zaanga\u017cowanie i pasja z pewno\u015bci\u0105 robi\u0105 wra\u017cenie. Wystawa znajduje si\u0119 tu\u017c przy pokoju nauczycielskim \u2013 koniecznie zajrzyjcie i podziwiajcie te niesamowite dzie\u0142a! <span class=\"html-span xexx8yu x4uap5 x18d9i69 xkhd6sd x1hl2dhg x16tdsg8 x1vvkbs x3nfvp2 x1j61x8r x1fcty0u xdj266r xat24cr xgzva0m xhhsvwb xxymvpz xlup9mm x1kky2od\"><img loading=\"lazy\" decoding=\"async\" class=\"xz74otr\" src=\"https:\/\/static.xx.fbcdn.net\/images\/emoji.php\/v9\/tee\/1\/16\/1f469_200d_1f3a8.png\" alt=\"?\u200d?\" width=\"16\" height=\"16\"><\/span><span class=\"html-span xexx8yu x4uap5 x18d9i69 xkhd6sd x1hl2dhg x16tdsg8 x1vvkbs x3nfvp2 x1j61x8r x1fcty0u xdj266r xat24cr xgzva0m xhhsvwb xxymvpz xlup9mm x1kky2od\"><img loading=\"lazy\" decoding=\"async\" class=\"xz74otr\" src=\"https:\/\/static.xx.fbcdn.net\/images\/emoji.php\/v9\/tf\/1\/16\/1f468_200d_1f3a8.png\" alt=\"?\u200d?\" width=\"16\" height=\"16\"><\/span> Dzi\u0119kujemy wszystkim uczniom za wk\u0142ad i talent.<span class=\"html-span xexx8yu x4uap5 x18d9i69 xkhd6sd x1hl2dhg x16tdsg8 x1vvkbs x3nfvp2 x1j61x8r x1fcty0u xdj266r xat24cr xgzva0m xhhsvwb xxymvpz xlup9mm x1kky2od\"><img loading=\"lazy\" decoding=\"async\" class=\"xz74otr\" src=\"https:\/\/static.xx.fbcdn.net\/images\/emoji.php\/v9\/t6d\/1\/16\/1f973.png\" alt=\"?\" width=\"16\" height=\"16\"><\/span><\/span><\/p>\nngg_shortcode_0_placeholder\n","protected":false},"excerpt":{"rendered":"<p>Z przyjemno\u015bci\u0105 zapraszamy do obejrzenia wystawy prac plastycznych naszych utalentowanych uczni\u00f3w! Ich kreatywno\u015b\u0107, zaanga\u017cowanie i pasja z pewno\u015bci\u0105 robi\u0105 wra\u017cenie. Wystawa znajduje si\u0119 tu\u017c przy pokoju nauczycielskim \u2013 koniecznie zajrzyjcie i podziwiajcie te niesamowite dzie\u0142a! Dzi\u0119kujemy wszystkim uczniom za wk\u0142ad i talent.<\/p>\n","protected":false},"author":2,"featured_media":0,"parent":5983,"menu_order":0,"comment_status":"closed","ping_status":"closed","template":"","meta":{"ngg_post_thumbnail":0,"footnotes":""},"class_list":["post-27952","page","type-page","status-publish","hentry"],"_links":{"self":[{"href":"https:\/\/sp1hrubieszow.pl\/index.php\/wp-json\/wp\/v2\/pages\/27952","targetHints":{"allow":["GET"]}}],"collection":[{"href":"https:\/\/sp1hrubieszow.pl\/index.php\/wp-json\/wp\/v2\/pages"}],"about":[{"href":"https:\/\/sp1hrubieszow.pl\/index.php\/wp-json\/wp\/v2\/types\/page"}],"author":[{"embeddable":true,"href":"https:\/\/sp1hrubieszow.pl\/index.php\/wp-json\/wp\/v2\/users\/2"}],"replies":[{"embeddable":true,"href":"https:\/\/sp1hrubieszow.pl\/index.php\/wp-json\/wp\/v2\/comments?post=27952"}],"version-history":[{"count":1,"href":"https:\/\/sp1hrubieszow.pl\/index.php\/wp-json\/wp\/v2\/pages\/27952\/revisions"}],"predecessor-version":[{"id":27953,"href":"https:\/\/sp1hrubieszow.pl\/index.php\/wp-json\/wp\/v2\/pages\/27952\/revisions\/27953"}],"up":[{"embeddable":true,"href":"https:\/\/sp1hrubieszow.pl\/index.php\/wp-json\/wp\/v2\/pages\/5983"}],"wp:attachment":[{"href":"https:\/\/sp1hrubieszow.pl\/index.php\/wp-json\/wp\/v2\/media?parent=27952"}],"curies":[{"name":"wp","href":"https:\/\/api.w.org\/{rel}","templated":true}]}}