{"id":2788,"date":"2019-11-04T21:02:02","date_gmt":"2019-11-04T20:02:02","guid":{"rendered":"http:\/\/sp1.hrubieszow.info\/?page_id=2788"},"modified":"2019-11-04T21:02:21","modified_gmt":"2019-11-04T20:02:21","slug":"wolontariusze-porzadkowali-groby","status":"publish","type":"page","link":"https:\/\/sp1hrubieszow.pl\/index.php\/kronika-2019-2020\/wolontariusze-porzadkowali-groby\/","title":{"rendered":"WOLONTARIUSZE PORZ\u0104DKOWALI GROBY"},"content":{"rendered":"\n<p><span style=\"color: #000080;\">Pierwsze dni listopada w polskiej i chrze\u015bcija\u0144skiej tradycji, to szczeg\u00f3lny czas pami\u0119ci o zmar\u0142ych. Niestety, zdarzaj\u0105 si\u0119 te\u017c groby, na kt\u00f3re z r\u00f3\u017cnych powod\u00f3w nikt nie przychodzi.<\/span><\/p>\n<p align=\"JUSTIFY\"><span style=\"color: #000080;\">Bior\u0105c ten fakt pod uwag\u0119, w czwartek 31 pa\u017adziernika tu\u017c przed uroczysto\u015bci\u0105 Wszystkich \u015awi\u0119tych wolontariusze ze Szkolnego Ko\u0142a Wolontariatu pod opiek\u0105 pani Anny Karkuszewskiej, udali si\u0119 na pobliski cmentarz w Hrubieszowie. Celem akcji by\u0142o posprz\u0105tanie zaniedbanych i zapomnianych grob\u00f3w.<\/span><\/p>\n<p align=\"JUSTIFY\"><span style=\"color: #000080;\">Wolontariusze bior\u0105cy udzia\u0142 w zaplanowanej akcji zrozumieli, jak wa\u017cna jest troska <\/span><br><span style=\"color: #000080;\">o miejsce poch\u00f3wku, szczeg\u00f3lnie wtedy, kiedy najbli\u017csi z wa\u017cnych powod\u00f3w nie s\u0105 w stanie zatroszczy\u0107 si\u0119 o nie. By\u0142a to na pewno lekcja szacunku i pami\u0119ci o tych, kt\u00f3rzy odeszli.<\/span><\/p>\nngg_shortcode_0_placeholder\n","protected":false},"excerpt":{"rendered":"<p>Pierwsze dni listopada w polskiej i chrze\u015bcija\u0144skiej tradycji, to szczeg\u00f3lny czas pami\u0119ci o zmar\u0142ych. Niestety, zdarzaj\u0105 si\u0119 te\u017c groby, na kt\u00f3re z r\u00f3\u017cnych powod\u00f3w nikt nie przychodzi. Bior\u0105c ten fakt pod uwag\u0119, w czwartek 31 pa\u017adziernika tu\u017c przed uroczysto\u015bci\u0105 Wszystkich \u015awi\u0119tych wolontariusze ze Szkolnego Ko\u0142a Wolontariatu pod opiek\u0105 pani Anny Karkuszewskiej, udali si\u0119 na pobliski [&hellip;]<\/p>\n","protected":false},"author":2,"featured_media":0,"parent":2167,"menu_order":0,"comment_status":"closed","ping_status":"closed","template":"","meta":{"ngg_post_thumbnail":0,"footnotes":""},"class_list":["post-2788","page","type-page","status-publish","hentry"],"_links":{"self":[{"href":"https:\/\/sp1hrubieszow.pl\/index.php\/wp-json\/wp\/v2\/pages\/2788","targetHints":{"allow":["GET"]}}],"collection":[{"href":"https:\/\/sp1hrubieszow.pl\/index.php\/wp-json\/wp\/v2\/pages"}],"about":[{"href":"https:\/\/sp1hrubieszow.pl\/index.php\/wp-json\/wp\/v2\/types\/page"}],"author":[{"embeddable":true,"href":"https:\/\/sp1hrubieszow.pl\/index.php\/wp-json\/wp\/v2\/users\/2"}],"replies":[{"embeddable":true,"href":"https:\/\/sp1hrubieszow.pl\/index.php\/wp-json\/wp\/v2\/comments?post=2788"}],"version-history":[{"count":1,"href":"https:\/\/sp1hrubieszow.pl\/index.php\/wp-json\/wp\/v2\/pages\/2788\/revisions"}],"predecessor-version":[{"id":2789,"href":"https:\/\/sp1hrubieszow.pl\/index.php\/wp-json\/wp\/v2\/pages\/2788\/revisions\/2789"}],"up":[{"embeddable":true,"href":"https:\/\/sp1hrubieszow.pl\/index.php\/wp-json\/wp\/v2\/pages\/2167"}],"wp:attachment":[{"href":"https:\/\/sp1hrubieszow.pl\/index.php\/wp-json\/wp\/v2\/media?parent=2788"}],"curies":[{"name":"wp","href":"https:\/\/api.w.org\/{rel}","templated":true}]}}