{"id":2760,"date":"2019-11-04T20:27:31","date_gmt":"2019-11-04T19:27:31","guid":{"rendered":"http:\/\/sp1.hrubieszow.info\/?page_id=2760"},"modified":"2019-11-04T20:30:51","modified_gmt":"2019-11-04T19:30:51","slug":"spotkanie-z-wolontariuszami-w-ramach-programu-szkola-pozytywnego-myslenia","status":"publish","type":"page","link":"https:\/\/sp1hrubieszow.pl\/index.php\/kronika-2019-2020\/spotkanie-z-wolontariuszami-w-ramach-programu-szkola-pozytywnego-myslenia\/","title":{"rendered":"Spotkanie z Wolontariuszami w ramach programu \u201eSzko\u0142a Pozytywnego My\u015blenia\u201d"},"content":{"rendered":"\n<p align=\"JUSTIFY\"><span style=\"color: #000080;\"><span style=\"font-family: Times New Roman, serif;\"><span style=\"font-size: medium;\">Dnia 30.10.2019r., w Szkole Podstawowej Nr 1 w Hrubieszowie, zosta\u0142o zorganizowane spotkanie z wolontariuszami, w kt\u00f3rym uczestniczyli uczniowie klas: 5a, 7c i 8b. Do szko\u0142y zaproszono przedstawicieli organizacji pozarz\u0105dowych wsp\u00f3\u0142pracuj\u0105cych ze szko\u0142\u0105 i \u015brodowiskiem lokalnym: Stowarzyszenia na rzecz Dzieci i M\u0142odzie\u017cy \u201eJestem\u201d im. \u015aw. Jana Bosko w Hrubieszowie, Stowarzyszenia Edukacyjnego \u201eRazem\u201d w Hrubieszowie, wolontariuszy z grupy \u201eRowerowe dobro\u201d oraz ze \u201eSzlachetnej paczki\u201d. Spotkanie mia\u0142o na celu przybli\u017cenie wa\u017cnych kwestii spo\u0142ecznych m\u0142odym osobom, wskazanie znaczenia zaanga\u017cowania w dzia\u0142ania prospo\u0142eczne oraz korzy\u015bci dla jednostki i grupy podczas podejmowania tego typu aktywno\u015bci.<\/span><\/span> <span style=\"font-family: Times New Roman, serif;\"><span style=\"font-size: medium;\">Zaproszone osoby w bardzo ciekawy spos\u00f3b opowiedzia\u0142y o dzia\u0142alno\u015bci grup wolontariackich, do kt\u00f3rych nale\u017c\u0105. Ksi\u0105dz Witold Bednarz, reprezentuj\u0105cy \u201eRowerowe dobro\u201d przedstawi\u0142 szczeg\u00f3\u0142y podejmowanych akcji na rzecz dzieci, w kt\u00f3re zaanga\u017cowa\u0142 si\u0119 jad\u0105c na rowerze tj. \u201eZ Ksi\u0119dzem na Gibraltar dla Zuzi\u201d-wyjazd na Gibraltar oraz \u201e\u0141\u0105czy nas nie tylko pi\u0142ka\u201d-wyjazd charytatywny do Odessy. Pani Ewa Obszy\u0144ska ze Stowarzyszenia \u201eJestem\u201d opowiedzia\u0142a o wielu akcjach i projektach, na rzecz dzieci i m\u0142odzie\u017cy, w kt\u00f3re w\u0142\u0105cza si\u0119 stowarzyszenie, o wsp\u00f3\u0142pracy z ZHR oraz o anga\u017cowaniu si\u0119 m\u0142odych ludzi w akcje wolontariackie na terenie miasta i okolic. Pani Ma\u0142gorzata Cios ze Stowarzyszenia \u201eRazem\u201d, dzia\u0142aj\u0105ca pr\u0119\u017cnie w \u201eSzlachetnej paczce\u201d, opowiedzia\u0142a uczestnikom spotkania na czym polega praca wolontariusza szlachetnej paczki i w jaki spos\u00f3b ka\u017cdy z nas mo\u017ce wesprze\u0107 t\u0119 szczytn\u0105 akcj\u0119. Bardzo cenne okaza\u0142y si\u0119 wspomnienia zaproszonych os\u00f3b dotycz\u0105ce prowadzonych akcji wolontariackich ze szczeg\u00f3lnym podkre\u015bleniem osobistych odczu\u0107 tj. ogromnej rado\u015bci, kt\u00f3ra im towarzyszy, satysfakcji i mobilizacji do dalszego dzia\u0142ania na rzecz innych ludzi. Opowie\u015b\u0107 ka\u017cdego <br>z wolontariuszy w wyczerpuj\u0105cy spos\u00f3b odpowiedzia\u0142a na kluczowe pytanie spotkania tj. \u201eCo daje pomaganie i anga\u017cowanie?\u201d. W\u015br\u00f3d os\u00f3b zgromadzonych na sali znalaz\u0142y si\u0119 przedstawicielki wolontariuszy ze Szkolnego Ko\u0142a Wolontariatu, kt\u00f3re na bie\u017c\u0105co zach\u0119caj\u0105 inne osoby do w\u0142\u0105czenia si\u0119 w akcje zbi\u00f3rki \u017cywno\u015bci, materia\u0142\u00f3w papierniczych i karmy do schroniska. Ksi\u0105dz Witold zaproponowa\u0142 zgromadzonym uczniom pomoc w zorganizowaniu akcji zbi\u00f3rki ksi\u0105\u017cek, zabawek, gier i przybor\u00f3w szkolnych dla dzieci z Oddzia\u0142u Onkologicznego Szpitala Dzieci\u0119cego w Lublinie, co uczniowie przyj\u0119li z entuzjazmem. Zbi\u00f3rka rozpocznie si\u0119 w miesi\u0105cu listopadzie. Na zako\u0144czenie spotkania szkolni wolontariusze rozdali uczniom promocyjne d\u0142ugopisy, smycze oraz cukierki. Bardzo wielu uczni\u00f3w zainteresowa\u0142o si\u0119 akcj\u0119 szlachetnej paczki oraz innymi akcjami, o kt\u00f3rych by\u0142a mowa. Spotkanie z pewno\u015bci\u0105 stanie si\u0119 zacz\u0105tkiem czego\u015b dobrego i potwierdzeniem s\u0142\u00f3w, \u017ce warto pomaga\u0107!<\/span><\/span><\/span><\/p>\n<p align=\"JUSTIFY\"><span style=\"font-family: 'Times New Roman', serif; color: #000080;\"><span style=\"font-size: medium;\">Za organizacj\u0119 spotkania w ramach \u201eZadania na pa\u017adziernik-Szko\u0142a My\u015blenia Pozytywnego\u201d odpowiedzialne by\u0142y panie: Marta Lackowska oraz koordynator programu Marta Kuczy\u0144ska<\/span><\/span><\/p>\nngg_shortcode_0_placeholder\n","protected":false},"excerpt":{"rendered":"<p>Dnia 30.10.2019r., w Szkole Podstawowej Nr 1 w Hrubieszowie, zosta\u0142o zorganizowane spotkanie z wolontariuszami, w kt\u00f3rym uczestniczyli uczniowie klas: 5a, 7c i 8b. Do szko\u0142y zaproszono przedstawicieli organizacji pozarz\u0105dowych wsp\u00f3\u0142pracuj\u0105cych ze szko\u0142\u0105 i \u015brodowiskiem lokalnym: Stowarzyszenia na rzecz Dzieci i M\u0142odzie\u017cy \u201eJestem\u201d im. \u015aw. Jana Bosko w Hrubieszowie, Stowarzyszenia Edukacyjnego \u201eRazem\u201d w Hrubieszowie, wolontariuszy z [&hellip;]<\/p>\n","protected":false},"author":2,"featured_media":0,"parent":2167,"menu_order":0,"comment_status":"closed","ping_status":"closed","template":"","meta":{"ngg_post_thumbnail":0,"footnotes":""},"class_list":["post-2760","page","type-page","status-publish","hentry"],"_links":{"self":[{"href":"https:\/\/sp1hrubieszow.pl\/index.php\/wp-json\/wp\/v2\/pages\/2760","targetHints":{"allow":["GET"]}}],"collection":[{"href":"https:\/\/sp1hrubieszow.pl\/index.php\/wp-json\/wp\/v2\/pages"}],"about":[{"href":"https:\/\/sp1hrubieszow.pl\/index.php\/wp-json\/wp\/v2\/types\/page"}],"author":[{"embeddable":true,"href":"https:\/\/sp1hrubieszow.pl\/index.php\/wp-json\/wp\/v2\/users\/2"}],"replies":[{"embeddable":true,"href":"https:\/\/sp1hrubieszow.pl\/index.php\/wp-json\/wp\/v2\/comments?post=2760"}],"version-history":[{"count":2,"href":"https:\/\/sp1hrubieszow.pl\/index.php\/wp-json\/wp\/v2\/pages\/2760\/revisions"}],"predecessor-version":[{"id":2764,"href":"https:\/\/sp1hrubieszow.pl\/index.php\/wp-json\/wp\/v2\/pages\/2760\/revisions\/2764"}],"up":[{"embeddable":true,"href":"https:\/\/sp1hrubieszow.pl\/index.php\/wp-json\/wp\/v2\/pages\/2167"}],"wp:attachment":[{"href":"https:\/\/sp1hrubieszow.pl\/index.php\/wp-json\/wp\/v2\/media?parent=2760"}],"curies":[{"name":"wp","href":"https:\/\/api.w.org\/{rel}","templated":true}]}}