{"id":27577,"date":"2024-10-19T16:57:44","date_gmt":"2024-10-19T14:57:44","guid":{"rendered":"https:\/\/sp1hrubieszow.pl\/?page_id=27577"},"modified":"2024-10-19T16:58:00","modified_gmt":"2024-10-19T14:58:00","slug":"kacik-przyjazni-oraz-naklejki-tematyczne-w-naszej-szkole","status":"publish","type":"page","link":"https:\/\/sp1hrubieszow.pl\/index.php\/kronika-2020-2021\/kacik-przyjazni-oraz-naklejki-tematyczne-w-naszej-szkole\/","title":{"rendered":"K\u0105cik Przyja\u017ani oraz naklejki tematyczne w naszej szkole"},"content":{"rendered":"\n<p><span style=\"color: #000080;\">Z rado\u015bci\u0105 informujemy, \u017ce nasza szko\u0142a wzbogaci\u0142a si\u0119 o <strong>K\u0105cik Przyja\u017ani<\/strong> \u2013 miejsce stworzone z my\u015bl\u0105 o integracji, rozmowach i budowaniu wi\u0119zi mi\u0119dzy uczniami. K\u0105cik znajduje si\u0119 na korytarzu szkolnym na pi\u0119trze&nbsp; i jest wyposa\u017cony w wygodne siedziska oraz rega\u0142, w kt\u00f3rym s\u0105 ksi\u0105\u017cki i gry planszowe. To przestrze\u0144, kt\u00f3ra ma inspirowa\u0107 do okazywania \u017cyczliwo\u015bci, wspierania koleg\u00f3w i kole\u017canek oraz przeznaczona jest do wsp\u00f3lnego sp\u0119dzania czasu.<\/span><\/p>\n<p><span style=\"color: #000080;\">Ponadto, nasza szko\u0142a sta\u0142a si\u0119 bardziej kolorowa dzi\u0119ki <strong>naklejkom tematycznym<\/strong>, kt\u00f3re pojawi\u0142y si\u0119 na \u015bcianach! Zosta\u0142y one wybrane tak, aby upi\u0119kszy\u0107 szkolne korytarze i wsp\u00f3lne przestrzenie. Naklejki przedstawiaj\u0105 r\u00f3\u017cnorodne motywy, od inspiruj\u0105cych cytat\u00f3w, po radosne grafiki zwi\u0105zane z nauk\u0105.<\/span><\/p>\n<p><span style=\"color: #000080;\">Celem tego projektu jest nie tylko upi\u0119kszenie przestrzeni szkolnej, ale tak\u017ce stworzenie przyjaznej i motywuj\u0105cej atmosfery dla wszystkich uczni\u00f3w.<\/span><\/p>\n<p><span style=\"color: #000080;\">Zach\u0119camy do odwiedzania K\u0105cika Przyja\u017ani i podziwiania nowej, kolorowej ods\u0142ony naszej szko\u0142y!<\/span><\/p>\n<p><span style=\"color: #000080;\">Szkoln\u0105 rzeczywisto\u015b\u0107 &#8211; przy aprobacie i wsp\u00f3\u0142pracy z pani\u0105 Dyrektor Edyt\u0105 Kucharsk\u0105 &#8211; odmieni\u0142y Panie: Monika Jako\u015b &#8211; W\u00f3r, Marta Kuczy\u0144ska, Anna Karkuszewska, Marta Lackowska.&nbsp;<\/span><\/p>\nngg_shortcode_0_placeholder\n\n\n","protected":false},"excerpt":{"rendered":"<p>Z rado\u015bci\u0105 informujemy, \u017ce nasza szko\u0142a wzbogaci\u0142a si\u0119 o K\u0105cik Przyja\u017ani \u2013 miejsce stworzone z my\u015bl\u0105 o integracji, rozmowach i budowaniu wi\u0119zi mi\u0119dzy uczniami. K\u0105cik znajduje si\u0119 na korytarzu szkolnym na pi\u0119trze&nbsp; i jest wyposa\u017cony w wygodne siedziska oraz rega\u0142, w kt\u00f3rym s\u0105 ksi\u0105\u017cki i gry planszowe. To przestrze\u0144, kt\u00f3ra ma inspirowa\u0107 do okazywania \u017cyczliwo\u015bci, [&hellip;]<\/p>\n","protected":false},"author":2,"featured_media":0,"parent":5983,"menu_order":0,"comment_status":"closed","ping_status":"closed","template":"","meta":{"ngg_post_thumbnail":0,"footnotes":""},"class_list":["post-27577","page","type-page","status-publish","hentry"],"_links":{"self":[{"href":"https:\/\/sp1hrubieszow.pl\/index.php\/wp-json\/wp\/v2\/pages\/27577","targetHints":{"allow":["GET"]}}],"collection":[{"href":"https:\/\/sp1hrubieszow.pl\/index.php\/wp-json\/wp\/v2\/pages"}],"about":[{"href":"https:\/\/sp1hrubieszow.pl\/index.php\/wp-json\/wp\/v2\/types\/page"}],"author":[{"embeddable":true,"href":"https:\/\/sp1hrubieszow.pl\/index.php\/wp-json\/wp\/v2\/users\/2"}],"replies":[{"embeddable":true,"href":"https:\/\/sp1hrubieszow.pl\/index.php\/wp-json\/wp\/v2\/comments?post=27577"}],"version-history":[{"count":1,"href":"https:\/\/sp1hrubieszow.pl\/index.php\/wp-json\/wp\/v2\/pages\/27577\/revisions"}],"predecessor-version":[{"id":27578,"href":"https:\/\/sp1hrubieszow.pl\/index.php\/wp-json\/wp\/v2\/pages\/27577\/revisions\/27578"}],"up":[{"embeddable":true,"href":"https:\/\/sp1hrubieszow.pl\/index.php\/wp-json\/wp\/v2\/pages\/5983"}],"wp:attachment":[{"href":"https:\/\/sp1hrubieszow.pl\/index.php\/wp-json\/wp\/v2\/media?parent=27577"}],"curies":[{"name":"wp","href":"https:\/\/api.w.org\/{rel}","templated":true}]}}