{"id":27450,"date":"2024-10-16T21:17:18","date_gmt":"2024-10-16T19:17:18","guid":{"rendered":"https:\/\/sp1hrubieszow.pl\/?page_id=27450"},"modified":"2024-10-16T21:17:29","modified_gmt":"2024-10-16T19:17:29","slug":"dzien-edukacji-narodowej-3","status":"publish","type":"page","link":"https:\/\/sp1hrubieszow.pl\/index.php\/kronika-2020-2021\/dzien-edukacji-narodowej-3\/","title":{"rendered":"DZIE\u0143 EDUKACJI NARODOWEJ"},"content":{"rendered":"\n<p><span style=\"color: #000080;\">W tym roku w naszej szkole Dzie\u0144 Edukacji Narodowej obchodzili\u015bmy 10 pa\u017adziernika 2024 r. Uczniowie ju\u017c od rana sk\u0142adali nauczycielom oraz wszystkim pracownikom szko\u0142y \u017cyczenia i wr\u0119czali oryginalne prezenty przygotowane pod opiek\u0105 pa\u0144 z Ma\u0142ego Samorz\u0105du Uczniowskiego. Starsi uczniowie mieli mo\u017cliwo\u015b\u0107 pisemnego sk\u0142adania \u017cycze\u0144 i podzi\u0119kowa\u0144, wykonuj\u0105c plakaty na drzwiach sal lekcyjnych. Tego dnia zosta\u0142 te\u017c rozstrzygni\u0119ty konkurs plastyczny \u201ePortret ulubionego nauczyciela\u201d. Wytypowanie zwyci\u0119zc\u00f3w by\u0142o niezwykle trudnym zadaniem dla jury, bowiem wszystkie prace plastyczne by\u0142y pi\u0119kne i niepowtarzalne.<\/span><\/p>\n<p><span style=\"color: #000080;\">Zwyci\u0119zcami zostali:<\/span><\/p>\n<p><span style=\"color: #000080;\">I miejsce \u2013 Nikola G\u0142owacz \u2013 kl. 2b<\/span><\/p>\n<p><span style=\"color: #000080;\">II miejsce \u2013 Lena Domonik \u2013 kl. 2a<\/span><\/p>\n<p><span style=\"color: #000080;\">III miejsce \u2013 Magdalena Socha \u2013 kl. 2a<\/span><\/p>\n<p><span style=\"color: #000080;\">Wyr\u00f3\u017cnienia:<\/span><\/p>\n<p><span style=\"color: #000080;\">Jakub Bia\u0142osiewicz kl. 1a, Zofia Czupry\u0144ska kl. 1a, Elena Stefaniak kl. 1b, Maciej Opa\u0142a kl. 1b, Pola Tor kl. 2a, Patrycja Pawlos kl. 2a, Alan Zawadzki kl. 2a, Luiza Zimon kl. 2a, Karol Senderek kl. 2b, Alicja Z\u0105bek kl. 2c, Kornel Baj kl. 2c, Martyna Pomianowska kl. 3b, Julia Woraczek kl. 3b.<\/span><\/p>\n<p><span style=\"color: #000080;\">Serdecznie gratulujemy i \u017cyczymy dalszych sukces\u00f3w.<\/span><\/p>\nngg_shortcode_0_placeholder\n","protected":false},"excerpt":{"rendered":"<p>W tym roku w naszej szkole Dzie\u0144 Edukacji Narodowej obchodzili\u015bmy 10 pa\u017adziernika 2024 r. Uczniowie ju\u017c od rana sk\u0142adali nauczycielom oraz wszystkim pracownikom szko\u0142y \u017cyczenia i wr\u0119czali oryginalne prezenty przygotowane pod opiek\u0105 pa\u0144 z Ma\u0142ego Samorz\u0105du Uczniowskiego. Starsi uczniowie mieli mo\u017cliwo\u015b\u0107 pisemnego sk\u0142adania \u017cycze\u0144 i podzi\u0119kowa\u0144, wykonuj\u0105c plakaty na drzwiach sal lekcyjnych. Tego dnia zosta\u0142 [&hellip;]<\/p>\n","protected":false},"author":2,"featured_media":0,"parent":5983,"menu_order":0,"comment_status":"closed","ping_status":"closed","template":"","meta":{"ngg_post_thumbnail":0,"footnotes":""},"class_list":["post-27450","page","type-page","status-publish","hentry"],"_links":{"self":[{"href":"https:\/\/sp1hrubieszow.pl\/index.php\/wp-json\/wp\/v2\/pages\/27450","targetHints":{"allow":["GET"]}}],"collection":[{"href":"https:\/\/sp1hrubieszow.pl\/index.php\/wp-json\/wp\/v2\/pages"}],"about":[{"href":"https:\/\/sp1hrubieszow.pl\/index.php\/wp-json\/wp\/v2\/types\/page"}],"author":[{"embeddable":true,"href":"https:\/\/sp1hrubieszow.pl\/index.php\/wp-json\/wp\/v2\/users\/2"}],"replies":[{"embeddable":true,"href":"https:\/\/sp1hrubieszow.pl\/index.php\/wp-json\/wp\/v2\/comments?post=27450"}],"version-history":[{"count":1,"href":"https:\/\/sp1hrubieszow.pl\/index.php\/wp-json\/wp\/v2\/pages\/27450\/revisions"}],"predecessor-version":[{"id":27451,"href":"https:\/\/sp1hrubieszow.pl\/index.php\/wp-json\/wp\/v2\/pages\/27450\/revisions\/27451"}],"up":[{"embeddable":true,"href":"https:\/\/sp1hrubieszow.pl\/index.php\/wp-json\/wp\/v2\/pages\/5983"}],"wp:attachment":[{"href":"https:\/\/sp1hrubieszow.pl\/index.php\/wp-json\/wp\/v2\/media?parent=27450"}],"curies":[{"name":"wp","href":"https:\/\/api.w.org\/{rel}","templated":true}]}}