{"id":27390,"date":"2024-10-08T21:35:20","date_gmt":"2024-10-08T19:35:20","guid":{"rendered":"https:\/\/sp1hrubieszow.pl\/?page_id=27390"},"modified":"2024-10-08T21:35:53","modified_gmt":"2024-10-08T19:35:53","slug":"wycieczka-klas-7","status":"publish","type":"page","link":"https:\/\/sp1hrubieszow.pl\/index.php\/kronika-2020-2021\/wycieczka-klas-7\/","title":{"rendered":"Wycieczka klas 7"},"content":{"rendered":"\n<p style=\"text-align: left;\"><span style=\"color: #000080;\">1 pa\u017adziernika 2024 roku uczniowie klas 7 naszej szko\u0142y wzi\u0119li udzia\u0142 w wycieczce do Lublina i Czarnolasu. Celem wyjazdu by\u0142o po\u0142\u0105czenie aktywno\u015bci fizycznej z poznaniem dziedzictwa kulturowego Polski.<\/span><br><span style=\"color: #000080;\">Nasza wycieczka rozpocz\u0119\u0142a si\u0119 wcze\u015bnie rano, gdy wyruszyli\u015bmy autokarem w stron\u0119 Lublina. Pierwszym punktem programu by\u0142 Park Trampolin &#8222;Mania Skakania&#8221;, kt\u00f3ry okaza\u0142 si\u0119 \u015bwietnym miejscem na aktywne sp\u0119dzenie czasu. Uczniowie mieli okazj\u0119 wypr\u00f3bowa\u0107 swoje umiej\u0119tno\u015bci skakania, wykonuj\u0105c r\u00f3\u017cnorodne akrobacje i skoki. Instruktorzy czuwali nad bezpiecze\u0144stwem, a zabawa by\u0142a nie tylko \u015bwietnym \u0107wiczeniem, ale te\u017c dostarczy\u0142a wielu \u015bmiechu i rado\u015bci. By\u0142 to idealny spos\u00f3b na rozpocz\u0119cie dnia pe\u0142nego wra\u017ce\u0144.<\/span><br><span style=\"color: #000080;\">Po wyczerpuj\u0105cych, aczkolwiek bardzo przyjemnych zaj\u0119ciach w parku trampolin, przyszed\u0142 czas na zas\u0142u\u017cony odpoczynek i posi\u0142ek. Udali\u015bmy si\u0119 do restauracji &#8222;Pyzata Chata&#8221;, kt\u00f3ra s\u0142ynie z tradycyjnej polskiej kuchni. Atmosfera by\u0142a przyjemna, a jedzenie smaczne, co pozwoli\u0142o nam nabra\u0107 energii na dalsz\u0105 cz\u0119\u015b\u0107 wycieczki.<\/span><br><span style=\"color: #000080;\">Po obiedzie udali\u015bmy si\u0119 do Czarnolasu, gdzie znajduje si\u0119 Muzeum Jana Kochanowskiego. To miejsce by\u0142o szczeg\u00f3lnie wa\u017cnym punktem naszej wycieczki ze wzgl\u0119du na to, \u017ce uczniowie w programie nauczania j\u0119zyka polskiego poznaj\u0105 tw\u00f3rczo\u015b\u0107 tego wybitnego poety renesansu. Muzeum otoczone jest pi\u0119knym parkiem, co dodatkowo podkre\u015bla\u0142o atmosfer\u0119 tego historycznego miejsca.<\/span><br><span style=\"color: #000080;\">Przewodnik w interesuj\u0105cy spos\u00f3b opowiada\u0142 o \u017cyciu poety, jego rodzinie oraz tragicznych wydarzeniach, kt\u00f3re wp\u0142yn\u0119\u0142y na jego tw\u00f3rczo\u015b\u0107, w tym \u015bmierci ukochanej c\u00f3rki Urszulki. Szczeg\u00f3lnie poruszaj\u0105ce by\u0142y informacje na temat powstania s\u0142ynnych \u201eTren\u00f3w\u201d. Uczniowie z zainteresowaniem s\u0142uchali opowie\u015bci o \u017cyciu Jana Kochanowskiego i z pewno\u015bci\u0105 zyskali nowe spojrzenie na jego poezj\u0119.<\/span><br><span style=\"color: #000080;\">Wycieczka by\u0142a nie tylko wspania\u0142\u0105 okazj\u0105 do integracji i wsp\u00f3lnej zabawy, ale r\u00f3wnie\u017c wzbogaci\u0142a nasz\u0105 wiedz\u0119 o polskiej kulturze i literaturze. Aktywno\u015bci fizyczne w parku trampolin pozwoli\u0142y si\u0119 zrelaksowa\u0107 i odstresowa\u0107, a wizyta w Czarnolesie wzbudzi\u0142a refleksje nad \u017cyciem i tw\u00f3rczo\u015bci\u0105 jednego z najwybitniejszych polskich poet\u00f3w. Wszyscy uczestnicy wr\u00f3cili z wycieczki zm\u0119czeni, ale pe\u0142ni wra\u017ce\u0144 i nowych do\u015bwiadcze\u0144.<\/span><\/p>\n<p style=\"text-align: right;\"><span style=\"color: #000080;\">Monika Jako\u015b &#8211; W\u00f3r<\/span><br><span style=\"color: #000080;\">Edyta Miller &#8211; Wiatrowska <\/span><br><span style=\"color: #000080;\">Marta Lackowska<\/span><\/p>\nngg_shortcode_0_placeholder\n\n\n","protected":false},"excerpt":{"rendered":"<p>1 pa\u017adziernika 2024 roku uczniowie klas 7 naszej szko\u0142y wzi\u0119li udzia\u0142 w wycieczce do Lublina i Czarnolasu. Celem wyjazdu by\u0142o po\u0142\u0105czenie aktywno\u015bci fizycznej z poznaniem dziedzictwa kulturowego Polski.Nasza wycieczka rozpocz\u0119\u0142a si\u0119 wcze\u015bnie rano, gdy wyruszyli\u015bmy autokarem w stron\u0119 Lublina. Pierwszym punktem programu by\u0142 Park Trampolin &#8222;Mania Skakania&#8221;, kt\u00f3ry okaza\u0142 si\u0119 \u015bwietnym miejscem na aktywne sp\u0119dzenie [&hellip;]<\/p>\n","protected":false},"author":2,"featured_media":0,"parent":5983,"menu_order":0,"comment_status":"closed","ping_status":"closed","template":"","meta":{"ngg_post_thumbnail":0,"footnotes":""},"class_list":["post-27390","page","type-page","status-publish","hentry"],"_links":{"self":[{"href":"https:\/\/sp1hrubieszow.pl\/index.php\/wp-json\/wp\/v2\/pages\/27390","targetHints":{"allow":["GET"]}}],"collection":[{"href":"https:\/\/sp1hrubieszow.pl\/index.php\/wp-json\/wp\/v2\/pages"}],"about":[{"href":"https:\/\/sp1hrubieszow.pl\/index.php\/wp-json\/wp\/v2\/types\/page"}],"author":[{"embeddable":true,"href":"https:\/\/sp1hrubieszow.pl\/index.php\/wp-json\/wp\/v2\/users\/2"}],"replies":[{"embeddable":true,"href":"https:\/\/sp1hrubieszow.pl\/index.php\/wp-json\/wp\/v2\/comments?post=27390"}],"version-history":[{"count":1,"href":"https:\/\/sp1hrubieszow.pl\/index.php\/wp-json\/wp\/v2\/pages\/27390\/revisions"}],"predecessor-version":[{"id":27391,"href":"https:\/\/sp1hrubieszow.pl\/index.php\/wp-json\/wp\/v2\/pages\/27390\/revisions\/27391"}],"up":[{"embeddable":true,"href":"https:\/\/sp1hrubieszow.pl\/index.php\/wp-json\/wp\/v2\/pages\/5983"}],"wp:attachment":[{"href":"https:\/\/sp1hrubieszow.pl\/index.php\/wp-json\/wp\/v2\/media?parent=27390"}],"curies":[{"name":"wp","href":"https:\/\/api.w.org\/{rel}","templated":true}]}}