{"id":2735,"date":"2019-10-30T20:13:26","date_gmt":"2019-10-30T19:13:26","guid":{"rendered":"http:\/\/sp1.hrubieszow.info\/?page_id=2735"},"modified":"2019-10-30T20:14:15","modified_gmt":"2019-10-30T19:14:15","slug":"obchody-swiatowego-tygodnia-zwierzat","status":"publish","type":"page","link":"https:\/\/sp1hrubieszow.pl\/index.php\/kronika-2019-2020\/obchody-swiatowego-tygodnia-zwierzat\/","title":{"rendered":"OBCHODY \u015aWIATOWEGO TYGODNIA ZWIERZ\u0104T"},"content":{"rendered":"\n<p align=\"JUSTIFY\"><span style=\"color: #000066;\"><span style=\"font-family: Arial, sans-serif;\"><span style=\"font-size: medium;\">W pa\u017adzierniku uczniowie klas 3a i 3c pod opiek\u0105 pa\u0144 Pauliny Seweryn i Justyny Przybik pojechali do Zamo\u015bcia i Podhorzec. Pierwszym punktem wycieczki by\u0142a projekcja filmu \u201eM\u00f3j przyjaciel pies 2\u201d. Film by\u0142 niezwykle poruszaj\u0105cy i dostarczy\u0142 nam mn\u00f3stwo pozytywnych wra\u017ce\u0144. Po tak emocjonalnie rozpocz\u0119tym dniu (a wyla\u0142o si\u0119 sporo \u0142ez podczas seansu) czeka\u0142a nas kolejna dawka wzrusze\u0144 w postaci wizyty w schronisku dla zwierz\u0105t w Podhorcach. Nasz wyjazd by\u0142 fina\u0142em zbi\u00f3rki karmy zorganizowanej w naszej szkole ju\u017c po raz drugi z okazji \u015awiatowego Tygodnia Zwierz\u0105t. Zach\u0119ceni zesz\u0142orocznym sukcesem (uda\u0142o si\u0119 wtedy zgromadzi\u0107 313 kg suchej karmy), postanowili\u015bmy i w tym roku wesprze\u0107 bezdomne zwierz\u0119ta. Tym razem udali\u015bmy si\u0119 do Fundacji \u201eReksio i Przyjaciele\u201d w Podhorcach. W schronisku, pod opiek\u0105 pana Alfreda Matyjaszczyka, znajduje si\u0119 14 ps\u00f3w, kucyk, 2 kozy i kilka kot\u00f3w. Wszystkie zwierz\u0119ta s\u0105 ju\u017c schorowanymi staruszkami z du\u017cym baga\u017cem brutalnych do\u015bwiadcze\u0144. Zwierz\u0119ta mieszkaj\u0105ce w schronisku s\u0105 niezwykle \u0142agodne. Dzieci mog\u0142y je pog\u0142aska\u0107, a nawet nakarmi\u0107. <\/span><\/span><\/span><\/p>\n<p align=\"JUSTIFY\"><span style=\"color: #000066;\"><span style=\"font-family: Arial, sans-serif;\"><span style=\"font-size: medium;\">W tym roku uda\u0142o si\u0119 zgromadzi\u0107 108 kg i 48 dkg karmy suchej i mokrej oraz kaszy i ry\u017cu. Wszystkim darczy\u0144com bardzo dzi\u0119kujemy. Na szczeg\u00f3lne wyr\u00f3\u017cnienie zas\u0142uguje klasa 1a, kt\u00f3ra zgromadzi\u0142a najwi\u0119cej, bo ponad 20 kg karmy. W nagrod\u0119 klasa 1a wybierze sobie jeden dzie\u0144 wolny od sprawdzian\u00f3w, kartk\u00f3wek i pytania. Gratulujemy i dzi\u0119kujemy.<\/span><\/span><\/span><\/p>\n<p align=\"JUSTIFY\"><span style=\"color: #000066;\"><span style=\"font-family: Arial, sans-serif;\"><span style=\"font-size: medium;\">Serdeczne podzi\u0119kowania kierujemy do pani pedagog Anny Karkuszewskiej i uczni\u00f3w z Ko\u0142a Wolontariatu, kt\u00f3rzy pomagali nam przy zbi\u00f3rce karmy, a tak\u017ce przypominali spo\u0142eczno\u015bci szkolnej o trwaj\u0105cej akcji.<\/span><\/span><\/span><\/p>\n<p align=\"JUSTIFY\"><span style=\"color: #000066;\"><span style=\"font-family: Arial, sans-serif;\"><span style=\"font-size: medium;\">Dzi\u0119kujemy r\u00f3wnie\u017c pa\u0144stwu Sylwii i Maciejowi Adamus z gabinetu weterynaryjnego, kt\u00f3rzy r\u00f3wnie\u017c przy\u0142\u0105czyli si\u0119 do akcji ofiarowuj\u0105c fundacji 12 kg suchej karmy i 2 opakowania suplement\u00f3w diety.<\/span><\/span><\/span><\/p>\n<p align=\"RIGHT\"><span style=\"color: #000066;\">\u201e<span style=\"font-family: Arial, sans-serif;\"><span style=\"font-size: medium;\">Nie liczy si\u0119 to ile posiadasz, ale ile dajesz innym <\/span><\/span><\/span><span style=\"font-size: medium; font-family: Arial, sans-serif; color: #000066;\">i jak si\u0119 z nimi dzielisz\u201d&nbsp;<\/span><\/p>\n<p align=\"RIGHT\"><span style=\"color: #000066;\"><span style=\"font-family: Arial, sans-serif;\"> (autor nieznany)<\/span><\/span><\/p>\nngg_shortcode_0_placeholder\n","protected":false},"excerpt":{"rendered":"<p>W pa\u017adzierniku uczniowie klas 3a i 3c pod opiek\u0105 pa\u0144 Pauliny Seweryn i Justyny Przybik pojechali do Zamo\u015bcia i Podhorzec. Pierwszym punktem wycieczki by\u0142a projekcja filmu \u201eM\u00f3j przyjaciel pies 2\u201d. Film by\u0142 niezwykle poruszaj\u0105cy i dostarczy\u0142 nam mn\u00f3stwo pozytywnych wra\u017ce\u0144. Po tak emocjonalnie rozpocz\u0119tym dniu (a wyla\u0142o si\u0119 sporo \u0142ez podczas seansu) czeka\u0142a nas kolejna [&hellip;]<\/p>\n","protected":false},"author":2,"featured_media":0,"parent":2167,"menu_order":0,"comment_status":"closed","ping_status":"closed","template":"","meta":{"ngg_post_thumbnail":0,"footnotes":""},"class_list":["post-2735","page","type-page","status-publish","hentry"],"_links":{"self":[{"href":"https:\/\/sp1hrubieszow.pl\/index.php\/wp-json\/wp\/v2\/pages\/2735","targetHints":{"allow":["GET"]}}],"collection":[{"href":"https:\/\/sp1hrubieszow.pl\/index.php\/wp-json\/wp\/v2\/pages"}],"about":[{"href":"https:\/\/sp1hrubieszow.pl\/index.php\/wp-json\/wp\/v2\/types\/page"}],"author":[{"embeddable":true,"href":"https:\/\/sp1hrubieszow.pl\/index.php\/wp-json\/wp\/v2\/users\/2"}],"replies":[{"embeddable":true,"href":"https:\/\/sp1hrubieszow.pl\/index.php\/wp-json\/wp\/v2\/comments?post=2735"}],"version-history":[{"count":1,"href":"https:\/\/sp1hrubieszow.pl\/index.php\/wp-json\/wp\/v2\/pages\/2735\/revisions"}],"predecessor-version":[{"id":2736,"href":"https:\/\/sp1hrubieszow.pl\/index.php\/wp-json\/wp\/v2\/pages\/2735\/revisions\/2736"}],"up":[{"embeddable":true,"href":"https:\/\/sp1hrubieszow.pl\/index.php\/wp-json\/wp\/v2\/pages\/2167"}],"wp:attachment":[{"href":"https:\/\/sp1hrubieszow.pl\/index.php\/wp-json\/wp\/v2\/media?parent=2735"}],"curies":[{"name":"wp","href":"https:\/\/api.w.org\/{rel}","templated":true}]}}