{"id":27065,"date":"2024-09-11T22:13:17","date_gmt":"2024-09-11T20:13:17","guid":{"rendered":"https:\/\/sp1hrubieszow.pl\/?page_id=27065"},"modified":"2024-09-11T22:14:30","modified_gmt":"2024-09-11T20:14:30","slug":"spotkania-z-funkcjonariuszem-policji","status":"publish","type":"page","link":"https:\/\/sp1hrubieszow.pl\/index.php\/kronika-2020-2021\/spotkania-z-funkcjonariuszem-policji\/","title":{"rendered":"Spotkania z funkcjonariuszem Policji"},"content":{"rendered":"\n<div class=\"xdj266r x11i5rnm xat24cr x1mh8g0r x1vvkbs x126k92a\">\n<div dir=\"auto\"><span style=\"color: #000080;\">W dniu 10-11 wrze\u015bnia w naszej szkole odby\u0142y si\u0119 spotkania rodzic\u00f3w oraz uczni\u00f3w z funkcjonariuszem Policji aspirantem sztabowym Edyt\u0105 Krystkowiak, kt\u00f3ra poprowadzi\u0142a zaj\u0119cia na temat bezpiecze\u0144stwa w Internecie. Wydarzenie to mia\u0142o na celu zwi\u0119kszenie \u015bwiadomo\u015bci zar\u00f3wno doros\u0142ych, jak i dzieci na temat zagro\u017ce\u0144, kt\u00f3re mog\u0105 czyha\u0107 w sieci.<\/span><\/div>\n<\/div>\n<div class=\"x11i5rnm xat24cr x1mh8g0r x1vvkbs xtlvy1s x126k92a\">\n<div dir=\"auto\"><span style=\"color: #000080;\">Podczas spotkania poruszony zasta\u0142 temat cyberprzemocy. Wyja\u015bniono czym jest definiowana przemoc r\u00f3wie\u015bnicza w sieci. Om\u00f3wiono na wybranych przyk\u0142adach zakres odpowiedzialno\u015bci nieletnich oraz jakie \u015brodki wychowawcze mo\u017ce zastosowa\u0107 S\u0105d Rodzinny i Nieletnich, za pope\u0142nione czyny karalne i przejawy demoralizacji.<\/span><\/div>\n<\/div>\n<div class=\"x11i5rnm xat24cr x1mh8g0r x1vvkbs xtlvy1s x126k92a\">\n<div dir=\"auto\"><span style=\"color: #000080;\">Coraz cz\u0119stsze zjawisko hejtu w sieci zar\u00f3wno w\u015br\u00f3d dzieci i m\u0142odzie\u017cy ale tak\u017ce doros\u0142ych os\u00f3b, jest jednym z nowych wyzwa\u0144 z jakimi musz\u0105 zmierzy\u0107 si\u0119 pedagodzy, plac\u00f3wki o\u015bwiatowe, a tak\u017ce organy \u015bcigania. Dlatego tak wa\u017cne jest, aby rodzice monitorowali aktywno\u015b\u0107 swoich pociech w Internecie i stosowali odpowiednie narz\u0119dzia do kontrolowania tre\u015bci, do kt\u00f3rych maj\u0105 dost\u0119p najm\u0142odsi.&nbsp;<\/span><\/div>\n<div dir=\"auto\">\nngg_shortcode_0_placeholder\n<\/div>\n<\/div>\n","protected":false},"excerpt":{"rendered":"<p>W dniu 10-11 wrze\u015bnia w naszej szkole odby\u0142y si\u0119 spotkania rodzic\u00f3w oraz uczni\u00f3w z funkcjonariuszem Policji aspirantem sztabowym Edyt\u0105 Krystkowiak, kt\u00f3ra poprowadzi\u0142a zaj\u0119cia na temat bezpiecze\u0144stwa w Internecie. Wydarzenie to mia\u0142o na celu zwi\u0119kszenie \u015bwiadomo\u015bci zar\u00f3wno doros\u0142ych, jak i dzieci na temat zagro\u017ce\u0144, kt\u00f3re mog\u0105 czyha\u0107 w sieci. Podczas spotkania poruszony zasta\u0142 temat cyberprzemocy. Wyja\u015bniono [&hellip;]<\/p>\n","protected":false},"author":2,"featured_media":0,"parent":5983,"menu_order":0,"comment_status":"closed","ping_status":"closed","template":"","meta":{"ngg_post_thumbnail":0,"footnotes":""},"class_list":["post-27065","page","type-page","status-publish","hentry"],"_links":{"self":[{"href":"https:\/\/sp1hrubieszow.pl\/index.php\/wp-json\/wp\/v2\/pages\/27065","targetHints":{"allow":["GET"]}}],"collection":[{"href":"https:\/\/sp1hrubieszow.pl\/index.php\/wp-json\/wp\/v2\/pages"}],"about":[{"href":"https:\/\/sp1hrubieszow.pl\/index.php\/wp-json\/wp\/v2\/types\/page"}],"author":[{"embeddable":true,"href":"https:\/\/sp1hrubieszow.pl\/index.php\/wp-json\/wp\/v2\/users\/2"}],"replies":[{"embeddable":true,"href":"https:\/\/sp1hrubieszow.pl\/index.php\/wp-json\/wp\/v2\/comments?post=27065"}],"version-history":[{"count":1,"href":"https:\/\/sp1hrubieszow.pl\/index.php\/wp-json\/wp\/v2\/pages\/27065\/revisions"}],"predecessor-version":[{"id":27066,"href":"https:\/\/sp1hrubieszow.pl\/index.php\/wp-json\/wp\/v2\/pages\/27065\/revisions\/27066"}],"up":[{"embeddable":true,"href":"https:\/\/sp1hrubieszow.pl\/index.php\/wp-json\/wp\/v2\/pages\/5983"}],"wp:attachment":[{"href":"https:\/\/sp1hrubieszow.pl\/index.php\/wp-json\/wp\/v2\/media?parent=27065"}],"curies":[{"name":"wp","href":"https:\/\/api.w.org\/{rel}","templated":true}]}}