{"id":27008,"date":"2024-09-06T19:19:33","date_gmt":"2024-09-06T17:19:33","guid":{"rendered":"https:\/\/sp1hrubieszow.pl\/?page_id=27008"},"modified":"2024-09-08T14:00:42","modified_gmt":"2024-09-08T12:00:42","slug":"narodowe-czytanie-2024","status":"publish","type":"page","link":"https:\/\/sp1hrubieszow.pl\/index.php\/kronika-2020-2021\/narodowe-czytanie-2024\/","title":{"rendered":"Narodowe Czytanie 2024"},"content":{"rendered":"\n\n\n<p><span style=\"color: #000080;\">Nasza szko\u0142a w\u0142\u0105czy\u0142a si\u0119 w Narodowe Czytanie &#8211; og\u00f3lnopolsk\u0105 akcj\u0119 spo\u0142eczn\u0105 propaguj\u0105c\u0105 znajomo\u015b\u0107 literatury polskiej. W tegorocznej edycji wsp\u00f3lnie czytamy &#8222;Kordiana&#8221; Juliusza S\u0142owackiego. Aktywny udzia\u0142 w czytaniu wzi\u0119\u0142y klasy 8a, 8b, 8c oraz 6b, a tak\u017ce pracownicy szko\u0142y.<\/span><\/p>\nngg_shortcode_0_placeholder\nngg_shortcode_1_placeholder\n","protected":false},"excerpt":{"rendered":"<p>Nasza szko\u0142a w\u0142\u0105czy\u0142a si\u0119 w Narodowe Czytanie &#8211; og\u00f3lnopolsk\u0105 akcj\u0119 spo\u0142eczn\u0105 propaguj\u0105c\u0105 znajomo\u015b\u0107 literatury polskiej. W tegorocznej edycji wsp\u00f3lnie czytamy &#8222;Kordiana&#8221; Juliusza S\u0142owackiego. Aktywny udzia\u0142 w czytaniu wzi\u0119\u0142y klasy 8a, 8b, 8c oraz 6b, a tak\u017ce pracownicy szko\u0142y.<\/p>\n","protected":false},"author":2,"featured_media":0,"parent":5983,"menu_order":0,"comment_status":"closed","ping_status":"closed","template":"","meta":{"ngg_post_thumbnail":0,"footnotes":""},"class_list":["post-27008","page","type-page","status-publish","hentry"],"_links":{"self":[{"href":"https:\/\/sp1hrubieszow.pl\/index.php\/wp-json\/wp\/v2\/pages\/27008","targetHints":{"allow":["GET"]}}],"collection":[{"href":"https:\/\/sp1hrubieszow.pl\/index.php\/wp-json\/wp\/v2\/pages"}],"about":[{"href":"https:\/\/sp1hrubieszow.pl\/index.php\/wp-json\/wp\/v2\/types\/page"}],"author":[{"embeddable":true,"href":"https:\/\/sp1hrubieszow.pl\/index.php\/wp-json\/wp\/v2\/users\/2"}],"replies":[{"embeddable":true,"href":"https:\/\/sp1hrubieszow.pl\/index.php\/wp-json\/wp\/v2\/comments?post=27008"}],"version-history":[{"count":2,"href":"https:\/\/sp1hrubieszow.pl\/index.php\/wp-json\/wp\/v2\/pages\/27008\/revisions"}],"predecessor-version":[{"id":27034,"href":"https:\/\/sp1hrubieszow.pl\/index.php\/wp-json\/wp\/v2\/pages\/27008\/revisions\/27034"}],"up":[{"embeddable":true,"href":"https:\/\/sp1hrubieszow.pl\/index.php\/wp-json\/wp\/v2\/pages\/5983"}],"wp:attachment":[{"href":"https:\/\/sp1hrubieszow.pl\/index.php\/wp-json\/wp\/v2\/media?parent=27008"}],"curies":[{"name":"wp","href":"https:\/\/api.w.org\/{rel}","templated":true}]}}