{"id":26863,"date":"2024-06-22T19:09:09","date_gmt":"2024-06-22T17:09:09","guid":{"rendered":"https:\/\/sp1hrubieszow.pl\/?page_id=26863"},"modified":"2024-06-22T19:09:36","modified_gmt":"2024-06-22T17:09:36","slug":"uroczyste-zakonczenie-roku","status":"publish","type":"page","link":"https:\/\/sp1hrubieszow.pl\/index.php\/kronika-2020-2021\/uroczyste-zakonczenie-roku\/","title":{"rendered":"Uroczyste zako\u0144czenie roku"},"content":{"rendered":"\n<p><span style=\"color: #000080;\">21 czerwca odby\u0142o si\u0119 uroczyste zako\u0144czenie roku szkolnego 2023\/2024. W uroczysto\u015bci uczestniczy\u0142a Pani Burmistrz Marta Majewska oraz Pani Monika Panasiewicz \u2013 Przewodnicz\u0105ca Rady Rodzic\u00f3w. Spotkanie prowadzi\u0142a Pani Dyrektor Edyta Kucharska wraz z przewodnicz\u0105cymi SU \u2013 Lidi\u0105 Grab i Marcinem Lackowskim.<\/span><\/p>\n<p><span style=\"color: #000080;\">Pani Dyrektor podsumowa\u0142a prac\u0119 w roku szkolnym, odczyta\u0142a najwa\u017cniejsze osi\u0105gni\u0119cia naszych uczni\u00f3w, a tak\u017ce \u017cyczy\u0142a wszystkim udanych i bezpiecznych wakacji oraz zas\u0142u\u017conego odpoczynku.<\/span><\/p>\n<p><span style=\"color: #000080;\">Podczas uroczysto\u015bci wr\u0119czone zosta\u0142y \u015bwiadectwa z wyr\u00f3\u017cnieniem dla uczni\u00f3w jedynej w tym roku \u00f3smej klasy. Takie \u015bwiadectwa otrzymali: Oliwia Jonak, Karol Stadnicki i Izabela Jankowska. Iza zdoby\u0142a tak\u017ce tytu\u0142 Super Ucznia oraz nagrod\u0119 Pani Burmistrz dla najlepszego ucznia 8 klasy. Wr\u0119czono r\u00f3wnie\u017c statuetki za sukcesy sportowe, a tytu\u0142 &nbsp;Najlepszego Sportowa otrzyma\u0142 Miko\u0142aj Czerkawski. Poza tym uczniowie odebrali nagrody za najwa\u017cniejsze osi\u0105gni\u0119cia oraz za dzia\u0142alno\u015b\u0107 w Samorz\u0105dzie Uczniowskim.<\/span><\/p>\n<p><span style=\"color: #000080;\">Podzi\u0119kowania zosta\u0142y wr\u0119czone te\u017c rodzicom uczni\u00f3w klasy \u00f3smej, kt\u00f3rzy anga\u017cowali si\u0119 w \u017cycie klasy i szko\u0142y.<\/span><\/p>\n<p><span style=\"color: #000080;\">Po cz\u0119\u015bci oficjalnej&nbsp; uczniowie wraz z wychowawcami udali si\u0119 do swoich sal lekcyjnych, gdzie otrzymali \u015bwiadectwa i nagrody ksi\u0105\u017ckowe. &nbsp;<\/span><\/p>\n<p><span style=\"color: #000080;\">Praca i nauka w roku szkolnym zosta\u0142a zako\u0144czona J Teraz przed nami wymarzone wakacje. Niech to b\u0119dzie czas radosny, bezpieczny i pe\u0142en wspania\u0142ych chwil.<\/span><\/p>\nngg_shortcode_0_placeholder\n","protected":false},"excerpt":{"rendered":"<p>21 czerwca odby\u0142o si\u0119 uroczyste zako\u0144czenie roku szkolnego 2023\/2024. W uroczysto\u015bci uczestniczy\u0142a Pani Burmistrz Marta Majewska oraz Pani Monika Panasiewicz \u2013 Przewodnicz\u0105ca Rady Rodzic\u00f3w. Spotkanie prowadzi\u0142a Pani Dyrektor Edyta Kucharska wraz z przewodnicz\u0105cymi SU \u2013 Lidi\u0105 Grab i Marcinem Lackowskim. Pani Dyrektor podsumowa\u0142a prac\u0119 w roku szkolnym, odczyta\u0142a najwa\u017cniejsze osi\u0105gni\u0119cia naszych uczni\u00f3w, a tak\u017ce \u017cyczy\u0142a [&hellip;]<\/p>\n","protected":false},"author":2,"featured_media":0,"parent":5983,"menu_order":0,"comment_status":"closed","ping_status":"closed","template":"","meta":{"ngg_post_thumbnail":0,"footnotes":""},"class_list":["post-26863","page","type-page","status-publish","hentry"],"_links":{"self":[{"href":"https:\/\/sp1hrubieszow.pl\/index.php\/wp-json\/wp\/v2\/pages\/26863","targetHints":{"allow":["GET"]}}],"collection":[{"href":"https:\/\/sp1hrubieszow.pl\/index.php\/wp-json\/wp\/v2\/pages"}],"about":[{"href":"https:\/\/sp1hrubieszow.pl\/index.php\/wp-json\/wp\/v2\/types\/page"}],"author":[{"embeddable":true,"href":"https:\/\/sp1hrubieszow.pl\/index.php\/wp-json\/wp\/v2\/users\/2"}],"replies":[{"embeddable":true,"href":"https:\/\/sp1hrubieszow.pl\/index.php\/wp-json\/wp\/v2\/comments?post=26863"}],"version-history":[{"count":1,"href":"https:\/\/sp1hrubieszow.pl\/index.php\/wp-json\/wp\/v2\/pages\/26863\/revisions"}],"predecessor-version":[{"id":26864,"href":"https:\/\/sp1hrubieszow.pl\/index.php\/wp-json\/wp\/v2\/pages\/26863\/revisions\/26864"}],"up":[{"embeddable":true,"href":"https:\/\/sp1hrubieszow.pl\/index.php\/wp-json\/wp\/v2\/pages\/5983"}],"wp:attachment":[{"href":"https:\/\/sp1hrubieszow.pl\/index.php\/wp-json\/wp\/v2\/media?parent=26863"}],"curies":[{"name":"wp","href":"https:\/\/api.w.org\/{rel}","templated":true}]}}