{"id":26739,"date":"2024-06-19T17:28:48","date_gmt":"2024-06-19T15:28:48","guid":{"rendered":"https:\/\/sp1hrubieszow.pl\/?page_id=26739"},"modified":"2024-06-19T17:33:58","modified_gmt":"2024-06-19T15:33:58","slug":"szkolny-konkurs-plastyczny-przepis-na-przyjazn","status":"publish","type":"page","link":"https:\/\/sp1hrubieszow.pl\/index.php\/kronika-2020-2021\/szkolny-konkurs-plastyczny-przepis-na-przyjazn\/","title":{"rendered":"Szkolny konkurs plastyczny &#8222;Przepis na przyja\u017a\u0144&#8221;"},"content":{"rendered":"\n<div class=\"x11i5rnm xat24cr x1mh8g0r x1vvkbs xtlvy1s x126k92a\">\n<div dir=\"auto\"><span style=\"color: #000080;\">Komisja konkursowa w sk\u0142adzie: Anna Karkuszewska, Monika Jako\u015b-W\u00f3r, Marta Lackowska, Edyta Miller-Wiatrowska, nagrodzi\u0142a i wyr\u00f3\u017cni\u0142a nast\u0119puj\u0105cych uczni\u00f3w:<\/span><\/div>\n<div dir=\"auto\">&nbsp;<\/div>\n<\/div>\n<div class=\"x11i5rnm xat24cr x1mh8g0r x1vvkbs xtlvy1s x126k92a\">\n<div dir=\"auto\"><span style=\"color: #000080;\">Uczniowie klas 1-3<\/span><\/div>\n<div dir=\"auto\"><span style=\"color: #000080;\">I miejsce: Lena Cierech z klasy 3a<\/span><\/div>\n<div dir=\"auto\"><span style=\"color: #000080;\">II miejsce: Milena Tor z kl. 3a<\/span><\/div>\n<div dir=\"auto\"><span style=\"color: #000080;\">III miejsce: Julia Michalczewska z kl. 3b<\/span><\/div>\n<div dir=\"auto\">&nbsp;<\/div>\n<div dir=\"auto\"><span style=\"color: #000080;\">Wyr\u00f3\u017cnienia:<\/span><\/div>\n<div dir=\"auto\"><span style=\"color: #000080;\">1. Adrianna Mazurek z kl. 3a<\/span><\/div>\n<div dir=\"auto\"><span style=\"color: #000080;\">2. Zuzanna Przybylak z kl. 3a<\/span><\/div>\n<div dir=\"auto\"><span style=\"color: #000080;\">3. Eliza Daciuk z kl. 1a<\/span><\/div>\n<div dir=\"auto\">&nbsp;<\/div>\n<\/div>\n<div class=\"x11i5rnm xat24cr x1mh8g0r x1vvkbs xtlvy1s x126k92a\">\n<div dir=\"auto\"><span style=\"color: #000080;\">Uczniowie klas 4-8<\/span><\/div>\n<div dir=\"auto\"><span style=\"color: #000080;\">I miejsce: Ma\u0142gorzata Korneluk z kl. 7a<\/span><\/div>\n<div dir=\"auto\"><span style=\"color: #000080;\">II miejsce: Maja Klimkowska z kl. 6a<\/span><\/div>\n<div dir=\"auto\"><span style=\"color: #000080;\">III miejsce: Magdalena Baran z kl. 6c<\/span><\/div>\n<div dir=\"auto\">&nbsp;<\/div>\n<\/div>\n<div class=\"x11i5rnm xat24cr x1mh8g0r x1vvkbs xtlvy1s x126k92a\">\n<div dir=\"auto\"><span style=\"color: #000080;\">Wyr\u00f3\u017cnienia:<\/span><\/div>\n<div dir=\"auto\"><span style=\"color: #000080;\">1. Paula Wilczy\u0144ska z kl. 6a<\/span><\/div>\n<div dir=\"auto\"><span style=\"color: #000080;\">2. Jakub Tomczak z kl. 6a<\/span><\/div>\n<div dir=\"auto\">&nbsp;<\/div>\n<\/div>\n<div class=\"x11i5rnm xat24cr x1mh8g0r x1vvkbs xtlvy1s x126k92a\">\n<div dir=\"auto\"><span style=\"color: #000080;\">Organizatorzy: Anna Karkuszewska, Monika Jako\u015b-W\u00f3r, Marta Lackowska, Edyta Miller-Wiatrowska<\/span><\/div>\n<div dir=\"auto\">\nngg_shortcode_0_placeholder\n<\/div>\n<div dir=\"auto\">&nbsp;<\/div>\n<\/div>\n","protected":false},"excerpt":{"rendered":"<p>Komisja konkursowa w sk\u0142adzie: Anna Karkuszewska, Monika Jako\u015b-W\u00f3r, Marta Lackowska, Edyta Miller-Wiatrowska, nagrodzi\u0142a i wyr\u00f3\u017cni\u0142a nast\u0119puj\u0105cych uczni\u00f3w: &nbsp; Uczniowie klas 1-3 I miejsce: Lena Cierech z klasy 3a II miejsce: Milena Tor z kl. 3a III miejsce: Julia Michalczewska z kl. 3b &nbsp; Wyr\u00f3\u017cnienia: 1. Adrianna Mazurek z kl. 3a 2. Zuzanna Przybylak z kl. [&hellip;]<\/p>\n","protected":false},"author":2,"featured_media":0,"parent":5983,"menu_order":0,"comment_status":"closed","ping_status":"closed","template":"","meta":{"ngg_post_thumbnail":0,"footnotes":""},"class_list":["post-26739","page","type-page","status-publish","hentry"],"_links":{"self":[{"href":"https:\/\/sp1hrubieszow.pl\/index.php\/wp-json\/wp\/v2\/pages\/26739","targetHints":{"allow":["GET"]}}],"collection":[{"href":"https:\/\/sp1hrubieszow.pl\/index.php\/wp-json\/wp\/v2\/pages"}],"about":[{"href":"https:\/\/sp1hrubieszow.pl\/index.php\/wp-json\/wp\/v2\/types\/page"}],"author":[{"embeddable":true,"href":"https:\/\/sp1hrubieszow.pl\/index.php\/wp-json\/wp\/v2\/users\/2"}],"replies":[{"embeddable":true,"href":"https:\/\/sp1hrubieszow.pl\/index.php\/wp-json\/wp\/v2\/comments?post=26739"}],"version-history":[{"count":2,"href":"https:\/\/sp1hrubieszow.pl\/index.php\/wp-json\/wp\/v2\/pages\/26739\/revisions"}],"predecessor-version":[{"id":26753,"href":"https:\/\/sp1hrubieszow.pl\/index.php\/wp-json\/wp\/v2\/pages\/26739\/revisions\/26753"}],"up":[{"embeddable":true,"href":"https:\/\/sp1hrubieszow.pl\/index.php\/wp-json\/wp\/v2\/pages\/5983"}],"wp:attachment":[{"href":"https:\/\/sp1hrubieszow.pl\/index.php\/wp-json\/wp\/v2\/media?parent=26739"}],"curies":[{"name":"wp","href":"https:\/\/api.w.org\/{rel}","templated":true}]}}