{"id":26697,"date":"2024-06-17T20:31:46","date_gmt":"2024-06-17T18:31:46","guid":{"rendered":"https:\/\/sp1hrubieszow.pl\/?page_id=26697"},"modified":"2024-06-17T20:31:46","modified_gmt":"2024-06-17T18:31:46","slug":"czwartoklasisci-na-basenie","status":"publish","type":"page","link":"https:\/\/sp1hrubieszow.pl\/index.php\/kronika-2019-2020\/czwartoklasisci-na-basenie\/","title":{"rendered":"Czwartoklasi\u015bci na basenie"},"content":{"rendered":"\n\n\n<p><span style=\"color: #000080;\">Ostatnie poniedzia\u0142ek przed zako\u0144czeniem roku szkolnego uczniowie klasy 4a i 4b sp\u0119dzili na zabawach wodnych w p\u0142ywalni FALA. \u015amiechom i zabawom nie by\u0142o ko\u0144ca. Do dyspozycji uczni\u00f3w by\u0142 basen, jacuzzi i zje\u017cd\u017calnia. Zm\u0119czeni, ale zadowoleni udali\u015bmy si\u0119 na lody.<\/span><\/p>\nngg_shortcode_0_placeholder\n\n\n","protected":false},"excerpt":{"rendered":"<p>Ostatnie poniedzia\u0142ek przed zako\u0144czeniem roku szkolnego uczniowie klasy 4a i 4b sp\u0119dzili na zabawach wodnych w p\u0142ywalni FALA. \u015amiechom i zabawom nie by\u0142o ko\u0144ca. Do dyspozycji uczni\u00f3w by\u0142 basen, jacuzzi i zje\u017cd\u017calnia. Zm\u0119czeni, ale zadowoleni udali\u015bmy si\u0119 na lody.<\/p>\n","protected":false},"author":4,"featured_media":0,"parent":2167,"menu_order":0,"comment_status":"closed","ping_status":"closed","template":"","meta":{"ngg_post_thumbnail":0,"footnotes":""},"class_list":["post-26697","page","type-page","status-publish","hentry"],"_links":{"self":[{"href":"https:\/\/sp1hrubieszow.pl\/index.php\/wp-json\/wp\/v2\/pages\/26697","targetHints":{"allow":["GET"]}}],"collection":[{"href":"https:\/\/sp1hrubieszow.pl\/index.php\/wp-json\/wp\/v2\/pages"}],"about":[{"href":"https:\/\/sp1hrubieszow.pl\/index.php\/wp-json\/wp\/v2\/types\/page"}],"author":[{"embeddable":true,"href":"https:\/\/sp1hrubieszow.pl\/index.php\/wp-json\/wp\/v2\/users\/4"}],"replies":[{"embeddable":true,"href":"https:\/\/sp1hrubieszow.pl\/index.php\/wp-json\/wp\/v2\/comments?post=26697"}],"version-history":[{"count":1,"href":"https:\/\/sp1hrubieszow.pl\/index.php\/wp-json\/wp\/v2\/pages\/26697\/revisions"}],"predecessor-version":[{"id":26698,"href":"https:\/\/sp1hrubieszow.pl\/index.php\/wp-json\/wp\/v2\/pages\/26697\/revisions\/26698"}],"up":[{"embeddable":true,"href":"https:\/\/sp1hrubieszow.pl\/index.php\/wp-json\/wp\/v2\/pages\/2167"}],"wp:attachment":[{"href":"https:\/\/sp1hrubieszow.pl\/index.php\/wp-json\/wp\/v2\/media?parent=26697"}],"curies":[{"name":"wp","href":"https:\/\/api.w.org\/{rel}","templated":true}]}}