{"id":26555,"date":"2024-06-15T20:31:22","date_gmt":"2024-06-15T18:31:22","guid":{"rendered":"https:\/\/sp1hrubieszow.pl\/?page_id=26555"},"modified":"2024-06-15T20:31:50","modified_gmt":"2024-06-15T18:31:50","slug":"wycieczka-do-zamoscia-2","status":"publish","type":"page","link":"https:\/\/sp1hrubieszow.pl\/index.php\/kronika-2020-2021\/wycieczka-do-zamoscia-2\/","title":{"rendered":"WYCIECZKA DO ZAMO\u015aCIA"},"content":{"rendered":"\n<p><span style=\"color: #000080;\">11.06.2024r. uczniowie klas 1a i 3b pod opiek\u0105 wychowawczy\u0144 i rodzic\u00f3w wzi\u0119li udzia\u0142 w wycieczce do Zamo\u015bcia. Pierwszym punktem programu by\u0142o odwiedzenie zamojskiego ZOO, gdzie dzieci mia\u0142y okazj\u0119 zobaczy\u0107 niespotykane na co dzie\u0144 zwierz\u0119ta.<\/span><\/p>\n<p><span style=\"color: #000080;\">&nbsp;&nbsp;&nbsp;&nbsp;&nbsp;&nbsp;&nbsp;&nbsp;&nbsp;&nbsp;&nbsp; Nast\u0119pnie udali\u015bmy si\u0119 do Parku Trampolin. Po obiedzie w towarzystwie przewodnika pana Grzegorza \u0141api\u0144skiego spacerowali\u015bmy po Rynku Wielkim otoczonym pi\u0119knymi kamieniczkami, widzieli\u015bmy Pomnik Jana Zamoyskiego, Ratusz, Katedr\u0119 oraz zwiedzili\u015bmy Muzeum Fortyfikacji i Broni \u201eArsena\u0142\u201d. Ogromn\u0105 atrakcj\u0105 dla dzieci okaza\u0142 si\u0119 wystrza\u0142 z armaty, kt\u00f3ry zademonstrowa\u0142 pan przewodnik. By\u0142 te\u017c czas na zakup pami\u0105tek i lod\u00f3w.<\/span><\/p>\n<p><span style=\"color: #000080;\">&nbsp;&nbsp;&nbsp;&nbsp;&nbsp;&nbsp;&nbsp;&nbsp;&nbsp;&nbsp;&nbsp; Pomimo ogromnego zm\u0119czenia, wszystkim dopisywa\u0142y humory. Pe\u0142ni wra\u017ce\u0144 <\/span><br><span style=\"color: #000080;\">i niezapomnianych chwil wr\u00f3cili\u015bmy do domu.<\/span><\/p>\nngg_shortcode_0_placeholder\n","protected":false},"excerpt":{"rendered":"<p>11.06.2024r. uczniowie klas 1a i 3b pod opiek\u0105 wychowawczy\u0144 i rodzic\u00f3w wzi\u0119li udzia\u0142 w wycieczce do Zamo\u015bcia. Pierwszym punktem programu by\u0142o odwiedzenie zamojskiego ZOO, gdzie dzieci mia\u0142y okazj\u0119 zobaczy\u0107 niespotykane na co dzie\u0144 zwierz\u0119ta. &nbsp;&nbsp;&nbsp;&nbsp;&nbsp;&nbsp;&nbsp;&nbsp;&nbsp;&nbsp;&nbsp; Nast\u0119pnie udali\u015bmy si\u0119 do Parku Trampolin. Po obiedzie w towarzystwie przewodnika pana Grzegorza \u0141api\u0144skiego spacerowali\u015bmy po Rynku Wielkim otoczonym pi\u0119knymi [&hellip;]<\/p>\n","protected":false},"author":2,"featured_media":0,"parent":5983,"menu_order":0,"comment_status":"closed","ping_status":"closed","template":"","meta":{"ngg_post_thumbnail":0,"footnotes":""},"class_list":["post-26555","page","type-page","status-publish","hentry"],"_links":{"self":[{"href":"https:\/\/sp1hrubieszow.pl\/index.php\/wp-json\/wp\/v2\/pages\/26555","targetHints":{"allow":["GET"]}}],"collection":[{"href":"https:\/\/sp1hrubieszow.pl\/index.php\/wp-json\/wp\/v2\/pages"}],"about":[{"href":"https:\/\/sp1hrubieszow.pl\/index.php\/wp-json\/wp\/v2\/types\/page"}],"author":[{"embeddable":true,"href":"https:\/\/sp1hrubieszow.pl\/index.php\/wp-json\/wp\/v2\/users\/2"}],"replies":[{"embeddable":true,"href":"https:\/\/sp1hrubieszow.pl\/index.php\/wp-json\/wp\/v2\/comments?post=26555"}],"version-history":[{"count":1,"href":"https:\/\/sp1hrubieszow.pl\/index.php\/wp-json\/wp\/v2\/pages\/26555\/revisions"}],"predecessor-version":[{"id":26556,"href":"https:\/\/sp1hrubieszow.pl\/index.php\/wp-json\/wp\/v2\/pages\/26555\/revisions\/26556"}],"up":[{"embeddable":true,"href":"https:\/\/sp1hrubieszow.pl\/index.php\/wp-json\/wp\/v2\/pages\/5983"}],"wp:attachment":[{"href":"https:\/\/sp1hrubieszow.pl\/index.php\/wp-json\/wp\/v2\/media?parent=26555"}],"curies":[{"name":"wp","href":"https:\/\/api.w.org\/{rel}","templated":true}]}}