{"id":26496,"date":"2024-06-11T17:32:08","date_gmt":"2024-06-11T15:32:08","guid":{"rendered":"https:\/\/sp1hrubieszow.pl\/?page_id=26496"},"modified":"2024-06-11T17:35:39","modified_gmt":"2024-06-11T15:35:39","slug":"od-grabskiego-do-balcerowicza-reformatorzy-i-architekci-ladu-gospodarczego","status":"publish","type":"page","link":"https:\/\/sp1hrubieszow.pl\/index.php\/kronika-2020-2021\/od-grabskiego-do-balcerowicza-reformatorzy-i-architekci-ladu-gospodarczego\/","title":{"rendered":"&#8222;Od Grabskiego do Balcerowicza \u2013 reformatorzy i architekci \u0142adu gospodarczego\u201d"},"content":{"rendered":"\n<div class=\"x11i5rnm xat24cr x1mh8g0r x1vvkbs xtlvy1s x126k92a\">\n<div dir=\"auto\"><span style=\"color: #000080;\">11 czerwca uczniowie naszej szko\u0142y wzi\u0119li udzia\u0142 w lekcji online. Podczas tej wyj\u0105tkowej lekcji prof. Leszek Balcerowicz podzieli\u0142 si\u0119 swoim ogromnym do\u015bwiadczeniem w zarz\u0105dzaniu najwi\u0119kszymi wyzwaniami gospodarczymi oraz refleksjami na temat historycznych, jak i wsp\u00f3\u0142czesnych wydarze\u0144 ekonomicznych w Polsce i na \u015bwiecie. Opowiedzia\u0142 r\u00f3wnie\u017c o znaczeniu kluczowych reform gospodarczych i ich wp\u0142ywie na ka\u017cdego z nas, w tym tak\u017ce uczni\u00f3w &#8211; przysz\u0142ych pracodawc\u00f3w, mened\u017cer\u00f3w, pracownik\u00f3w i polityk\u00f3w.<\/span><\/div>\n<\/div>\n<div class=\"x11i5rnm xat24cr x1mh8g0r x1vvkbs xtlvy1s x126k92a\">\n<div dir=\"auto\"><span style=\"color: #000080;\">Monika Jako\u015b-W\u00f3r<\/span><\/div>\n<div dir=\"auto\">\nngg_shortcode_0_placeholder\n<\/div>\n<div dir=\"auto\">&nbsp;<\/div>\n<\/div>\n","protected":false},"excerpt":{"rendered":"<p>11 czerwca uczniowie naszej szko\u0142y wzi\u0119li udzia\u0142 w lekcji online. Podczas tej wyj\u0105tkowej lekcji prof. Leszek Balcerowicz podzieli\u0142 si\u0119 swoim ogromnym do\u015bwiadczeniem w zarz\u0105dzaniu najwi\u0119kszymi wyzwaniami gospodarczymi oraz refleksjami na temat historycznych, jak i wsp\u00f3\u0142czesnych wydarze\u0144 ekonomicznych w Polsce i na \u015bwiecie. Opowiedzia\u0142 r\u00f3wnie\u017c o znaczeniu kluczowych reform gospodarczych i ich wp\u0142ywie na ka\u017cdego z [&hellip;]<\/p>\n","protected":false},"author":2,"featured_media":0,"parent":5983,"menu_order":0,"comment_status":"closed","ping_status":"closed","template":"","meta":{"ngg_post_thumbnail":0,"footnotes":""},"class_list":["post-26496","page","type-page","status-publish","hentry"],"_links":{"self":[{"href":"https:\/\/sp1hrubieszow.pl\/index.php\/wp-json\/wp\/v2\/pages\/26496","targetHints":{"allow":["GET"]}}],"collection":[{"href":"https:\/\/sp1hrubieszow.pl\/index.php\/wp-json\/wp\/v2\/pages"}],"about":[{"href":"https:\/\/sp1hrubieszow.pl\/index.php\/wp-json\/wp\/v2\/types\/page"}],"author":[{"embeddable":true,"href":"https:\/\/sp1hrubieszow.pl\/index.php\/wp-json\/wp\/v2\/users\/2"}],"replies":[{"embeddable":true,"href":"https:\/\/sp1hrubieszow.pl\/index.php\/wp-json\/wp\/v2\/comments?post=26496"}],"version-history":[{"count":2,"href":"https:\/\/sp1hrubieszow.pl\/index.php\/wp-json\/wp\/v2\/pages\/26496\/revisions"}],"predecessor-version":[{"id":26505,"href":"https:\/\/sp1hrubieszow.pl\/index.php\/wp-json\/wp\/v2\/pages\/26496\/revisions\/26505"}],"up":[{"embeddable":true,"href":"https:\/\/sp1hrubieszow.pl\/index.php\/wp-json\/wp\/v2\/pages\/5983"}],"wp:attachment":[{"href":"https:\/\/sp1hrubieszow.pl\/index.php\/wp-json\/wp\/v2\/media?parent=26496"}],"curies":[{"name":"wp","href":"https:\/\/api.w.org\/{rel}","templated":true}]}}