{"id":26409,"date":"2024-06-10T22:18:14","date_gmt":"2024-06-10T20:18:14","guid":{"rendered":"https:\/\/sp1hrubieszow.pl\/?page_id=26409"},"modified":"2024-06-10T22:19:46","modified_gmt":"2024-06-10T20:19:46","slug":"wspomnienia-z-hiszpanii","status":"publish","type":"page","link":"https:\/\/sp1hrubieszow.pl\/index.php\/kronika-2020-2021\/wspomnienia-z-hiszpanii\/","title":{"rendered":"Wspomnienia z Hiszpanii"},"content":{"rendered":"\n<p><span style=\"color: #000080;\"><img loading=\"lazy\" decoding=\"async\" class=\" wp-image-24277 aligncenter\" src=\"http:\/\/sp1hrubieszow.pl\/wp-content\/uploads\/2024\/01\/mobilnosc30-300x40.jpg\" alt=\"\" width=\"578\" height=\"77\" srcset=\"https:\/\/sp1hrubieszow.pl\/wp-content\/uploads\/2024\/01\/mobilnosc30-300x40.jpg 300w, https:\/\/sp1hrubieszow.pl\/wp-content\/uploads\/2024\/01\/mobilnosc30-1024x135.jpg 1024w, https:\/\/sp1hrubieszow.pl\/wp-content\/uploads\/2024\/01\/mobilnosc30-768x102.jpg 768w, https:\/\/sp1hrubieszow.pl\/wp-content\/uploads\/2024\/01\/mobilnosc30-624x83.jpg 624w, https:\/\/sp1hrubieszow.pl\/wp-content\/uploads\/2024\/01\/mobilnosc30.jpg 1384w\" sizes=\"auto, (max-width: 578px) 100vw, 578px\" \/><\/span><\/p>\n<p><span style=\"color: #000080;\">Od 27 maja do 07 czerwca grupa 10 uczni\u00f3w naszej szko\u0142y przebywa\u0142a w Hiszpanii w ramach realizacji projektu &#8222;Zagraniczna mobilno\u015b\u0107 edukacyjna uczni\u00f3w i kadry edukacji szkolnej\u201d realizowanego ze \u015brodk\u00f3w programu FERS na zasadach Programu Erasmus+ sektor Edukacja szkolna, nr projektu: 2022-2-PL01-KA122-SCH-000096582.&nbsp;<\/span><\/p>\n<p><span style=\"color: #000080;\">By\u0142 to czas obfituj\u0105cy w wiele ciekawych do\u015bwiadcze\u0144 oraz prze\u017cy\u0107. Uczniowie uczestniczyli w zaj\u0119ciach lekcyjnych oraz zaprezentowali przygotowan\u0105 przez siebie prezentacj\u0119 o naszej szkole.&nbsp; Mieli okazj\u0119 wypocz\u0105\u0107 nad Morzem \u015ar\u00f3dziemnym, zwiedzi\u0107 przepi\u0119kn\u0105 Granad\u0119 i odwiedzili Muzeum Park Nauki, brali udzia\u0142 w grze terenowej oraz uczyli si\u0119 j\u0119zyka hiszpa\u0144skiego, a tak\u017ce doskonalili znajomo\u015b\u0107 j\u0119zyka angielskiego. <\/span><\/p>\n<p><span style=\"color: #000080;\">W zwi\u0105zku z tym, \u017ce pobyt w Hiszpanii przypada\u0142 w okolicy Bo\u017cego Cia\u0142a, uczestnicy projektu poznali tak\u017ce &#8211; typowe dla tego regionu &#8211; tradycje zwi\u0105zane z uroczystym \u015bwi\u0119towaniem, kt\u00f3re w Granadzie trwa ca\u0142y tydzie\u0144.&nbsp; Poza tym integrowali si\u0119 z r\u00f3wie\u015bnikami z Hiszpanii, dbali o swoj\u0105 aktywno\u015b\u0107 fizyczn\u0105 oraz poznali hiszpa\u0144sk\u0105 kuchni\u0119.&nbsp;<\/span><\/p>\n<p><span style=\"color: #000080;\">Z wyjazdu wszyscy wr\u00f3cili zadowoleni, opaleni oraz pe\u0142ni nowych do\u015bwiadcze\u0144, umiej\u0119tno\u015bci i wra\u017ce\u0144. To by\u0142 bardzo owocnie sp\u0119dzony czas!<\/span><\/p>\nngg_shortcode_0_placeholder\n","protected":false},"excerpt":{"rendered":"<p>Od 27 maja do 07 czerwca grupa 10 uczni\u00f3w naszej szko\u0142y przebywa\u0142a w Hiszpanii w ramach realizacji projektu &#8222;Zagraniczna mobilno\u015b\u0107 edukacyjna uczni\u00f3w i kadry edukacji szkolnej\u201d realizowanego ze \u015brodk\u00f3w programu FERS na zasadach Programu Erasmus+ sektor Edukacja szkolna, nr projektu: 2022-2-PL01-KA122-SCH-000096582.&nbsp; By\u0142 to czas obfituj\u0105cy w wiele ciekawych do\u015bwiadcze\u0144 oraz prze\u017cy\u0107. Uczniowie uczestniczyli w zaj\u0119ciach [&hellip;]<\/p>\n","protected":false},"author":2,"featured_media":0,"parent":5983,"menu_order":0,"comment_status":"closed","ping_status":"closed","template":"","meta":{"ngg_post_thumbnail":0,"footnotes":""},"class_list":["post-26409","page","type-page","status-publish","hentry"],"_links":{"self":[{"href":"https:\/\/sp1hrubieszow.pl\/index.php\/wp-json\/wp\/v2\/pages\/26409","targetHints":{"allow":["GET"]}}],"collection":[{"href":"https:\/\/sp1hrubieszow.pl\/index.php\/wp-json\/wp\/v2\/pages"}],"about":[{"href":"https:\/\/sp1hrubieszow.pl\/index.php\/wp-json\/wp\/v2\/types\/page"}],"author":[{"embeddable":true,"href":"https:\/\/sp1hrubieszow.pl\/index.php\/wp-json\/wp\/v2\/users\/2"}],"replies":[{"embeddable":true,"href":"https:\/\/sp1hrubieszow.pl\/index.php\/wp-json\/wp\/v2\/comments?post=26409"}],"version-history":[{"count":2,"href":"https:\/\/sp1hrubieszow.pl\/index.php\/wp-json\/wp\/v2\/pages\/26409\/revisions"}],"predecessor-version":[{"id":26411,"href":"https:\/\/sp1hrubieszow.pl\/index.php\/wp-json\/wp\/v2\/pages\/26409\/revisions\/26411"}],"up":[{"embeddable":true,"href":"https:\/\/sp1hrubieszow.pl\/index.php\/wp-json\/wp\/v2\/pages\/5983"}],"wp:attachment":[{"href":"https:\/\/sp1hrubieszow.pl\/index.php\/wp-json\/wp\/v2\/media?parent=26409"}],"curies":[{"name":"wp","href":"https:\/\/api.w.org\/{rel}","templated":true}]}}

<p><span style="color: #000080;"><img loading="lazy" decoding="async" class=" wp-image-24277 aligncenter" src="http://sp1hrubieszow.pl/wp-content/uploads/2024/01/mobilnosc30-300x40.jpg" alt="" width="578" height="77" srcset="https://sp1hrubieszow.pl/wp-content/uploads/2024/01/mobilnosc30-300x40.jpg 300w, https://sp1hrubieszow.pl/wp-content/uploads/2024/01/mobilnosc30-1024x135.jpg 1024w, https://sp1hrubieszow.pl/wp-content/uploads/2024/01/mobilnosc30-768x102.jpg 768w, https://sp1hrubieszow.pl/wp-content/uploads/2024/01/mobilnosc30-624x83.jpg 624w, https://sp1hrubieszow.pl/wp-content/uploads/2024/01/mobilnosc30.jpg 1384w" sizes="auto, (max-width: 578px) 100vw, 578px" /></span></p>
<p><span style="color: #000080;">Od 27 maja do 07 czerwca grupa 10 uczniów naszej szkoły przebywała w Hiszpanii w ramach realizacji projektu &#8222;Zagraniczna mobilność edukacyjna uczniów i kadry edukacji szkolnej” realizowanego ze środków programu FERS na zasadach Programu Erasmus+ sektor Edukacja szkolna, nr projektu: 2022-2-PL01-KA122-SCH-000096582.&nbsp;</span></p>
<p><span style="color: #000080;">Był to czas obfitujący w wiele ciekawych doświadczeń oraz przeżyć. Uczniowie uczestniczyli w zajęciach lekcyjnych oraz zaprezentowali przygotowaną przez siebie prezentację o naszej szkole.&nbsp; Mieli okazję wypocząć nad Morzem Śródziemnym, zwiedzić przepiękną Granadę i odwiedzili Muzeum Park Nauki, brali udział w grze terenowej oraz uczyli się języka hiszpańskiego, a także doskonalili znajomość języka angielskiego. </span></p>
<p><span style="color: #000080;">W związku z tym, że pobyt w Hiszpanii przypadał w okolicy Bożego Ciała, uczestnicy projektu poznali także &#8211; typowe dla tego regionu &#8211; tradycje związane z uroczystym świętowaniem, które w Granadzie trwa cały tydzień.&nbsp; Poza tym integrowali się z rówieśnikami z Hiszpanii, dbali o swoją aktywność fizyczną oraz poznali hiszpańską kuchnię.&nbsp;</span></p>
<p><span style="color: #000080;">Z wyjazdu wszyscy wrócili zadowoleni, opaleni oraz pełni nowych doświadczeń, umiejętności i wrażeń. To był bardzo owocnie spędzony czas!</span></p>
ngg_shortcode_0_placeholder

<p>Od 27 maja do 07 czerwca grupa 10 uczniów naszej szkoły przebywała w Hiszpanii w ramach realizacji projektu &#8222;Zagraniczna mobilność edukacyjna uczniów i kadry edukacji szkolnej” realizowanego ze środków programu FERS na zasadach Programu Erasmus+ sektor Edukacja szkolna, nr projektu: 2022-2-PL01-KA122-SCH-000096582.&nbsp; Był to czas obfitujący w wiele ciekawych doświadczeń oraz przeżyć. Uczniowie uczestniczyli w zajęciach [&hellip;]</p>
