{"id":2631,"date":"2019-10-28T20:28:28","date_gmt":"2019-10-28T19:28:28","guid":{"rendered":"http:\/\/sp1.hrubieszow.info\/?page_id=2631"},"modified":"2019-10-28T20:28:48","modified_gmt":"2019-10-28T19:28:48","slug":"slubowanie-klas-pierwszych","status":"publish","type":"page","link":"https:\/\/sp1hrubieszow.pl\/index.php\/kronika-2019-2020\/slubowanie-klas-pierwszych\/","title":{"rendered":"\u015alubowanie klas pierwszych"},"content":{"rendered":"\n<p align=\"JUSTIFY\"><span style=\"font-family: Arial, sans-serif; color: #000080;\">24 pa\u017adziernika 2019 roku w naszej szkole uczniowie klas pierwszych z\u0142o\u017cyli \u015blubowanie, aby zosta\u0107 prawdziwymi uczniami. W uroczysto\u015bci wzi\u0119\u0142a udzia\u0142 Burmistrz Miasta Hrubieszowa \u2013 Pani Marta Majewska oraz Przewodnicz\u0105ca Rady Rodzic\u00f3w \u2013 Pani Monika Panasiewicz. Po cz\u0119\u015bci artystycznej nast\u0105pi\u0142o pasowanie uczni\u00f3w. Dzieci pi\u0119knie si\u0119 zaprezentowa\u0142y i z odwag\u0105 wyst\u0119powa\u0142y przed zaproszonymi go\u015b\u0107mi oraz swoimi rodzicami. <\/span><\/p>\n<p align=\"JUSTIFY\"><span style=\"font-family: Arial, sans-serif; color: #000080;\">Przedstawiciele Samorz\u0105du Uczniowskiego pomogli m\u0142odszym kolegom i kole\u017cankom wej\u015b\u0107 do spo\u0142eczno\u015bci szkolnej. <\/span><\/p>\n<p align=\"JUSTIFY\"><span style=\"font-family: Arial, sans-serif; color: #000080;\">Po zako\u0144czonej uroczysto\u015bci dzieci uda\u0142y si\u0119 do klas na ma\u0142y pocz\u0119stunek.<\/span><\/p>\n<p align=\"JUSTIFY\"><span style=\"font-family: Arial, sans-serif; color: #000080;\">Na pewno by\u0142 to dzie\u0144 pe\u0142en wra\u017ce\u0144 i rado\u015bci.<\/span><\/p>\nngg_shortcode_0_placeholder\n","protected":false},"excerpt":{"rendered":"<p>24 pa\u017adziernika 2019 roku w naszej szkole uczniowie klas pierwszych z\u0142o\u017cyli \u015blubowanie, aby zosta\u0107 prawdziwymi uczniami. W uroczysto\u015bci wzi\u0119\u0142a udzia\u0142 Burmistrz Miasta Hrubieszowa \u2013 Pani Marta Majewska oraz Przewodnicz\u0105ca Rady Rodzic\u00f3w \u2013 Pani Monika Panasiewicz. Po cz\u0119\u015bci artystycznej nast\u0105pi\u0142o pasowanie uczni\u00f3w. Dzieci pi\u0119knie si\u0119 zaprezentowa\u0142y i z odwag\u0105 wyst\u0119powa\u0142y przed zaproszonymi go\u015b\u0107mi oraz swoimi rodzicami. [&hellip;]<\/p>\n","protected":false},"author":2,"featured_media":0,"parent":2167,"menu_order":0,"comment_status":"closed","ping_status":"closed","template":"","meta":{"ngg_post_thumbnail":0,"footnotes":""},"class_list":["post-2631","page","type-page","status-publish","hentry"],"_links":{"self":[{"href":"https:\/\/sp1hrubieszow.pl\/index.php\/wp-json\/wp\/v2\/pages\/2631","targetHints":{"allow":["GET"]}}],"collection":[{"href":"https:\/\/sp1hrubieszow.pl\/index.php\/wp-json\/wp\/v2\/pages"}],"about":[{"href":"https:\/\/sp1hrubieszow.pl\/index.php\/wp-json\/wp\/v2\/types\/page"}],"author":[{"embeddable":true,"href":"https:\/\/sp1hrubieszow.pl\/index.php\/wp-json\/wp\/v2\/users\/2"}],"replies":[{"embeddable":true,"href":"https:\/\/sp1hrubieszow.pl\/index.php\/wp-json\/wp\/v2\/comments?post=2631"}],"version-history":[{"count":1,"href":"https:\/\/sp1hrubieszow.pl\/index.php\/wp-json\/wp\/v2\/pages\/2631\/revisions"}],"predecessor-version":[{"id":2632,"href":"https:\/\/sp1hrubieszow.pl\/index.php\/wp-json\/wp\/v2\/pages\/2631\/revisions\/2632"}],"up":[{"embeddable":true,"href":"https:\/\/sp1hrubieszow.pl\/index.php\/wp-json\/wp\/v2\/pages\/2167"}],"wp:attachment":[{"href":"https:\/\/sp1hrubieszow.pl\/index.php\/wp-json\/wp\/v2\/media?parent=2631"}],"curies":[{"name":"wp","href":"https:\/\/api.w.org\/{rel}","templated":true}]}}