{"id":26267,"date":"2024-05-29T21:30:21","date_gmt":"2024-05-29T19:30:21","guid":{"rendered":"https:\/\/sp1hrubieszow.pl\/?page_id=26267"},"modified":"2024-05-29T21:30:21","modified_gmt":"2024-05-29T19:30:21","slug":"wyjazd-na-kryta-plywalnie-fala","status":"publish","type":"page","link":"https:\/\/sp1hrubieszow.pl\/index.php\/kronika-2019-2020\/wyjazd-na-kryta-plywalnie-fala\/","title":{"rendered":"Wyjazd na kryt\u0105 p\u0142ywalni\u0119 FALA"},"content":{"rendered":"\n<p><span style=\"color: #000080;\">29 maja uczniowie kl. 2b wraz z wychowawc\u0105 Renat\u0105 Pacza\u0142\u0105 i opiekunem rodzicem wzi\u0119li udzia\u0142 w zaj\u0119ciach na krytej p\u0142ywalni FALA. Najwi\u0119ksz\u0105 przyjemno\u015b\u0107 sprawi\u0142a im zje\u017cd\u017calnia, jacuzzi i nauka p\u0142ywania. Dzieci sp\u0119dzi\u0142y mi\u0142o i weso\u0142o czas ze swoimi r\u00f3wie\u015bnikami. Wszyscy \u015bwietnie si\u0119 bawili. Takie zaj\u0119cia powtarzaj\u0105 si\u0119 dwa razy <br>w miesi\u0105cu.<\/span><\/p>\nngg_shortcode_0_placeholder\n","protected":false},"excerpt":{"rendered":"<p>29 maja uczniowie kl. 2b wraz z wychowawc\u0105 Renat\u0105 Pacza\u0142\u0105 i opiekunem rodzicem wzi\u0119li udzia\u0142 w zaj\u0119ciach na krytej p\u0142ywalni FALA. Najwi\u0119ksz\u0105 przyjemno\u015b\u0107 sprawi\u0142a im zje\u017cd\u017calnia, jacuzzi i nauka p\u0142ywania. Dzieci sp\u0119dzi\u0142y mi\u0142o i weso\u0142o czas ze swoimi r\u00f3wie\u015bnikami. Wszyscy \u015bwietnie si\u0119 bawili. Takie zaj\u0119cia powtarzaj\u0105 si\u0119 dwa razy w miesi\u0105cu.<\/p>\n","protected":false},"author":4,"featured_media":0,"parent":2167,"menu_order":0,"comment_status":"closed","ping_status":"closed","template":"","meta":{"ngg_post_thumbnail":0,"footnotes":""},"class_list":["post-26267","page","type-page","status-publish","hentry"],"_links":{"self":[{"href":"https:\/\/sp1hrubieszow.pl\/index.php\/wp-json\/wp\/v2\/pages\/26267","targetHints":{"allow":["GET"]}}],"collection":[{"href":"https:\/\/sp1hrubieszow.pl\/index.php\/wp-json\/wp\/v2\/pages"}],"about":[{"href":"https:\/\/sp1hrubieszow.pl\/index.php\/wp-json\/wp\/v2\/types\/page"}],"author":[{"embeddable":true,"href":"https:\/\/sp1hrubieszow.pl\/index.php\/wp-json\/wp\/v2\/users\/4"}],"replies":[{"embeddable":true,"href":"https:\/\/sp1hrubieszow.pl\/index.php\/wp-json\/wp\/v2\/comments?post=26267"}],"version-history":[{"count":1,"href":"https:\/\/sp1hrubieszow.pl\/index.php\/wp-json\/wp\/v2\/pages\/26267\/revisions"}],"predecessor-version":[{"id":26268,"href":"https:\/\/sp1hrubieszow.pl\/index.php\/wp-json\/wp\/v2\/pages\/26267\/revisions\/26268"}],"up":[{"embeddable":true,"href":"https:\/\/sp1hrubieszow.pl\/index.php\/wp-json\/wp\/v2\/pages\/2167"}],"wp:attachment":[{"href":"https:\/\/sp1hrubieszow.pl\/index.php\/wp-json\/wp\/v2\/media?parent=26267"}],"curies":[{"name":"wp","href":"https:\/\/api.w.org\/{rel}","templated":true}]}}