{"id":26210,"date":"2024-05-23T23:27:44","date_gmt":"2024-05-23T21:27:44","guid":{"rendered":"https:\/\/sp1hrubieszow.pl\/?page_id=26210"},"modified":"2024-05-23T23:27:44","modified_gmt":"2024-05-23T21:27:44","slug":"spotkanie-z-alpakami","status":"publish","type":"page","link":"https:\/\/sp1hrubieszow.pl\/index.php\/kronika-2019-2020\/spotkanie-z-alpakami\/","title":{"rendered":"Spotkanie z alpakami"},"content":{"rendered":"\n<p><span style=\"color: #000080;\">22.05.2024r. rodzice kl. 2b zorganizowali wycieczk\u0119 do Brodzicy. Zaproszeni zostali uczniowie z Okazji Dnia Dziecka wraz z wychowawc\u0105 Renat\u0105 Pacza\u0142\u0105. <br>Brodzica to doskona\u0142e miejsce do wypoczynku w\u015br\u00f3d alpak, kr\u00f3lik\u00f3w, szynszyli <br>i piesk\u00f3w. Dzieci doskonale bawi\u0142y si\u0119 na trampolinie, gra\u0142y w pi\u0142k\u0119, badmintona,&nbsp; chodzi\u0142y po&nbsp; zamku dmuchanym, jad\u0142y grillowan\u0105 kie\u0142bask\u0119. Dzi\u0119ki wsp\u00f3lnemu wyjazdowi mogli\u015bmy lepiej pozna\u0107 si\u0119 nawzajem i nawi\u0105za\u0107 nowe przyja\u017anie. <br>Miejsce to jest doskona\u0142e do odpoczynku na \u0142onie natury w\u015br\u00f3d mi\u0142ych zwierz\u0105t.<\/span><\/p>\nngg_shortcode_0_placeholder\n","protected":false},"excerpt":{"rendered":"<p>22.05.2024r. rodzice kl. 2b zorganizowali wycieczk\u0119 do Brodzicy. Zaproszeni zostali uczniowie z Okazji Dnia Dziecka wraz z wychowawc\u0105 Renat\u0105 Pacza\u0142\u0105. Brodzica to doskona\u0142e miejsce do wypoczynku w\u015br\u00f3d alpak, kr\u00f3lik\u00f3w, szynszyli i piesk\u00f3w. Dzieci doskonale bawi\u0142y si\u0119 na trampolinie, gra\u0142y w pi\u0142k\u0119, badmintona,&nbsp; chodzi\u0142y po&nbsp; zamku dmuchanym, jad\u0142y grillowan\u0105 kie\u0142bask\u0119. Dzi\u0119ki wsp\u00f3lnemu wyjazdowi mogli\u015bmy lepiej pozna\u0107 [&hellip;]<\/p>\n","protected":false},"author":4,"featured_media":0,"parent":2167,"menu_order":0,"comment_status":"closed","ping_status":"closed","template":"","meta":{"ngg_post_thumbnail":0,"footnotes":""},"class_list":["post-26210","page","type-page","status-publish","hentry"],"_links":{"self":[{"href":"https:\/\/sp1hrubieszow.pl\/index.php\/wp-json\/wp\/v2\/pages\/26210","targetHints":{"allow":["GET"]}}],"collection":[{"href":"https:\/\/sp1hrubieszow.pl\/index.php\/wp-json\/wp\/v2\/pages"}],"about":[{"href":"https:\/\/sp1hrubieszow.pl\/index.php\/wp-json\/wp\/v2\/types\/page"}],"author":[{"embeddable":true,"href":"https:\/\/sp1hrubieszow.pl\/index.php\/wp-json\/wp\/v2\/users\/4"}],"replies":[{"embeddable":true,"href":"https:\/\/sp1hrubieszow.pl\/index.php\/wp-json\/wp\/v2\/comments?post=26210"}],"version-history":[{"count":2,"href":"https:\/\/sp1hrubieszow.pl\/index.php\/wp-json\/wp\/v2\/pages\/26210\/revisions"}],"predecessor-version":[{"id":26212,"href":"https:\/\/sp1hrubieszow.pl\/index.php\/wp-json\/wp\/v2\/pages\/26210\/revisions\/26212"}],"up":[{"embeddable":true,"href":"https:\/\/sp1hrubieszow.pl\/index.php\/wp-json\/wp\/v2\/pages\/2167"}],"wp:attachment":[{"href":"https:\/\/sp1hrubieszow.pl\/index.php\/wp-json\/wp\/v2\/media?parent=26210"}],"curies":[{"name":"wp","href":"https:\/\/api.w.org\/{rel}","templated":true}]}}