{"id":25848,"date":"2024-05-05T22:01:55","date_gmt":"2024-05-05T20:01:55","guid":{"rendered":"https:\/\/sp1hrubieszow.pl\/?page_id=25848"},"modified":"2024-05-05T22:02:52","modified_gmt":"2024-05-05T20:02:52","slug":"tydzien-ksiazki-2","status":"publish","type":"page","link":"https:\/\/sp1hrubieszow.pl\/index.php\/kronika-2020-2021\/tydzien-ksiazki-2\/","title":{"rendered":"Tydzie\u0144 Ksi\u0105\u017cki"},"content":{"rendered":"\n<div dir=\"auto\"><span style=\"color: #000080;\">Od 22 do 26 kwietnia w naszej szkole obchodzili\u015bmy Dni Ksi\u0105\u017cki. Na terenie szko\u0142y pojawi\u0142y si\u0119 gazetki i dekoracje tematyczne. Uczniowie klas 1 &#8211; 3 wykonali okoliczno\u015bciowe plakaty. Dzieci z klasy 1b zrobi\u0142y tak\u017ce zak\u0142adki do ksi\u0105\u017cek, a uczniowie klasy 3a brali udzia\u0142 w zaj\u0119ciach z okazji Dnia Ksi\u0105\u017cki, kt\u00f3re odby\u0142y si\u0119 w MBP i kt\u00f3re przeprowadzi\u0142a pani Beata Panasiewicz. Do obchod\u00f3w Dni Ksi\u0105\u017cki w\u0142\u0105czyli si\u0119 tak\u017ce przedstawiciele MSU, kt\u00f3rzy wykonali &#8222;Komiksy na popraw\u0119 humoru&#8221;. Uczniowie klas 4 &#8211; 8 mieli okazje wykona\u0107 tzw. wiersze z odzysku. Ch\u0119tni uczniowie wypowiadali si\u0119 na temat tego, co by by\u0142o gdyby byli ksi\u0105\u017ck\u0105. Ich wypowiedzi zosta\u0142y uwiecznione na nagraniu. W bibliotece szkolnej odby\u0142 si\u0119 quiz o ksi\u0105\u017cce, bibliotece i prawach autorskich, w kt\u00f3rym udzia\u0142 wzi\u0119\u0142a kl.7b z wychowawc\u0105, zaj\u0119cia prowadzi\u0142a p. Sylwia Wojak. Poza tym pracownicy biblioteki przygotowali wystaw\u0119 plakat\u00f3w promuj\u0105cych mi\u0142o\u015b\u0107 do ksi\u0105\u017cek oraz loteri\u0119 ksi\u0105\u017ckow\u0105 i &#8222;randk\u0119 z ksi\u0105\u017ck\u0105&#8221;. W tym wyj\u0105tkowym tygodniu podejmowano wiele innych ciekawych dzia\u0142a\u0144, a wszystko po to, by pokaza\u0107, \u017ce ksi\u0105\u017cki s\u0105 wa\u017cne, ciekawe i s\u0105 naszymi przyjaci\u00f3\u0142mi.<\/span><\/div>\n<div dir=\"auto\"><span style=\"color: #000080;\">organizatorzy: Ma\u0142gorzata Serafin, Anna Czernysz, Marta Lackowska<\/span><\/div>\n<div dir=\"auto\">&nbsp;<\/div>\n<div dir=\"auto\"><a href=\"https:\/\/jedynkahrubieszow-my.sharepoint.com\/:v:\/g\/personal\/a_czernysz_sp1hrubieszow_pl\/ETvqO3kh_SZGjC2HVzhKBH8BPsoTYLFlDSlZXjCMB2SFuw?e=CjLJRK&amp;nav=eyJwbGF5YmFja09wdGlvbnMiOnt9LCJyZWZlcnJhbEluZm8iOnsicmVmZXJyYWxBcHAiOiJPdXRsb29rIiwicmVmZXJyYWxNb2RlIjoibWlzIiwicmVmZXJyYWxWaWV3IjoidmlkZW9hY3Rpb25zLXNoYXJlIiwicmVmZXJyYWxQbGF5YmFja1Nlc3Npb25JZCI6IjViMmFjNGYwLTA1ZTMtNGQxMS04NzExLThmZDBkMzc2NjYwNiJ9fQ%3D%3D\">Projekt bez nazwy.mp4<\/a><\/div>\n<div dir=\"auto\">\nngg_shortcode_0_placeholder\n<\/div>\n","protected":false},"excerpt":{"rendered":"<p>Od 22 do 26 kwietnia w naszej szkole obchodzili\u015bmy Dni Ksi\u0105\u017cki. Na terenie szko\u0142y pojawi\u0142y si\u0119 gazetki i dekoracje tematyczne. Uczniowie klas 1 &#8211; 3 wykonali okoliczno\u015bciowe plakaty. Dzieci z klasy 1b zrobi\u0142y tak\u017ce zak\u0142adki do ksi\u0105\u017cek, a uczniowie klasy 3a brali udzia\u0142 w zaj\u0119ciach z okazji Dnia Ksi\u0105\u017cki, kt\u00f3re odby\u0142y si\u0119 w MBP i [&hellip;]<\/p>\n","protected":false},"author":2,"featured_media":0,"parent":5983,"menu_order":0,"comment_status":"closed","ping_status":"closed","template":"","meta":{"ngg_post_thumbnail":0,"footnotes":""},"class_list":["post-25848","page","type-page","status-publish","hentry"],"_links":{"self":[{"href":"https:\/\/sp1hrubieszow.pl\/index.php\/wp-json\/wp\/v2\/pages\/25848","targetHints":{"allow":["GET"]}}],"collection":[{"href":"https:\/\/sp1hrubieszow.pl\/index.php\/wp-json\/wp\/v2\/pages"}],"about":[{"href":"https:\/\/sp1hrubieszow.pl\/index.php\/wp-json\/wp\/v2\/types\/page"}],"author":[{"embeddable":true,"href":"https:\/\/sp1hrubieszow.pl\/index.php\/wp-json\/wp\/v2\/users\/2"}],"replies":[{"embeddable":true,"href":"https:\/\/sp1hrubieszow.pl\/index.php\/wp-json\/wp\/v2\/comments?post=25848"}],"version-history":[{"count":1,"href":"https:\/\/sp1hrubieszow.pl\/index.php\/wp-json\/wp\/v2\/pages\/25848\/revisions"}],"predecessor-version":[{"id":25849,"href":"https:\/\/sp1hrubieszow.pl\/index.php\/wp-json\/wp\/v2\/pages\/25848\/revisions\/25849"}],"up":[{"embeddable":true,"href":"https:\/\/sp1hrubieszow.pl\/index.php\/wp-json\/wp\/v2\/pages\/5983"}],"wp:attachment":[{"href":"https:\/\/sp1hrubieszow.pl\/index.php\/wp-json\/wp\/v2\/media?parent=25848"}],"curies":[{"name":"wp","href":"https:\/\/api.w.org\/{rel}","templated":true}]}}