{"id":25413,"date":"2024-04-10T19:29:22","date_gmt":"2024-04-10T17:29:22","guid":{"rendered":"https:\/\/sp1hrubieszow.pl\/?page_id=25413"},"modified":"2024-04-11T15:01:51","modified_gmt":"2024-04-11T13:01:51","slug":"miedzyszkolny-konkurs-z-jezyka-angielskiego","status":"publish","type":"page","link":"https:\/\/sp1hrubieszow.pl\/index.php\/kronika-2019-2020\/miedzyszkolny-konkurs-z-jezyka-angielskiego\/","title":{"rendered":"KONKURS MI\u0118DZYSZKOLNY Z J\u0118ZYKA ANGIELSKIEGO"},"content":{"rendered":"\n<p><strong>\u2018ENGLISH GRAMMAR&amp;LEXIS MASTER\u2019 DLA KLAS 4-8<\/strong><\/p>\n\n\n\n<p><span style=\"color: #000080;\">Dnia 04.04.2024 r. w naszej szkole odby\u0142 si\u0119 mi\u0119dzyszkolny konkurs<\/span><br><span style=\"color: #000080;\">&nbsp;z j\u0119zyka angielskiego pt.&nbsp; \u2018English Grammar&amp;Lexis Master\u2019. W konkursie wzi\u0119\u0142o udzia\u0142 \u0142\u0105cznie 45 uczni\u00f3w z trzech szk\u00f3\u0142 podstawowych naszego miasta. Rozstrzygni\u0119cie konkursu nast\u0105pi\u0142o tego samego dnia. Zwyci\u0119zcy konkursu otrzymali nagrody oraz pami\u0105tkowe dyplomy.&nbsp;<\/span><\/p>\n<p><span style=\"color: #000080;\">Oto&nbsp; lista laureat\u00f3w:<\/span><\/p>\n<p><span style=\"color: #000080;\"><u>Klasy 4<\/u>:&nbsp;&nbsp;&nbsp;&nbsp;&nbsp;&nbsp;&nbsp;&nbsp;&nbsp;&nbsp;&nbsp;&nbsp;&nbsp;&nbsp;&nbsp;&nbsp;&nbsp;&nbsp;&nbsp;&nbsp;&nbsp;&nbsp;&nbsp;&nbsp;&nbsp;&nbsp;&nbsp;&nbsp;&nbsp;&nbsp;&nbsp;&nbsp;&nbsp;&nbsp;&nbsp;&nbsp;&nbsp;&nbsp;&nbsp;&nbsp;&nbsp;&nbsp;&nbsp;&nbsp;&nbsp;&nbsp;&nbsp;&nbsp;&nbsp;&nbsp;&nbsp;&nbsp;&nbsp;&nbsp;&nbsp;&nbsp;&nbsp;&nbsp;&nbsp;&nbsp;&nbsp;&nbsp;&nbsp;&nbsp;&nbsp;&nbsp;&nbsp;&nbsp;&nbsp;&nbsp;&nbsp;&nbsp;&nbsp;&nbsp;&nbsp;&nbsp;&nbsp;&nbsp;&nbsp;&nbsp;&nbsp;&nbsp;&nbsp;&nbsp;&nbsp;&nbsp;&nbsp;&nbsp;&nbsp;&nbsp;&nbsp;&nbsp;&nbsp;&nbsp;&nbsp;&nbsp;<\/span><\/p>\n<p><span style=\"color: #000080;\"><strong>I miejsce:<\/strong> Jakub Wo\u017anica \u2013 SP Nr 1<\/span><\/p>\n<p><span style=\"color: #000080;\"><strong>II miejsce:<\/strong> Diana Poninkiewicz \u2013 SP Nr 2<\/span><\/p>\n<p><span style=\"color: #000080;\"><strong>III miejsce<\/strong> <strong>ex aequo<\/strong>: Arkadiusz Dragun &#8211; SP Nr 1<\/span><\/p>\n<p><span style=\"color: #000080;\">&nbsp; &nbsp; &nbsp; &nbsp; &nbsp; &nbsp; &nbsp; &nbsp; &nbsp; &nbsp; &nbsp; &nbsp; &nbsp; &nbsp; &nbsp; &nbsp; &nbsp; &nbsp; &nbsp; &nbsp; Jakubas Giduch &nbsp;\u2013 SP Nr 3<\/span><\/p>\n<p><span style=\"color: #000080;\">&nbsp; &nbsp; &nbsp; &nbsp; &nbsp; &nbsp; &nbsp; &nbsp; &nbsp; &nbsp; &nbsp; &nbsp; &nbsp; &nbsp; &nbsp; &nbsp; &nbsp; &nbsp; &nbsp; &nbsp; Hanna Hojda \u2013 SP Nr 3<\/span><\/p>\n<p><span style=\"color: #000080;\">&nbsp; &nbsp; &nbsp; &nbsp; &nbsp; &nbsp; &nbsp; &nbsp; &nbsp; &nbsp; &nbsp; &nbsp; &nbsp; &nbsp; &nbsp; &nbsp; &nbsp; &nbsp; &nbsp; &nbsp; Hanna Kisielewska SP Nr 1&nbsp;&nbsp;&nbsp;&nbsp;&nbsp;&nbsp;&nbsp;&nbsp;&nbsp;&nbsp;&nbsp;&nbsp;&nbsp; &nbsp;&nbsp;&nbsp;&nbsp;&nbsp;&nbsp;&nbsp;&nbsp;&nbsp;&nbsp;&nbsp;<\/span><\/p>\n<p><span style=\"color: #000080;\"><u>Klasy 5:<\/u><\/span><\/p>\n<p><span style=\"color: #000080;\"><strong>I miejsce<\/strong>: Laura Pluta &nbsp;\u2013 SP&nbsp; Nr 2<\/span><\/p>\n<p><span style=\"color: #000080;\"><strong>II miejsce ex aequo :<\/strong> Wojciech \u0141aba\u0144ski \u2013 SP Nr 3<\/span><\/p>\n<p><span style=\"color: #000080;\">&nbsp; &nbsp; &nbsp; &nbsp; &nbsp; &nbsp; &nbsp; &nbsp; &nbsp; &nbsp; &nbsp; &nbsp; &nbsp; &nbsp; &nbsp; &nbsp; &nbsp; &nbsp; &nbsp; &nbsp; Lena Tywoniuk \u2013 SP Nr 3<\/span><\/p>\n<p><span style=\"color: #000080;\"><strong>III miejsce<\/strong> &nbsp;<strong>ex aequo<\/strong>: Dominik Ba\u0144ka \u2013 SP &nbsp;Nr 2<\/span><\/p>\n<p><span style=\"color: #000080;\">&nbsp; &nbsp; &nbsp; &nbsp; &nbsp; &nbsp; &nbsp; &nbsp; &nbsp; &nbsp; &nbsp; &nbsp; &nbsp; &nbsp; &nbsp; &nbsp; &nbsp; &nbsp; &nbsp; &nbsp; &nbsp;Dominik Lachowski SP Nr 3&nbsp;<\/span><\/p>\n<p><span style=\"color: #000080;\">&nbsp; &nbsp; &nbsp; &nbsp; &nbsp; &nbsp; &nbsp; &nbsp; &nbsp; &nbsp; &nbsp; &nbsp; &nbsp; &nbsp; &nbsp; &nbsp; &nbsp; &nbsp; &nbsp; &nbsp; &nbsp;Gabriel Telicki \u2013 SP Nr 1&nbsp; &nbsp; &nbsp; &nbsp; &nbsp; &nbsp; &nbsp; &nbsp; &nbsp; &nbsp; &nbsp; &nbsp; &nbsp; &nbsp; &nbsp; &nbsp; &nbsp; &nbsp;<\/span><\/p>\n<p><span style=\"color: #000080;\"><u>Klasy 6:<\/u><\/span><\/p>\n<p><span style=\"color: #000080;\"><strong>I miejsce:<\/strong> Gabriela Osma\u0144ska &#8211; SP Nr 2<\/span><\/p>\n<p><span style=\"color: #000080;\"><strong>II miejsce<\/strong>: Iga Gontarz \u2013 SP Nr 3<\/span><\/p>\n<p><span style=\"color: #000080;\"><strong>III miejsce ex aequo <\/strong>: Adam Kocaj \u2013 SP Nr 2<\/span><\/p>\n<p><span style=\"color: #000080;\">&nbsp; &nbsp; &nbsp; &nbsp; &nbsp; &nbsp; &nbsp; &nbsp; &nbsp; &nbsp; &nbsp; &nbsp; &nbsp; &nbsp; &nbsp; &nbsp; &nbsp; &nbsp; &nbsp; &nbsp; Kajetan \u015alepecki SP Nr 3<\/span><\/p>\n<p><span style=\"color: #000080;\"><u>Klasy 7:<\/u><\/span><\/p>\n<p><span style=\"color: #000080;\"><strong>I miejsce:<\/strong> Miko\u0142aj Mi\u015bcior &#8211; SP Nr 3&nbsp;&nbsp;&nbsp;&nbsp;&nbsp;&nbsp;&nbsp;&nbsp;&nbsp;&nbsp;&nbsp;&nbsp;<\/span><\/p>\n<p><span style=\"color: #000080;\"><strong>II miejsce ex aequo <\/strong>: Marcel Kass &#8211; SP Nr 3<\/span><\/p>\n<p><span style=\"color: #000080;\">&nbsp; &nbsp; &nbsp; &nbsp; &nbsp; &nbsp; &nbsp; &nbsp; &nbsp; &nbsp; &nbsp; &nbsp; &nbsp; &nbsp; &nbsp; &nbsp; &nbsp; &nbsp; &nbsp; &nbsp;\u017byra Bart\u0142omiej &#8211; SP Nr 1<\/span><\/p>\n<p><span style=\"color: #000080;\"><strong>III miejsce ex aequo<\/strong>: Wiktoria Dynkiewicz &#8211; SP Nr 1<\/span><\/p>\n<p><span style=\"color: #000080;\">&nbsp; &nbsp; &nbsp; &nbsp; &nbsp; &nbsp; &nbsp; &nbsp; &nbsp; &nbsp; &nbsp; &nbsp; &nbsp; &nbsp; &nbsp; &nbsp; &nbsp; &nbsp; &nbsp; &nbsp; Olizarowski Krystian &#8211; SP Nr 3<\/span><\/p>\n<p><span style=\"color: #000080;\"><u>Klasy 8:<\/u><\/span><\/p>\n<p><span style=\"color: #000080;\"><strong>I miejsce:<\/strong> Izabela Jankowska \u2013 SP Nr 1<\/span><\/p>\n<p><span style=\"color: #000080;\"><strong>II miejsce<\/strong>: Karol W\u00f3jtowicz \u2013 SP Nr 2<\/span><\/p>\n<p><span style=\"color: #000080;\"><strong>III miejsce ex aequo<\/strong>: Patryk Kowalczuk \u2013 SP Nr 3<\/span><\/p>\n<p><span style=\"color: #000080;\">&nbsp; &nbsp; &nbsp; &nbsp; &nbsp; &nbsp; &nbsp; &nbsp; &nbsp; &nbsp; &nbsp; &nbsp; &nbsp; &nbsp; &nbsp; &nbsp; &nbsp; &nbsp; &nbsp; &nbsp;Aleksandra Palichleb \u2013 SP Nr 2<\/span><\/p>\n<p><span style=\"color: #000080;\">&nbsp; &nbsp; &nbsp; &nbsp; &nbsp; &nbsp; &nbsp; &nbsp; &nbsp; &nbsp; &nbsp; &nbsp; &nbsp; &nbsp; &nbsp; &nbsp; &nbsp; &nbsp; &nbsp; &nbsp;Damian Panasiewicz \u2013 SP Nr 1<\/span><\/p>\nngg_shortcode_0_placeholder\n","protected":false},"excerpt":{"rendered":"<p>\u2018ENGLISH GRAMMAR&amp;LEXIS MASTER\u2019 DLA KLAS 4-8 Dnia 04.04.2024 r. w naszej szkole odby\u0142 si\u0119 mi\u0119dzyszkolny konkurs&nbsp;z j\u0119zyka angielskiego pt.&nbsp; \u2018English Grammar&amp;Lexis Master\u2019. W konkursie wzi\u0119\u0142o udzia\u0142 \u0142\u0105cznie 45 uczni\u00f3w z trzech szk\u00f3\u0142 podstawowych naszego miasta. Rozstrzygni\u0119cie konkursu nast\u0105pi\u0142o tego samego dnia. Zwyci\u0119zcy konkursu otrzymali nagrody oraz pami\u0105tkowe dyplomy.&nbsp; Oto&nbsp; lista laureat\u00f3w: Klasy 4:&nbsp;&nbsp;&nbsp;&nbsp;&nbsp;&nbsp;&nbsp;&nbsp;&nbsp;&nbsp;&nbsp;&nbsp;&nbsp;&nbsp;&nbsp;&nbsp;&nbsp;&nbsp;&nbsp;&nbsp;&nbsp;&nbsp;&nbsp;&nbsp;&nbsp;&nbsp;&nbsp;&nbsp;&nbsp;&nbsp;&nbsp;&nbsp;&nbsp;&nbsp;&nbsp;&nbsp;&nbsp;&nbsp;&nbsp;&nbsp;&nbsp;&nbsp;&nbsp;&nbsp;&nbsp;&nbsp;&nbsp;&nbsp;&nbsp;&nbsp;&nbsp;&nbsp;&nbsp;&nbsp;&nbsp;&nbsp;&nbsp;&nbsp;&nbsp;&nbsp;&nbsp;&nbsp;&nbsp;&nbsp;&nbsp;&nbsp;&nbsp;&nbsp;&nbsp;&nbsp;&nbsp;&nbsp;&nbsp;&nbsp;&nbsp;&nbsp;&nbsp;&nbsp;&nbsp;&nbsp;&nbsp;&nbsp;&nbsp;&nbsp;&nbsp;&nbsp;&nbsp;&nbsp;&nbsp;&nbsp;&nbsp;&nbsp;&nbsp;&nbsp;&nbsp;&nbsp; I miejsce: [&hellip;]<\/p>\n","protected":false},"author":4,"featured_media":0,"parent":2167,"menu_order":0,"comment_status":"closed","ping_status":"closed","template":"","meta":{"ngg_post_thumbnail":0,"footnotes":""},"class_list":["post-25413","page","type-page","status-publish","hentry"],"_links":{"self":[{"href":"https:\/\/sp1hrubieszow.pl\/index.php\/wp-json\/wp\/v2\/pages\/25413","targetHints":{"allow":["GET"]}}],"collection":[{"href":"https:\/\/sp1hrubieszow.pl\/index.php\/wp-json\/wp\/v2\/pages"}],"about":[{"href":"https:\/\/sp1hrubieszow.pl\/index.php\/wp-json\/wp\/v2\/types\/page"}],"author":[{"embeddable":true,"href":"https:\/\/sp1hrubieszow.pl\/index.php\/wp-json\/wp\/v2\/users\/4"}],"replies":[{"embeddable":true,"href":"https:\/\/sp1hrubieszow.pl\/index.php\/wp-json\/wp\/v2\/comments?post=25413"}],"version-history":[{"count":2,"href":"https:\/\/sp1hrubieszow.pl\/index.php\/wp-json\/wp\/v2\/pages\/25413\/revisions"}],"predecessor-version":[{"id":25419,"href":"https:\/\/sp1hrubieszow.pl\/index.php\/wp-json\/wp\/v2\/pages\/25413\/revisions\/25419"}],"up":[{"embeddable":true,"href":"https:\/\/sp1hrubieszow.pl\/index.php\/wp-json\/wp\/v2\/pages\/2167"}],"wp:attachment":[{"href":"https:\/\/sp1hrubieszow.pl\/index.php\/wp-json\/wp\/v2\/media?parent=25413"}],"curies":[{"name":"wp","href":"https:\/\/api.w.org\/{rel}","templated":true}]}}